{"id":12256,"date":"2024-04-30T12:23:10","date_gmt":"2024-04-30T10:23:10","guid":{"rendered":"https:\/\/www.pcmadrid.es\/tienda\/?post_type=product&#038;p=12256"},"modified":"2025-05-09T10:49:57","modified_gmt":"2025-05-09T08:49:57","slug":"cambio-pantalla-iphone-recogida-entrega","status":"publish","type":"product","link":"https:\/\/www.pcmadrid.es\/tienda\/producto\/cambio-pantalla-iphone-recogida-entrega\/","title":{"rendered":"Cambio de Pantalla iPhone con Recogida y Entrega"},"content":{"rendered":"<h2><\/h2>\n<h2><span style=\"color: #808080;\">Cambio de pantalla iPhone con repuestos de alta calidad. Recogidas a toda Espa\u00f1a<\/span><\/h2>\n<p>Si tu iPhone ha sufrido un golpe o ca\u00edda y esto ha afectado a la pantalla, ya sea solamente el panel t\u00e1ctil y\/o tambi\u00e9n el LCD, realizamos el cambio de la pantalla completa para <em><a href=\"https:\/\/www.apple.com\/es\/iphone\/\" target=\"_blank\" rel=\"noopener\">todos los modelos de iPhone<\/a><\/em> con una pantalla compatible de alta calidad. Recogemos el dispositivo en tu domicilio y, una vez reparado, te lo volvemos a enviar a trav\u00e9s de MRW.<strong> \u00a1Promo online con Env\u00edo GRATIS y Cristal templado de regalo!<\/strong><\/p>\n<ul>\n<li>En los tel\u00e9fonos de Apple<strong> es recomendable sustituir la pantalla completa del iPhone aunque solamente se haya roto el panel t\u00e1ctil<\/strong>, ya que pese a estar compuesta de un panel LCD y un panel t\u00e1ctil, estos van sellados y no son reparables de manera independiente.<\/li>\n<li>Cambiamos la pantalla de tu iPhone con <strong>repuestos compatibles de alta calidad o de calidad original<\/strong>. Si tu iPhone ha sufrido un golpe o ca\u00edda y esto ha afectado a la pantalla, ya sea solamente <strong>el panel t\u00e1ctil y\/o tambi\u00e9n el LCD<\/strong>, realizamos el cambio de la pantalla completa para todos los modelos de iPhone.<\/li>\n<\/ul>\n<h3><\/h3>\n<h3><span style=\"color: #808080;\">Detalles del servicio de cambio pantalla iPhone<\/span><\/h3>\n<ul>\n<li>Este producto incluye la pantalla completa compatible de Calidad A+ o de calidad original para tu modelo de iPhone, la mano de obra, el IVA y <span style=\"color: #99cc00;\"><strong>un cristal templado de regalo para proteger tu tel\u00e9fono<\/strong><\/span>, evitando as\u00ed futuras roturas de pantalla en la medida de lo posible. <strong>\u00a1Ahora con recogida y env\u00edo GRATIS!<\/strong><\/li>\n<li>Utilizamos <strong>pantallas de alta calidad en nuestras reparaciones:<\/strong> puedes seleccionar entre una pantalla compatible de alta calidad o una pantalla de calidad similar a la pantalla original para el cambio de pantalla de tu iPhone.<\/li>\n<li>Si tienes alguna duda puedes contactar con nosotros por tel\u00e9fono o <span style=\"color: #99cc00;\"><strong><a style=\"color: #99cc00;\" href=\"https:\/\/www.pcmadrid.es\/contacto\/\">mediante este formulario.<\/a><\/strong><\/span><\/li>\n<\/ul>\n<h3><\/h3>\n<h3><img data-recalc-dims=\"1\" loading=\"lazy\" decoding=\"async\" class=\"size-full wp-image-12319 alignnone\" src=\"https:\/\/i0.wp.com\/www.pcmadrid.es\/tienda\/wp-content\/uploads\/2024\/04\/cambio-de-pantalla-iphone-todos-los-modelos.jpg?resize=1000%2C666&#038;ssl=1\" alt=\"cambio de pantalla iphone todos los modelos\" width=\"1000\" height=\"666\" srcset=\"https:\/\/www.pcmadrid.es\/tienda\/wp-content\/uploads\/2024\/04\/cambio-de-pantalla-iphone-todos-los-modelos.jpg 1000w, https:\/\/www.pcmadrid.es\/tienda\/wp-content\/uploads\/2024\/04\/cambio-de-pantalla-iphone-todos-los-modelos-980x653.jpg 980w, https:\/\/www.pcmadrid.es\/tienda\/wp-content\/uploads\/2024\/04\/cambio-de-pantalla-iphone-todos-los-modelos-480x320.jpg 480w\" sizes=\"(min-width: 0px) and (max-width: 480px) 480px, (min-width: 481px) and (max-width: 980px) 980px, (min-width: 981px) 1000px, 100vw\" \/><\/h3>\n<h3><\/h3>\n<h3><\/h3>\n<h3><span style=\"color: #808080;\">Tiempo de reparaci\u00f3n, recogida y env\u00edo<\/span><\/h3>\n<ul>\n<li>Realizaremos la recogida con el servicio 24h de MRW y una vez realizada la reparaci\u00f3n, lo devolveremos al domicilio indicado de nuevo a trav\u00e9s del servicio 24h de MRW.<\/li>\n<li>El servicio de cambiar pantalla iPhone en nuestros talleres se realiza <strong>en el mismo d\u00eda<\/strong> de la recepci\u00f3n del equipo. <strong><span style=\"color: #99cc00;\">En el caso de env\u00edos y recogidas<\/span> <\/strong>hay que tener en cuenta el tiempo de recogida (24h) y entrega (24h) de MRW (el servicio 24h de MRW puede variar en funci\u00f3n de la fecha, los d\u00edas laborables o festivos nacionales y regionales).<\/li>\n<li><strong>IMPORTANTE:<\/strong> el cliente debe de preparar el env\u00edo del terminal, <span style=\"color: #ff0000;\"><strong>embalando el producto correctamente<\/strong> <\/span>para que quede acolchado y protegido dentro de su caja de env\u00edo, evitando as\u00ed que pueda sufrir cualquier da\u00f1o en el transporte.<\/li>\n<\/ul>\n<h3><\/h3>\n<h3><span style=\"color: #808080;\">Garant\u00eda y condiciones de reparaci\u00f3n de pantalla iPhone<br \/>\n<\/span><\/h3>\n<ul>\n<li>Nuestros cambios de pantalla tienen una garant\u00eda de 1 a\u00f1o, esta garant\u00eda cubre el correcto montaje y la pantalla del dispositivo por un posible defecto de f\u00e1brica, en ning\u00fan caso cubre la rotura del panel por golpe, ca\u00edda o humedad interna en el terminal. Tampoco cubre otras futuras aver\u00edas del terminal diferentes al panel t\u00e1ctil+LCD sustituido.<\/li>\n<li>En el caso de <strong>recibir un terminal que tenga una aver\u00eda diferente, o no sea reparable<\/strong>, nuestros t\u00e9cnicos se pondr\u00e1n en contacto contigo para informarte de las posibles soluciones. En este caso, si el cliente decide no reparar el dispositivo, no deber\u00e1 abonar nada por el diagnostico o presupuesto, solamente tendr\u00e1 que hacerse cargo de los portes.<\/li>\n<li>Para cambios de pantalla en modelos de iPhone sin stock: iPhone 13 Pro calidad alta, iPhone 14 Pro, iPhone 14 Pro Max y iPhone 15: consultar disponibilidad en el <strong><a href=\"tel:911397078\">911397078<\/a><\/strong>.<\/li>\n<\/ul>\n<h3><\/h3>\n<h3><span style=\"color: #808080;\">Oferta temporal de cambio de pantalla para iPhone<\/span><\/h3>\n<p>Adem\u00e1s, ahora con el cambio de pantalla compatible para tu iPhone<strong> el env\u00edo es GRATIS y te regalamos un cristal templado para proteger tu iPhone (promoci\u00f3n v\u00e1lida solamente para compras online).<br \/>\n<\/strong><\/p>\n","protected":false},"excerpt":{"rendered":"<h2><span style=\"color: #808080;\">\u00a1Oferta en cambio de pantalla iPhone!<br \/>\n<\/span><\/h2>\n<p>Cambio de la pantalla completa para todos los modelos de iPhone con respuestos de alta calidad. Recogida y entrega a domicilio 24h MRW.<span style=\"color: #99cc00;\"><strong> \u00a1Promo online con Env\u00edo GRATIS y Cristal templado de regalo!<\/strong><\/span><\/p>\n","protected":false},"featured_media":12318,"comment_status":"open","ping_status":"closed","template":"","meta":{"_et_pb_use_builder":"","_et_pb_old_content":"","_et_gb_content_width":""},"product_brand":[],"product_cat":[98,91],"product_tag":[],"class_list":{"0":"post-12256","1":"product","2":"type-product","3":"status-publish","4":"has-post-thumbnail","6":"product_cat-reparaciones","7":"product_cat-reparaciones-iphone","8":"product_shipping_class-gratis","10":"first","11":"instock","12":"sale","13":"taxable","14":"shipping-taxable","15":"purchasable","16":"product-type-variable"},"yoast_head":"<!-- This site is optimized with the Yoast SEO plugin v27.5 - https:\/\/yoast.com\/product\/yoast-seo-wordpress\/ -->\n<title>Cambio de Pantalla iPhone con Recogida y Entrega | Tienda PCMADRID Inform\u00e1tica |<\/title>\n<meta name=\"description\" content=\"Cambio de pantalla iPhone alta calidad. Arreglamos tu iPhone con y recogida y entrega a domicilio. \u00a1Cristal templado de regalo! \u00a1Env\u00edo GRATIS! \ud83c\udf4f\" \/>\n<meta name=\"robots\" content=\"index, follow, max-snippet:-1, max-image-preview:large, max-video-preview:-1\" \/>\n<link rel=\"canonical\" href=\"https:\/\/www.pcmadrid.es\/tienda\/producto\/cambio-pantalla-iphone-recogida-entrega\/\" \/>\n<meta name=\"twitter:label1\" content=\"Tiempo de lectura\" \/>\n\t<meta name=\"twitter:data1\" content=\"4 minutos\" \/>\n<script type=\"application\/ld+json\" class=\"yoast-schema-graph\">{\"@context\":\"https:\\\/\\\/schema.org\",\"@graph\":[{\"@type\":\"WebPage\",\"@id\":\"https:\\\/\\\/www.pcmadrid.es\\\/tienda\\\/producto\\\/cambio-pantalla-iphone-recogida-entrega\\\/\",\"url\":\"https:\\\/\\\/www.pcmadrid.es\\\/tienda\\\/producto\\\/cambio-pantalla-iphone-recogida-entrega\\\/\",\"name\":\"Cambio de Pantalla iPhone con Recogida y Entrega | Tienda PCMADRID Inform\u00e1tica |\",\"isPartOf\":{\"@id\":\"https:\\\/\\\/www.pcmadrid.es\\\/tienda\\\/#website\"},\"primaryImageOfPage\":{\"@id\":\"https:\\\/\\\/www.pcmadrid.es\\\/tienda\\\/producto\\\/cambio-pantalla-iphone-recogida-entrega\\\/#primaryimage\"},\"image\":{\"@id\":\"https:\\\/\\\/www.pcmadrid.es\\\/tienda\\\/producto\\\/cambio-pantalla-iphone-recogida-entrega\\\/#primaryimage\"},\"thumbnailUrl\":\"https:\\\/\\\/i0.wp.com\\\/www.pcmadrid.es\\\/tienda\\\/wp-content\\\/uploads\\\/2024\\\/04\\\/cambio-pantalla-iphone.webp?fit=575%2C575&ssl=1\",\"datePublished\":\"2024-04-30T10:23:10+00:00\",\"dateModified\":\"2025-05-09T08:49:57+00:00\",\"description\":\"Cambio de pantalla iPhone alta calidad. Arreglamos tu iPhone con y recogida y entrega a domicilio. \u00a1Cristal templado de regalo! \u00a1Env\u00edo GRATIS! \ud83c\udf4f\",\"breadcrumb\":{\"@id\":\"https:\\\/\\\/www.pcmadrid.es\\\/tienda\\\/producto\\\/cambio-pantalla-iphone-recogida-entrega\\\/#breadcrumb\"},\"inLanguage\":\"es\",\"potentialAction\":[{\"@type\":\"ReadAction\",\"target\":[\"https:\\\/\\\/www.pcmadrid.es\\\/tienda\\\/producto\\\/cambio-pantalla-iphone-recogida-entrega\\\/\"]}]},{\"@type\":\"ImageObject\",\"inLanguage\":\"es\",\"@id\":\"https:\\\/\\\/www.pcmadrid.es\\\/tienda\\\/producto\\\/cambio-pantalla-iphone-recogida-entrega\\\/#primaryimage\",\"url\":\"https:\\\/\\\/i0.wp.com\\\/www.pcmadrid.es\\\/tienda\\\/wp-content\\\/uploads\\\/2024\\\/04\\\/cambio-pantalla-iphone.webp?fit=575%2C575&ssl=1\",\"contentUrl\":\"https:\\\/\\\/i0.wp.com\\\/www.pcmadrid.es\\\/tienda\\\/wp-content\\\/uploads\\\/2024\\\/04\\\/cambio-pantalla-iphone.webp?fit=575%2C575&ssl=1\",\"width\":575,\"height\":575,\"caption\":\"Cambio de pantalla iphone a domicilio\"},{\"@type\":\"BreadcrumbList\",\"@id\":\"https:\\\/\\\/www.pcmadrid.es\\\/tienda\\\/producto\\\/cambio-pantalla-iphone-recogida-entrega\\\/#breadcrumb\",\"itemListElement\":[{\"@type\":\"ListItem\",\"position\":1,\"name\":\"Portada\",\"item\":\"https:\\\/\\\/www.pcmadrid.es\\\/tienda\\\/\"},{\"@type\":\"ListItem\",\"position\":2,\"name\":\"Todos los productos\",\"item\":\"https:\\\/\\\/www.pcmadrid.es\\\/tienda\\\/todos-los-productos\\\/\"},{\"@type\":\"ListItem\",\"position\":3,\"name\":\"Cambio de Pantalla iPhone con Recogida y Entrega\"}]},{\"@type\":\"WebSite\",\"@id\":\"https:\\\/\\\/www.pcmadrid.es\\\/tienda\\\/#website\",\"url\":\"https:\\\/\\\/www.pcmadrid.es\\\/tienda\\\/\",\"name\":\"Tienda PCMADRID\",\"description\":\"Venta y reparaciones de ordenadores\",\"publisher\":{\"@id\":\"https:\\\/\\\/www.pcmadrid.es\\\/tienda\\\/#organization\"},\"potentialAction\":[{\"@type\":\"SearchAction\",\"target\":{\"@type\":\"EntryPoint\",\"urlTemplate\":\"https:\\\/\\\/www.pcmadrid.es\\\/tienda\\\/?s={search_term_string}\"},\"query-input\":{\"@type\":\"PropertyValueSpecification\",\"valueRequired\":true,\"valueName\":\"search_term_string\"}}],\"inLanguage\":\"es\"},{\"@type\":\"Organization\",\"@id\":\"https:\\\/\\\/www.pcmadrid.es\\\/tienda\\\/#organization\",\"name\":\"PCMADRID\",\"url\":\"https:\\\/\\\/www.pcmadrid.es\\\/tienda\\\/\",\"logo\":{\"@type\":\"ImageObject\",\"inLanguage\":\"es\",\"@id\":\"https:\\\/\\\/www.pcmadrid.es\\\/tienda\\\/#\\\/schema\\\/logo\\\/image\\\/\",\"url\":\"https:\\\/\\\/www.pcmadrid.es\\\/tienda\\\/wp-content\\\/uploads\\\/2019\\\/10\\\/pcmadridlogo..png\",\"contentUrl\":\"https:\\\/\\\/www.pcmadrid.es\\\/tienda\\\/wp-content\\\/uploads\\\/2019\\\/10\\\/pcmadridlogo..png\",\"width\":750,\"height\":300,\"caption\":\"PCMADRID\"},\"image\":{\"@id\":\"https:\\\/\\\/www.pcmadrid.es\\\/tienda\\\/#\\\/schema\\\/logo\\\/image\\\/\"},\"sameAs\":[\"https:\\\/\\\/www.facebook.com\\\/pcmadridinformatica\",\"https:\\\/\\\/x.com\\\/pc_madrid\",\"https:\\\/\\\/www.youtube.com\\\/channel\\\/UCIbQq9k6BBrU5x2wqDIHr7A\",\"https:\\\/\\\/www.instagram.com\\\/pcmadrid_informatica\\\/?hl=es\",\"https:\\\/\\\/www.linkedin.com\\\/company\\\/9348326\\\/admin\\\/\",\"https:\\\/\\\/www.pinterest.es\\\/pcmadrid_informatica\\\/\"]}]}<\/script>\n<!-- \/ Yoast SEO plugin. -->","yoast_head_json":{"title":"Cambio de Pantalla iPhone con Recogida y Entrega | Tienda PCMADRID Inform\u00e1tica |","description":"Cambio de pantalla iPhone alta calidad. Arreglamos tu iPhone con y recogida y entrega a domicilio. \u00a1Cristal templado de regalo! \u00a1Env\u00edo GRATIS! \ud83c\udf4f","robots":{"index":"index","follow":"follow","max-snippet":"max-snippet:-1","max-image-preview":"max-image-preview:large","max-video-preview":"max-video-preview:-1"},"canonical":"https:\/\/www.pcmadrid.es\/tienda\/producto\/cambio-pantalla-iphone-recogida-entrega\/","twitter_misc":{"Tiempo de lectura":"4 minutos"},"schema":{"@context":"https:\/\/schema.org","@graph":[{"@type":"WebPage","@id":"https:\/\/www.pcmadrid.es\/tienda\/producto\/cambio-pantalla-iphone-recogida-entrega\/","url":"https:\/\/www.pcmadrid.es\/tienda\/producto\/cambio-pantalla-iphone-recogida-entrega\/","name":"Cambio de Pantalla iPhone con Recogida y Entrega | Tienda PCMADRID Inform\u00e1tica |","isPartOf":{"@id":"https:\/\/www.pcmadrid.es\/tienda\/#website"},"primaryImageOfPage":{"@id":"https:\/\/www.pcmadrid.es\/tienda\/producto\/cambio-pantalla-iphone-recogida-entrega\/#primaryimage"},"image":{"@id":"https:\/\/www.pcmadrid.es\/tienda\/producto\/cambio-pantalla-iphone-recogida-entrega\/#primaryimage"},"thumbnailUrl":"https:\/\/i0.wp.com\/www.pcmadrid.es\/tienda\/wp-content\/uploads\/2024\/04\/cambio-pantalla-iphone.webp?fit=575%2C575&ssl=1","datePublished":"2024-04-30T10:23:10+00:00","dateModified":"2025-05-09T08:49:57+00:00","description":"Cambio de pantalla iPhone alta calidad. Arreglamos tu iPhone con y recogida y entrega a domicilio. \u00a1Cristal templado de regalo! \u00a1Env\u00edo GRATIS! \ud83c\udf4f","breadcrumb":{"@id":"https:\/\/www.pcmadrid.es\/tienda\/producto\/cambio-pantalla-iphone-recogida-entrega\/#breadcrumb"},"inLanguage":"es","potentialAction":[{"@type":"ReadAction","target":["https:\/\/www.pcmadrid.es\/tienda\/producto\/cambio-pantalla-iphone-recogida-entrega\/"]}]},{"@type":"ImageObject","inLanguage":"es","@id":"https:\/\/www.pcmadrid.es\/tienda\/producto\/cambio-pantalla-iphone-recogida-entrega\/#primaryimage","url":"https:\/\/i0.wp.com\/www.pcmadrid.es\/tienda\/wp-content\/uploads\/2024\/04\/cambio-pantalla-iphone.webp?fit=575%2C575&ssl=1","contentUrl":"https:\/\/i0.wp.com\/www.pcmadrid.es\/tienda\/wp-content\/uploads\/2024\/04\/cambio-pantalla-iphone.webp?fit=575%2C575&ssl=1","width":575,"height":575,"caption":"Cambio de pantalla iphone a domicilio"},{"@type":"BreadcrumbList","@id":"https:\/\/www.pcmadrid.es\/tienda\/producto\/cambio-pantalla-iphone-recogida-entrega\/#breadcrumb","itemListElement":[{"@type":"ListItem","position":1,"name":"Portada","item":"https:\/\/www.pcmadrid.es\/tienda\/"},{"@type":"ListItem","position":2,"name":"Todos los productos","item":"https:\/\/www.pcmadrid.es\/tienda\/todos-los-productos\/"},{"@type":"ListItem","position":3,"name":"Cambio de Pantalla iPhone con Recogida y Entrega"}]},{"@type":"WebSite","@id":"https:\/\/www.pcmadrid.es\/tienda\/#website","url":"https:\/\/www.pcmadrid.es\/tienda\/","name":"Tienda PCMADRID","description":"Venta y reparaciones de ordenadores","publisher":{"@id":"https:\/\/www.pcmadrid.es\/tienda\/#organization"},"potentialAction":[{"@type":"SearchAction","target":{"@type":"EntryPoint","urlTemplate":"https:\/\/www.pcmadrid.es\/tienda\/?s={search_term_string}"},"query-input":{"@type":"PropertyValueSpecification","valueRequired":true,"valueName":"search_term_string"}}],"inLanguage":"es"},{"@type":"Organization","@id":"https:\/\/www.pcmadrid.es\/tienda\/#organization","name":"PCMADRID","url":"https:\/\/www.pcmadrid.es\/tienda\/","logo":{"@type":"ImageObject","inLanguage":"es","@id":"https:\/\/www.pcmadrid.es\/tienda\/#\/schema\/logo\/image\/","url":"https:\/\/www.pcmadrid.es\/tienda\/wp-content\/uploads\/2019\/10\/pcmadridlogo..png","contentUrl":"https:\/\/www.pcmadrid.es\/tienda\/wp-content\/uploads\/2019\/10\/pcmadridlogo..png","width":750,"height":300,"caption":"PCMADRID"},"image":{"@id":"https:\/\/www.pcmadrid.es\/tienda\/#\/schema\/logo\/image\/"},"sameAs":["https:\/\/www.facebook.com\/pcmadridinformatica","https:\/\/x.com\/pc_madrid","https:\/\/www.youtube.com\/channel\/UCIbQq9k6BBrU5x2wqDIHr7A","https:\/\/www.instagram.com\/pcmadrid_informatica\/?hl=es","https:\/\/www.linkedin.com\/company\/9348326\/admin\/","https:\/\/www.pinterest.es\/pcmadrid_informatica\/"]}]}},"jetpack_sharing_enabled":true,"_links":{"self":[{"href":"https:\/\/www.pcmadrid.es\/tienda\/wp-json\/wp\/v2\/product\/12256","targetHints":{"allow":["GET"]}}],"collection":[{"href":"https:\/\/www.pcmadrid.es\/tienda\/wp-json\/wp\/v2\/product"}],"about":[{"href":"https:\/\/www.pcmadrid.es\/tienda\/wp-json\/wp\/v2\/types\/product"}],"replies":[{"embeddable":true,"href":"https:\/\/www.pcmadrid.es\/tienda\/wp-json\/wp\/v2\/comments?post=12256"}],"wp:featuredmedia":[{"embeddable":true,"href":"https:\/\/www.pcmadrid.es\/tienda\/wp-json\/wp\/v2\/media\/12318"}],"wp:attachment":[{"href":"https:\/\/www.pcmadrid.es\/tienda\/wp-json\/wp\/v2\/media?parent=12256"}],"wp:term":[{"taxonomy":"product_brand","embeddable":true,"href":"https:\/\/www.pcmadrid.es\/tienda\/wp-json\/wp\/v2\/product_brand?post=12256"},{"taxonomy":"product_cat","embeddable":true,"href":"https:\/\/www.pcmadrid.es\/tienda\/wp-json\/wp\/v2\/product_cat?post=12256"},{"taxonomy":"product_tag","embeddable":true,"href":"https:\/\/www.pcmadrid.es\/tienda\/wp-json\/wp\/v2\/product_tag?post=12256"}],"curies":[{"name":"wp","href":"https:\/\/api.w.org\/{rel}","templated":true}]}}