{"id":12646,"date":"2024-05-12T21:20:09","date_gmt":"2024-05-12T19:20:09","guid":{"rendered":"https:\/\/www.pcmadrid.es\/tienda\/producto\/portatil-gaming-asus-tuf-gaming-a15-tuf506nc-hn013-ryzen-5-7535hs-16gb-512gb-ssd-geforce-rtx-3050-15-6-sin-sistema-operativo\/"},"modified":"2025-05-09T10:50:01","modified_gmt":"2025-05-09T08:50:01","slug":"portatil-gaming-asus-tuf-gaming-a15-tuf506nc-hn013-ryzen-5-7535hs-16gb-512gb-ssd-geforce-rtx-3050-15-6-sin-sistema-operativo","status":"publish","type":"product","link":"https:\/\/www.pcmadrid.es\/tienda\/producto\/portatil-gaming-asus-tuf-gaming-a15-tuf506nc-hn013-ryzen-5-7535hs-16gb-512gb-ssd-geforce-rtx-3050-15-6-sin-sistema-operativo\/","title":{"rendered":"Port\u00e1til Gaming Asus TUF Gaming A15 TUF506NC-HN013 Ryzen 5 7535HS\/ 16GB\/ 512GB SSD\/ GeForce RTX 3050\/ 15.6&#8243;\/ Sin Sistema Operativo"},"content":{"rendered":"<p>&#8221;                                                <\/p>\n<\/p>\n<ul>\n<li><b>Dise\u00f1o<\/b><\/li>\n<li>Nombre del color Graphite Black<\/li>\n<li><b>Exhibici\u00f3n<\/b><\/li>\n<li>Diagonal de la pantalla *39,6 cm (15.6&#8242;)<\/li>\n<li>Resoluci\u00f3n de la pantalla *1920 x 1080 Pixeles<\/li>\n<li>Pantalla t\u00e1ctil *No<\/li>\n<li>Tipo HD Full HD<\/li>\n<li>Tipo de pantalla IPS<\/li>\n<li>Retroiluminaci\u00f3n LED Yes<\/li>\n<li>Relaci\u00f3n de aspecto nativa 16:9<\/li>\n<li>Pantalla antirreflectante Yes<\/li>\n<li>Brillo de pantalla 250 cd \/ m\u00b2<\/li>\n<li>Espacio de color RGB NTSC<\/li>\n<li>Gama de colores 45%<\/li>\n<li>M\u00e1xima velocidad de actualizaci\u00f3n 144 Hz<\/li>\n<li><b>Procesador<\/b><\/li>\n<li>Fabricante de procesador *AMD<\/li>\n<li>Familia de procesador *AMD Ryzen&#8482; 5<\/li>\n<li>Modelo del procesador *7535HS<\/li>\n<li>Frecuencia del procesador *3,3 GHz<\/li>\n<li>Frecuencia del procesador turbo 4,55 GHz<\/li>\n<li>N\u00famero de n\u00facleos de procesador 6<\/li>\n<li>Cach\u00e9 del procesador 19 MB<\/li>\n<li>Tipo de cache en procesador L2 &#038; L3<\/li>\n<li><b>Memoria<\/b><\/li>\n<li>Memoria interna *16 GB<\/li>\n<li>Tipo de memoria interna DDR5-SDRAM<\/li>\n<li>Velocidad de memoria del reloj 5600 MHz<\/li>\n<li>Forma de factor de memoria SO-DIMM<\/li>\n<li>Disposici\u00f3n de la memoria 2 x 8 GB<\/li>\n<li>Ranuras de memoria 2x SO-DIMM<\/li>\n<li>Memoria interna m\u00e1xima *32 GB<\/li>\n<li><b>Medios de almacenaje<\/b><\/li>\n<li>Capacidad total de almacenaje *512 GB<\/li>\n<li>Unidad de almacenamiento *SSD<\/li>\n<li>Capacidad total de SSD 512 GB<\/li>\n<li>Interfaces del SDD PCI Express 4.0<\/li>\n<li>NVMe Yes<\/li>\n<li>Factor de forma de disco SSD M.2<\/li>\n<li>Tipo de unidad \u00f3ptica *No<\/li>\n<li><b>Gr\u00e1ficos<\/b><\/li>\n<li>Fabricante de GPU (unidad de procesamiento gr\u00e1fico) externa NVIDIA<\/li>\n<li>Modelo de adaptador de gr\u00e1ficos discretos *NVIDIA GeForce RTX 3050<\/li>\n<li>Adaptador gr\u00e1fico incorporado *Yes<\/li>\n<li>Fabricante de GPU (unidad de procesamiento gr\u00e1fico) integrada AMD<\/li>\n<li>Adaptador de gr\u00e1ficos discreto *Yes<\/li>\n<li>Modelo de adaptador gr\u00e1fico incorporado *AMD Radeon 660M<\/li>\n<li>Capacidad memoria de adaptador gr\u00e1fico 4 GB<\/li>\n<li>Tipo de memoria de gr\u00e1ficos discretos GDDR6<\/li>\n<li><b>Audio<\/b><\/li>\n<li>N\u00famero de altavoces incorporados 2<\/li>\n<li>Micr\u00f3fono incorporado Yes<\/li>\n<li>C\u00e1mara fotogr\u00e1fica<\/li>\n<li>C\u00e1mara frontal Yes<\/li>\n<li>Tipo de c\u00e1mara frontal HD HD<\/li>\n<li><b>Conexi\u00f3n<\/b><\/li>\n<li>Est\u00e1ndar Wi-Fi *Wi-Fi 6 (802.11ax)<\/li>\n<li>Wi-Fi est\u00e1ndares Wi-Fi 6 (802.11ax)<\/li>\n<li>Conexi\u00f3n a red m\u00f3vil *No<\/li>\n<li>Tipo de antena 2&#215;2<\/li>\n<li>Ethernet Yes<\/li>\n<li>Ethernet LAN, velocidad de transferencia de datos 10, 100, 1000 Mbit\/s<\/li>\n<li>Bluetooth Yes<\/li>\n<li>Versi\u00f3n de Bluetooth 5.3<\/li>\n<li><b>Puertos e Interfaces<\/b><\/li>\n<li>Cantidad de puertos tipo A USB 3.2 Gen 1 (3.1 Gen 1) *3<\/li>\n<li>Cantidad de puertos tipo C USB 3.2 Gen 2 (3.1 Gen 2)1<\/li>\n<li>Ethernet LAN (RJ-45) cantidad de puertos 1<\/li>\n<li>N\u00famero de puertos HDMI *1<\/li>\n<li>Versi\u00f3n HDMI 2.0b<\/li>\n<li>Combo de salida de auriculares \/ micr\u00f3fono del puerto Yes<\/li>\n<li>Conector cil\u00edndrico del adaptador de CA 6.0 mm<\/li>\n<li>USB Type-C DisplayPort Alternate Mode Yes<\/li>\n<li><b>Teclado<\/b><\/li>\n<li>Dispositivo apuntador Touchpad<\/li>\n<li>Teclado num\u00e9rico *Yes<\/li>\n<li>Retroiluminaci\u00f3n de teclado Yes<\/li>\n<li>Color de la retroiluminaci\u00f3n del teclado RGB<\/li>\n<li>Zona retroiluminada del teclado 1-zone RGB<\/li>\n<li><b>Software<\/b><\/li>\n<li>Sistema operativo instalado *No<\/li>\n<li><b>Bater\u00eda<\/b><\/li>\n<li>Tecnolog\u00eda de bater\u00eda I\u00f3n de litio<\/li>\n<li>N\u00famero de celdas de bater\u00eda 3<\/li>\n<li>Capacidad de bater\u00eda *48 Wh<\/li>\n<li><b>Control de energ\u00eda<\/b><\/li>\n<li>Potencia de adaptador AC 180 W<\/li>\n<li>Frecuencia de adaptador AC 50 &#8211; 60 Hz<\/li>\n<li>Voltaje de entrada de adaptador AC 100 &#8211; 240 V<\/li>\n<li>Corriente de salida de adaptador AC 9 A<\/li>\n<li>Voltaje de salida de adaptador AC 20 V<\/li>\n<li><b>Seguridad<\/b><\/li>\n<li>Ranura para cable de seguridad Yes<\/li>\n<li>Tipo de ranura de bloqueo del cable Kensington<\/li>\n<li>M\u00f3dulo de plataforma confiable (TPM) Yes<\/li>\n<li>Protecci\u00f3n mediante contrase\u00f1a Yes<\/li>\n<li>Protecci\u00f3n con contrase\u00f1a BIOS, Usuario<\/li>\n<li><b>Peso y dimensiones<\/b><\/li>\n<li>Ancho 359 mm<\/li>\n<li>Profundidad 256 mm<\/li>\n<li>Altura (frente) 2,28 cm<\/li>\n<li>Altura (posterior) 2,45 cm<\/li>\n<li>Peso *2,3 kg<\/li>\n<\/ul>\n<p><\/p>\n<p>                                            &#8220;<\/p>\n","protected":false},"excerpt":{"rendered":"<p>Port\u00e1til gaming asus tuf gaming a15 tuf506nc-hn013 ryzen 5 7535hs\/ 16gb\/ 512gb ssd\/ geforce rtx 3050\/ 15.6&#8243;\/ sin sistema <\/p>\n","protected":false},"featured_media":12472,"comment_status":"open","ping_status":"closed","template":"","meta":{"_et_pb_use_builder":"","_et_pb_old_content":"","_et_gb_content_width":""},"product_brand":[],"product_cat":[524,363,92,65],"product_tag":[],"class_list":{"0":"post-12646","1":"product","2":"type-product","3":"status-publish","4":"has-post-thumbnail","6":"product_cat-portatiles-portatiles","7":"product_cat-portatiles-gaming","8":"product_cat-portatiles-windows","9":"product_cat-todos","11":"first","12":"outofstock","13":"taxable","14":"shipping-taxable","15":"purchasable","16":"product-type-simple"},"yoast_head":"<!-- This site is optimized with the Yoast SEO plugin v26.5 - https:\/\/yoast.com\/wordpress\/plugins\/seo\/ -->\n<title>Port\u00e1til Gaming Asus TUF Gaming A15 TUF506NC-HN013 Ryzen 5 7535HS\/ 16GB\/ 512GB SSD\/ GeForce RTX 3050\/ 15.6&quot;\/ Sin Sistema Operativo | Tienda PCMADRID<\/title>\n<meta name=\"robots\" content=\"index, follow, max-snippet:-1, max-image-preview:large, max-video-preview:-1\" \/>\n<link rel=\"canonical\" href=\"https:\/\/www.pcmadrid.es\/tienda\/producto\/portatil-gaming-asus-tuf-gaming-a15-tuf506nc-hn013-ryzen-5-7535hs-16gb-512gb-ssd-geforce-rtx-3050-15-6-sin-sistema-operativo\/\" \/>\n<meta name=\"twitter:label1\" content=\"Tiempo de lectura\" \/>\n\t<meta name=\"twitter:data1\" content=\"2 minutos\" \/>\n<script type=\"application\/ld+json\" class=\"yoast-schema-graph\">{\"@context\":\"https:\/\/schema.org\",\"@graph\":[{\"@type\":\"WebPage\",\"@id\":\"https:\/\/www.pcmadrid.es\/tienda\/producto\/portatil-gaming-asus-tuf-gaming-a15-tuf506nc-hn013-ryzen-5-7535hs-16gb-512gb-ssd-geforce-rtx-3050-15-6-sin-sistema-operativo\/\",\"url\":\"https:\/\/www.pcmadrid.es\/tienda\/producto\/portatil-gaming-asus-tuf-gaming-a15-tuf506nc-hn013-ryzen-5-7535hs-16gb-512gb-ssd-geforce-rtx-3050-15-6-sin-sistema-operativo\/\",\"name\":\"Port\u00e1til Gaming Asus TUF Gaming A15 TUF506NC-HN013 Ryzen 5 7535HS\/ 16GB\/ 512GB SSD\/ GeForce RTX 3050\/ 15.6\\\"\/ Sin Sistema Operativo | Tienda PCMADRID\",\"isPartOf\":{\"@id\":\"https:\/\/www.pcmadrid.es\/tienda\/#website\"},\"primaryImageOfPage\":{\"@id\":\"https:\/\/www.pcmadrid.es\/tienda\/producto\/portatil-gaming-asus-tuf-gaming-a15-tuf506nc-hn013-ryzen-5-7535hs-16gb-512gb-ssd-geforce-rtx-3050-15-6-sin-sistema-operativo\/#primaryimage\"},\"image\":{\"@id\":\"https:\/\/www.pcmadrid.es\/tienda\/producto\/portatil-gaming-asus-tuf-gaming-a15-tuf506nc-hn013-ryzen-5-7535hs-16gb-512gb-ssd-geforce-rtx-3050-15-6-sin-sistema-operativo\/#primaryimage\"},\"thumbnailUrl\":\"https:\/\/i0.wp.com\/www.pcmadrid.es\/tienda\/wp-content\/uploads\/2024\/05\/art_asu-p20tuf506nc-hn013_1.jpg?fit=448%2C448&ssl=1\",\"datePublished\":\"2024-05-12T19:20:09+00:00\",\"dateModified\":\"2025-05-09T08:50:01+00:00\",\"breadcrumb\":{\"@id\":\"https:\/\/www.pcmadrid.es\/tienda\/producto\/portatil-gaming-asus-tuf-gaming-a15-tuf506nc-hn013-ryzen-5-7535hs-16gb-512gb-ssd-geforce-rtx-3050-15-6-sin-sistema-operativo\/#breadcrumb\"},\"inLanguage\":\"es\",\"potentialAction\":[{\"@type\":\"ReadAction\",\"target\":[\"https:\/\/www.pcmadrid.es\/tienda\/producto\/portatil-gaming-asus-tuf-gaming-a15-tuf506nc-hn013-ryzen-5-7535hs-16gb-512gb-ssd-geforce-rtx-3050-15-6-sin-sistema-operativo\/\"]}]},{\"@type\":\"ImageObject\",\"inLanguage\":\"es\",\"@id\":\"https:\/\/www.pcmadrid.es\/tienda\/producto\/portatil-gaming-asus-tuf-gaming-a15-tuf506nc-hn013-ryzen-5-7535hs-16gb-512gb-ssd-geforce-rtx-3050-15-6-sin-sistema-operativo\/#primaryimage\",\"url\":\"https:\/\/i0.wp.com\/www.pcmadrid.es\/tienda\/wp-content\/uploads\/2024\/05\/art_asu-p20tuf506nc-hn013_1.jpg?fit=448%2C448&ssl=1\",\"contentUrl\":\"https:\/\/i0.wp.com\/www.pcmadrid.es\/tienda\/wp-content\/uploads\/2024\/05\/art_asu-p20tuf506nc-hn013_1.jpg?fit=448%2C448&ssl=1\",\"width\":448,\"height\":448},{\"@type\":\"BreadcrumbList\",\"@id\":\"https:\/\/www.pcmadrid.es\/tienda\/producto\/portatil-gaming-asus-tuf-gaming-a15-tuf506nc-hn013-ryzen-5-7535hs-16gb-512gb-ssd-geforce-rtx-3050-15-6-sin-sistema-operativo\/#breadcrumb\",\"itemListElement\":[{\"@type\":\"ListItem\",\"position\":1,\"name\":\"Portada\",\"item\":\"https:\/\/www.pcmadrid.es\/tienda\/\"},{\"@type\":\"ListItem\",\"position\":2,\"name\":\"Todos los productos\",\"item\":\"https:\/\/www.pcmadrid.es\/tienda\/todos-los-productos\/\"},{\"@type\":\"ListItem\",\"position\":3,\"name\":\"Port\u00e1til Gaming Asus TUF Gaming A15 TUF506NC-HN013 Ryzen 5 7535HS\/ 16GB\/ 512GB SSD\/ GeForce RTX 3050\/ 15.6&#8243;\/ Sin Sistema Operativo\"}]},{\"@type\":\"WebSite\",\"@id\":\"https:\/\/www.pcmadrid.es\/tienda\/#website\",\"url\":\"https:\/\/www.pcmadrid.es\/tienda\/\",\"name\":\"Tienda PCMADRID\",\"description\":\"Venta y reparaciones de ordenadores\",\"publisher\":{\"@id\":\"https:\/\/www.pcmadrid.es\/tienda\/#organization\"},\"potentialAction\":[{\"@type\":\"SearchAction\",\"target\":{\"@type\":\"EntryPoint\",\"urlTemplate\":\"https:\/\/www.pcmadrid.es\/tienda\/?s={search_term_string}\"},\"query-input\":{\"@type\":\"PropertyValueSpecification\",\"valueRequired\":true,\"valueName\":\"search_term_string\"}}],\"inLanguage\":\"es\"},{\"@type\":\"Organization\",\"@id\":\"https:\/\/www.pcmadrid.es\/tienda\/#organization\",\"name\":\"PCMADRID\",\"url\":\"https:\/\/www.pcmadrid.es\/tienda\/\",\"logo\":{\"@type\":\"ImageObject\",\"inLanguage\":\"es\",\"@id\":\"https:\/\/www.pcmadrid.es\/tienda\/#\/schema\/logo\/image\/\",\"url\":\"https:\/\/i0.wp.com\/www.pcmadrid.es\/tienda\/wp-content\/uploads\/2019\/10\/pcmadridlogo..png?fit=750%2C300&ssl=1\",\"contentUrl\":\"https:\/\/i0.wp.com\/www.pcmadrid.es\/tienda\/wp-content\/uploads\/2019\/10\/pcmadridlogo..png?fit=750%2C300&ssl=1\",\"width\":750,\"height\":300,\"caption\":\"PCMADRID\"},\"image\":{\"@id\":\"https:\/\/www.pcmadrid.es\/tienda\/#\/schema\/logo\/image\/\"},\"sameAs\":[\"https:\/\/www.facebook.com\/pcmadridinformatica\",\"https:\/\/x.com\/pc_madrid\",\"https:\/\/www.youtube.com\/channel\/UCIbQq9k6BBrU5x2wqDIHr7A\",\"https:\/\/www.instagram.com\/pcmadrid_informatica\/?hl=es\",\"https:\/\/www.linkedin.com\/company\/9348326\/admin\/\",\"https:\/\/www.pinterest.es\/pcmadrid_informatica\/\"]}]}<\/script>\n<!-- \/ Yoast SEO plugin. -->","yoast_head_json":{"title":"Port\u00e1til Gaming Asus TUF Gaming A15 TUF506NC-HN013 Ryzen 5 7535HS\/ 16GB\/ 512GB SSD\/ GeForce RTX 3050\/ 15.6\"\/ Sin Sistema Operativo | Tienda PCMADRID","robots":{"index":"index","follow":"follow","max-snippet":"max-snippet:-1","max-image-preview":"max-image-preview:large","max-video-preview":"max-video-preview:-1"},"canonical":"https:\/\/www.pcmadrid.es\/tienda\/producto\/portatil-gaming-asus-tuf-gaming-a15-tuf506nc-hn013-ryzen-5-7535hs-16gb-512gb-ssd-geforce-rtx-3050-15-6-sin-sistema-operativo\/","twitter_misc":{"Tiempo de lectura":"2 minutos"},"schema":{"@context":"https:\/\/schema.org","@graph":[{"@type":"WebPage","@id":"https:\/\/www.pcmadrid.es\/tienda\/producto\/portatil-gaming-asus-tuf-gaming-a15-tuf506nc-hn013-ryzen-5-7535hs-16gb-512gb-ssd-geforce-rtx-3050-15-6-sin-sistema-operativo\/","url":"https:\/\/www.pcmadrid.es\/tienda\/producto\/portatil-gaming-asus-tuf-gaming-a15-tuf506nc-hn013-ryzen-5-7535hs-16gb-512gb-ssd-geforce-rtx-3050-15-6-sin-sistema-operativo\/","name":"Port\u00e1til Gaming Asus TUF Gaming A15 TUF506NC-HN013 Ryzen 5 7535HS\/ 16GB\/ 512GB SSD\/ GeForce RTX 3050\/ 15.6\"\/ Sin Sistema Operativo | Tienda PCMADRID","isPartOf":{"@id":"https:\/\/www.pcmadrid.es\/tienda\/#website"},"primaryImageOfPage":{"@id":"https:\/\/www.pcmadrid.es\/tienda\/producto\/portatil-gaming-asus-tuf-gaming-a15-tuf506nc-hn013-ryzen-5-7535hs-16gb-512gb-ssd-geforce-rtx-3050-15-6-sin-sistema-operativo\/#primaryimage"},"image":{"@id":"https:\/\/www.pcmadrid.es\/tienda\/producto\/portatil-gaming-asus-tuf-gaming-a15-tuf506nc-hn013-ryzen-5-7535hs-16gb-512gb-ssd-geforce-rtx-3050-15-6-sin-sistema-operativo\/#primaryimage"},"thumbnailUrl":"https:\/\/i0.wp.com\/www.pcmadrid.es\/tienda\/wp-content\/uploads\/2024\/05\/art_asu-p20tuf506nc-hn013_1.jpg?fit=448%2C448&ssl=1","datePublished":"2024-05-12T19:20:09+00:00","dateModified":"2025-05-09T08:50:01+00:00","breadcrumb":{"@id":"https:\/\/www.pcmadrid.es\/tienda\/producto\/portatil-gaming-asus-tuf-gaming-a15-tuf506nc-hn013-ryzen-5-7535hs-16gb-512gb-ssd-geforce-rtx-3050-15-6-sin-sistema-operativo\/#breadcrumb"},"inLanguage":"es","potentialAction":[{"@type":"ReadAction","target":["https:\/\/www.pcmadrid.es\/tienda\/producto\/portatil-gaming-asus-tuf-gaming-a15-tuf506nc-hn013-ryzen-5-7535hs-16gb-512gb-ssd-geforce-rtx-3050-15-6-sin-sistema-operativo\/"]}]},{"@type":"ImageObject","inLanguage":"es","@id":"https:\/\/www.pcmadrid.es\/tienda\/producto\/portatil-gaming-asus-tuf-gaming-a15-tuf506nc-hn013-ryzen-5-7535hs-16gb-512gb-ssd-geforce-rtx-3050-15-6-sin-sistema-operativo\/#primaryimage","url":"https:\/\/i0.wp.com\/www.pcmadrid.es\/tienda\/wp-content\/uploads\/2024\/05\/art_asu-p20tuf506nc-hn013_1.jpg?fit=448%2C448&ssl=1","contentUrl":"https:\/\/i0.wp.com\/www.pcmadrid.es\/tienda\/wp-content\/uploads\/2024\/05\/art_asu-p20tuf506nc-hn013_1.jpg?fit=448%2C448&ssl=1","width":448,"height":448},{"@type":"BreadcrumbList","@id":"https:\/\/www.pcmadrid.es\/tienda\/producto\/portatil-gaming-asus-tuf-gaming-a15-tuf506nc-hn013-ryzen-5-7535hs-16gb-512gb-ssd-geforce-rtx-3050-15-6-sin-sistema-operativo\/#breadcrumb","itemListElement":[{"@type":"ListItem","position":1,"name":"Portada","item":"https:\/\/www.pcmadrid.es\/tienda\/"},{"@type":"ListItem","position":2,"name":"Todos los productos","item":"https:\/\/www.pcmadrid.es\/tienda\/todos-los-productos\/"},{"@type":"ListItem","position":3,"name":"Port\u00e1til Gaming Asus TUF Gaming A15 TUF506NC-HN013 Ryzen 5 7535HS\/ 16GB\/ 512GB SSD\/ GeForce RTX 3050\/ 15.6&#8243;\/ Sin Sistema Operativo"}]},{"@type":"WebSite","@id":"https:\/\/www.pcmadrid.es\/tienda\/#website","url":"https:\/\/www.pcmadrid.es\/tienda\/","name":"Tienda PCMADRID","description":"Venta y reparaciones de ordenadores","publisher":{"@id":"https:\/\/www.pcmadrid.es\/tienda\/#organization"},"potentialAction":[{"@type":"SearchAction","target":{"@type":"EntryPoint","urlTemplate":"https:\/\/www.pcmadrid.es\/tienda\/?s={search_term_string}"},"query-input":{"@type":"PropertyValueSpecification","valueRequired":true,"valueName":"search_term_string"}}],"inLanguage":"es"},{"@type":"Organization","@id":"https:\/\/www.pcmadrid.es\/tienda\/#organization","name":"PCMADRID","url":"https:\/\/www.pcmadrid.es\/tienda\/","logo":{"@type":"ImageObject","inLanguage":"es","@id":"https:\/\/www.pcmadrid.es\/tienda\/#\/schema\/logo\/image\/","url":"https:\/\/i0.wp.com\/www.pcmadrid.es\/tienda\/wp-content\/uploads\/2019\/10\/pcmadridlogo..png?fit=750%2C300&ssl=1","contentUrl":"https:\/\/i0.wp.com\/www.pcmadrid.es\/tienda\/wp-content\/uploads\/2019\/10\/pcmadridlogo..png?fit=750%2C300&ssl=1","width":750,"height":300,"caption":"PCMADRID"},"image":{"@id":"https:\/\/www.pcmadrid.es\/tienda\/#\/schema\/logo\/image\/"},"sameAs":["https:\/\/www.facebook.com\/pcmadridinformatica","https:\/\/x.com\/pc_madrid","https:\/\/www.youtube.com\/channel\/UCIbQq9k6BBrU5x2wqDIHr7A","https:\/\/www.instagram.com\/pcmadrid_informatica\/?hl=es","https:\/\/www.linkedin.com\/company\/9348326\/admin\/","https:\/\/www.pinterest.es\/pcmadrid_informatica\/"]}]}},"jetpack_sharing_enabled":true,"_links":{"self":[{"href":"https:\/\/www.pcmadrid.es\/tienda\/wp-json\/wp\/v2\/product\/12646","targetHints":{"allow":["GET"]}}],"collection":[{"href":"https:\/\/www.pcmadrid.es\/tienda\/wp-json\/wp\/v2\/product"}],"about":[{"href":"https:\/\/www.pcmadrid.es\/tienda\/wp-json\/wp\/v2\/types\/product"}],"replies":[{"embeddable":true,"href":"https:\/\/www.pcmadrid.es\/tienda\/wp-json\/wp\/v2\/comments?post=12646"}],"wp:featuredmedia":[{"embeddable":true,"href":"https:\/\/www.pcmadrid.es\/tienda\/wp-json\/wp\/v2\/media\/12472"}],"wp:attachment":[{"href":"https:\/\/www.pcmadrid.es\/tienda\/wp-json\/wp\/v2\/media?parent=12646"}],"wp:term":[{"taxonomy":"product_brand","embeddable":true,"href":"https:\/\/www.pcmadrid.es\/tienda\/wp-json\/wp\/v2\/product_brand?post=12646"},{"taxonomy":"product_cat","embeddable":true,"href":"https:\/\/www.pcmadrid.es\/tienda\/wp-json\/wp\/v2\/product_cat?post=12646"},{"taxonomy":"product_tag","embeddable":true,"href":"https:\/\/www.pcmadrid.es\/tienda\/wp-json\/wp\/v2\/product_tag?post=12646"}],"curies":[{"name":"wp","href":"https:\/\/api.w.org\/{rel}","templated":true}]}}