{"id":12655,"date":"2024-05-12T21:20:14","date_gmt":"2024-05-12T19:20:14","guid":{"rendered":"https:\/\/www.pcmadrid.es\/tienda\/producto\/portatil-gaming-hp-victus-15-fa0052ns-intel-core-i5-12450h-16gb-512gb-ssd-geforce-rtx3050-15-6-sin-sistema-operativo\/"},"modified":"2026-03-11T16:31:11","modified_gmt":"2026-03-11T15:31:11","slug":"portatil-gaming-hp-victus-15-fa0052ns-intel-core-i5-12450h-16gb-512gb-ssd-geforce-rtx3050-15-6-sin-sistema-operativo","status":"publish","type":"product","link":"https:\/\/www.pcmadrid.es\/tienda\/producto\/portatil-gaming-hp-victus-15-fa0052ns-intel-core-i5-12450h-16gb-512gb-ssd-geforce-rtx3050-15-6-sin-sistema-operativo\/","title":{"rendered":"Port\u00e1til Gaming HP Victus 15-FA0052NS Intel Core i5-12450H\/ 16GB\/ 512GB SSD\/ GeForce RTX3050\/ 15.6&#8243;\/ Sin Sistema Operativo"},"content":{"rendered":"<p>&#8221;<\/p>\n<h2>Victus Gaming Laptop 15-fa0052ns<\/h2>\n<p>El port\u00e1til HP Victus se ha dise\u00f1ado para jugar en m\u00e1xima calidad. Este<br \/>\nelegante dispositivo cuenta con un procesador Intel\u00ae Core\u2122 de 12.\u00aa<br \/>\ngeneraci\u00f3n y una tarjeta gr\u00e1fica moderna. El dise\u00f1o de este port\u00e1til es<br \/>\ntan incre\u00edble como su hardware, con distintas opciones de color,<br \/>\nrefrigeraci\u00f3n mejorada, un teclado gaming multifunci\u00f3n completo y una<br \/>\nc\u00e1mara HD con reducci\u00f3n temporal de ruidos.<\/p>\n<h2>Componentes de procesamiento superiores<\/h2>\n<p>Juega a tu mejor nivel con un procesador Intel\u00ae Core\u2122 de 12.\u00aa generaci\u00f3n, una moderna tarjeta gr\u00e1fica y multitud de memoria.<\/p>\n<h2>Dise\u00f1o sofisticado y refinado<\/h2>\n<p>Con un dise\u00f1o m\u00e1s compacto y tres colores disponibles, este potente dispositivo luce bien en cualquier parte.<\/p>\n<h2>Todas las caracter\u00edsticas que puedes necesitar<\/h2>\n<p>Desde el dise\u00f1o t\u00e9rmico mejorado hasta la c\u00e1mara HD, este port\u00e1til lo tiene todo.<\/p>\n<ul>\n<li><b>Especificaciones<\/b><\/li>\n<li>Almacenamiento interno: SSD M.2 512 GB PCIe\u00ae Gen4 NVMe\u2122 TLC<\/li>\n<li>Antiparpadeo: S\u00ed<\/li>\n<li>Brillo: 250 nits<\/li>\n<li>Cach\u00e9 del procesador: 12 MB L3<\/li>\n<li>Color: Mica plata<\/li>\n<li>Color del producto: Plata mica, logotipo cromado negro<\/li>\n<li>Conjunto de chips: Intel\u00ae SoC integrado<\/li>\n<li>Dise\u00f1o de la memoria (ranuras y tama\u00f1o): 2 x 8 GB<\/li>\n<li>Dise\u00f1o de productos: Acabado con pintura<\/li>\n<li>Duraci\u00f3n de bater\u00eda: Hasta 8 horas y 15 minutos<\/li>\n<li>Familia de procesadores: Procesador Intel\u00ae Core\u2122 i5 de 12. \u00aa generaci\u00f3n<\/li>\n<li>Gama de colores: 45% NTSC<\/li>\n<li>Gesti\u00f3n de la seguridad: Compatible con el m\u00f3dulo de plataforma de confianza (firmware TPM)<\/li>\n<li>Inal\u00e1mbrico: Tarjeta inal\u00e1mbrica Intel\u00ae Wi-Fi 6E AX211 (2&#215;2) y Bluetooth\u00ae 5.3 (soporta velocidad de datos Gigabit)<\/li>\n<li>Interfaz de red: LAN 10\/100\/1000 GbE integrada<\/li>\n<li>Memoria: RAM DDR4-3200 MHz 16 GB (2 x 8 GB)<\/li>\n<li>Memoria y almacenamiento: 16 GB memory; 512 GB SSD storage<\/li>\n<li>Nota sobre la memoria: Velocidades de transferencia de hasta 3200 MT\/s.<\/li>\n<li>Nota sobre la tecnolog\u00eda inal\u00e1mbrica: Modo de espera moderno (conectado); LAN inal\u00e1mbrica HP de rango ampliado<\/li>\n<li>N\u00facleo del procesador: 8<\/li>\n<li>Pantalla: 39,6 cm (15,6&#8242;) en diagonal, FHD (1920 x 1080), 144 Hz,<br \/>\ntiempo de respuesta de 9 ms, IPS, microborde, antirreflectante, 250<br \/>\nnits, 45 % de NTSC<\/li>\n<li>Peso de la bater\u00eda: 280 g<\/li>\n<li>Procesador: Intel\u00ae Core\u2122 i5-12450H (hasta 4,4 GHz con tecnolog\u00eda<br \/>\nIntel\u00ae Turbo Boost, 12 MB de cach\u00e9 L3, 8 n\u00facleos, 12 subprocesos)<\/li>\n<li>Gr\u00e1fica: GPU de port\u00e1til NVIDIA\u00ae GeForce RTX\u2122 3050 (GDDR6 de 4 GB dedicada)<\/li>\n<li>Puertos: 1 USB Type-C\u00ae con velocidad de se\u00f1al de 5 Gbps<br \/>\n(DisplayPort\u2122 1.4, HP Sleep and Charge); 1 USB Type-A con velocidad de<br \/>\nse\u00f1al de 5 Gbps (HP Sleep and Charge); 1 USB Type-A con velocidad de<br \/>\nse\u00f1al de 5 Gbps; 1 pin inteligente de CA; 1 HDMI 2.1; 1 combo de<br \/>\nauriculares\/micr\u00f3fono; 1 RJ-45<\/li>\n<li>Ranuras de expansi\u00f3n: Lector de tarjetas SD multiformato HP<\/li>\n<li>Relaci\u00f3n de aspecto: 16:9<\/li>\n<li>Relaci\u00f3n pantalla-cuerpo (sin altavoces): 82.23%<\/li>\n<li>Reproducci\u00f3n del v\u00eddeo sobre la duraci\u00f3n de la bater\u00eda: Hasta 10 horas y 30 minutos<\/li>\n<li>Sistema operativo: FreeDOS<\/li>\n<li>Sonido: Audio de B&amp;O; Altavoces duales; HP Audio Boost<\/li>\n<li>Tama\u00f1o de la pantalla (diagonal): 39,6 cm (15,6 pulg.)<\/li>\n<li>Teclado: Teclado de tama\u00f1o completo, con retroiluminaci\u00f3n, de color plata mica y teclado num\u00e9rico<\/li>\n<li>Tiempo de carga de la bater\u00eda: Es compatible con la carga r\u00e1pida de la bater\u00eda: aproximadamente 50% en 30 minutos<\/li>\n<li>Tipo de almacenamiento: SSD<\/li>\n<li>Tipo de bater\u00eda: Pol\u00edmero de ion-litio 4 celdas, 70 Wh<\/li>\n<li>Tipo de fuente de alimentaci\u00f3n: Adaptador de alimentaci\u00f3n Smart AC de 200 W<\/li>\n<li>Webcam: C\u00e1mara HP Wide Vision 720p HD con reducci\u00f3n de ruido temporal y micr\u00f3fonos digitales de matriz dual integrados<\/li>\n<\/ul>\n<p>&#8220;<\/p>\n","protected":false},"excerpt":{"rendered":"<p>Port\u00e1til gaming hp victus 15-fa0052ns intel core i5-12450h\/ 16gb\/ 512gb ssd\/ geforce rtx3050\/ 15.6&#8243;\/ sin sistema operativo<\/p>\n","protected":false},"featured_media":12514,"comment_status":"open","ping_status":"closed","template":"","meta":{"_et_pb_use_builder":"","_et_pb_old_content":"","_et_gb_content_width":""},"product_brand":[],"product_cat":[524,363,92,65],"product_tag":[],"class_list":{"0":"post-12655","1":"product","2":"type-product","3":"status-publish","4":"has-post-thumbnail","6":"product_cat-portatiles-portatiles","7":"product_cat-portatiles-gaming","8":"product_cat-portatiles-windows","9":"product_cat-todos","11":"first","12":"outofstock","13":"taxable","14":"shipping-taxable","15":"purchasable","16":"product-type-simple"},"yoast_head":"<!-- This site is optimized with the Yoast SEO plugin v27.5 - https:\/\/yoast.com\/product\/yoast-seo-wordpress\/ -->\n<title>Port\u00e1til Gaming HP Victus 15-FA0052NS Intel Core i5-12450H\/ 16GB\/ 512GB SSD\/ GeForce RTX3050\/ 15.6&quot;\/ Sin Sistema Operativo | Tienda PCMADRID<\/title>\n<meta name=\"robots\" content=\"index, follow, max-snippet:-1, max-image-preview:large, max-video-preview:-1\" \/>\n<link rel=\"canonical\" href=\"https:\/\/www.pcmadrid.es\/tienda\/producto\/portatil-gaming-hp-victus-15-fa0052ns-intel-core-i5-12450h-16gb-512gb-ssd-geforce-rtx3050-15-6-sin-sistema-operativo\/\" \/>\n<meta name=\"twitter:label1\" content=\"Tiempo de lectura\" \/>\n\t<meta name=\"twitter:data1\" content=\"3 minutos\" \/>\n<script type=\"application\/ld+json\" class=\"yoast-schema-graph\">{\"@context\":\"https:\\\/\\\/schema.org\",\"@graph\":[{\"@type\":\"WebPage\",\"@id\":\"https:\\\/\\\/www.pcmadrid.es\\\/tienda\\\/producto\\\/portatil-gaming-hp-victus-15-fa0052ns-intel-core-i5-12450h-16gb-512gb-ssd-geforce-rtx3050-15-6-sin-sistema-operativo\\\/\",\"url\":\"https:\\\/\\\/www.pcmadrid.es\\\/tienda\\\/producto\\\/portatil-gaming-hp-victus-15-fa0052ns-intel-core-i5-12450h-16gb-512gb-ssd-geforce-rtx3050-15-6-sin-sistema-operativo\\\/\",\"name\":\"Port\u00e1til Gaming HP Victus 15-FA0052NS Intel Core i5-12450H\\\/ 16GB\\\/ 512GB SSD\\\/ GeForce RTX3050\\\/ 15.6\\\"\\\/ Sin Sistema Operativo | Tienda PCMADRID\",\"isPartOf\":{\"@id\":\"https:\\\/\\\/www.pcmadrid.es\\\/tienda\\\/#website\"},\"primaryImageOfPage\":{\"@id\":\"https:\\\/\\\/www.pcmadrid.es\\\/tienda\\\/producto\\\/portatil-gaming-hp-victus-15-fa0052ns-intel-core-i5-12450h-16gb-512gb-ssd-geforce-rtx3050-15-6-sin-sistema-operativo\\\/#primaryimage\"},\"image\":{\"@id\":\"https:\\\/\\\/www.pcmadrid.es\\\/tienda\\\/producto\\\/portatil-gaming-hp-victus-15-fa0052ns-intel-core-i5-12450h-16gb-512gb-ssd-geforce-rtx3050-15-6-sin-sistema-operativo\\\/#primaryimage\"},\"thumbnailUrl\":\"https:\\\/\\\/i0.wp.com\\\/www.pcmadrid.es\\\/tienda\\\/wp-content\\\/uploads\\\/2024\\\/05\\\/art_hpp-victus2015-fa0052ns_1.jpg?fit=448%2C448&ssl=1\",\"datePublished\":\"2024-05-12T19:20:14+00:00\",\"dateModified\":\"2026-03-11T15:31:11+00:00\",\"breadcrumb\":{\"@id\":\"https:\\\/\\\/www.pcmadrid.es\\\/tienda\\\/producto\\\/portatil-gaming-hp-victus-15-fa0052ns-intel-core-i5-12450h-16gb-512gb-ssd-geforce-rtx3050-15-6-sin-sistema-operativo\\\/#breadcrumb\"},\"inLanguage\":\"es\",\"potentialAction\":[{\"@type\":\"ReadAction\",\"target\":[\"https:\\\/\\\/www.pcmadrid.es\\\/tienda\\\/producto\\\/portatil-gaming-hp-victus-15-fa0052ns-intel-core-i5-12450h-16gb-512gb-ssd-geforce-rtx3050-15-6-sin-sistema-operativo\\\/\"]}]},{\"@type\":\"ImageObject\",\"inLanguage\":\"es\",\"@id\":\"https:\\\/\\\/www.pcmadrid.es\\\/tienda\\\/producto\\\/portatil-gaming-hp-victus-15-fa0052ns-intel-core-i5-12450h-16gb-512gb-ssd-geforce-rtx3050-15-6-sin-sistema-operativo\\\/#primaryimage\",\"url\":\"https:\\\/\\\/i0.wp.com\\\/www.pcmadrid.es\\\/tienda\\\/wp-content\\\/uploads\\\/2024\\\/05\\\/art_hpp-victus2015-fa0052ns_1.jpg?fit=448%2C448&ssl=1\",\"contentUrl\":\"https:\\\/\\\/i0.wp.com\\\/www.pcmadrid.es\\\/tienda\\\/wp-content\\\/uploads\\\/2024\\\/05\\\/art_hpp-victus2015-fa0052ns_1.jpg?fit=448%2C448&ssl=1\",\"width\":448,\"height\":448},{\"@type\":\"BreadcrumbList\",\"@id\":\"https:\\\/\\\/www.pcmadrid.es\\\/tienda\\\/producto\\\/portatil-gaming-hp-victus-15-fa0052ns-intel-core-i5-12450h-16gb-512gb-ssd-geforce-rtx3050-15-6-sin-sistema-operativo\\\/#breadcrumb\",\"itemListElement\":[{\"@type\":\"ListItem\",\"position\":1,\"name\":\"Portada\",\"item\":\"https:\\\/\\\/www.pcmadrid.es\\\/tienda\\\/\"},{\"@type\":\"ListItem\",\"position\":2,\"name\":\"Todos los productos\",\"item\":\"https:\\\/\\\/www.pcmadrid.es\\\/tienda\\\/todos-los-productos\\\/\"},{\"@type\":\"ListItem\",\"position\":3,\"name\":\"Port\u00e1til Gaming HP Victus 15-FA0052NS Intel Core i5-12450H\\\/ 16GB\\\/ 512GB SSD\\\/ GeForce RTX3050\\\/ 15.6&#8243;\\\/ Sin Sistema Operativo\"}]},{\"@type\":\"WebSite\",\"@id\":\"https:\\\/\\\/www.pcmadrid.es\\\/tienda\\\/#website\",\"url\":\"https:\\\/\\\/www.pcmadrid.es\\\/tienda\\\/\",\"name\":\"Tienda PCMADRID\",\"description\":\"Venta y reparaciones de ordenadores\",\"publisher\":{\"@id\":\"https:\\\/\\\/www.pcmadrid.es\\\/tienda\\\/#organization\"},\"potentialAction\":[{\"@type\":\"SearchAction\",\"target\":{\"@type\":\"EntryPoint\",\"urlTemplate\":\"https:\\\/\\\/www.pcmadrid.es\\\/tienda\\\/?s={search_term_string}\"},\"query-input\":{\"@type\":\"PropertyValueSpecification\",\"valueRequired\":true,\"valueName\":\"search_term_string\"}}],\"inLanguage\":\"es\"},{\"@type\":\"Organization\",\"@id\":\"https:\\\/\\\/www.pcmadrid.es\\\/tienda\\\/#organization\",\"name\":\"PCMADRID\",\"url\":\"https:\\\/\\\/www.pcmadrid.es\\\/tienda\\\/\",\"logo\":{\"@type\":\"ImageObject\",\"inLanguage\":\"es\",\"@id\":\"https:\\\/\\\/www.pcmadrid.es\\\/tienda\\\/#\\\/schema\\\/logo\\\/image\\\/\",\"url\":\"https:\\\/\\\/www.pcmadrid.es\\\/tienda\\\/wp-content\\\/uploads\\\/2019\\\/10\\\/pcmadridlogo..png\",\"contentUrl\":\"https:\\\/\\\/www.pcmadrid.es\\\/tienda\\\/wp-content\\\/uploads\\\/2019\\\/10\\\/pcmadridlogo..png\",\"width\":750,\"height\":300,\"caption\":\"PCMADRID\"},\"image\":{\"@id\":\"https:\\\/\\\/www.pcmadrid.es\\\/tienda\\\/#\\\/schema\\\/logo\\\/image\\\/\"},\"sameAs\":[\"https:\\\/\\\/www.facebook.com\\\/pcmadridinformatica\",\"https:\\\/\\\/x.com\\\/pc_madrid\",\"https:\\\/\\\/www.youtube.com\\\/channel\\\/UCIbQq9k6BBrU5x2wqDIHr7A\",\"https:\\\/\\\/www.instagram.com\\\/pcmadrid_informatica\\\/?hl=es\",\"https:\\\/\\\/www.linkedin.com\\\/company\\\/9348326\\\/admin\\\/\",\"https:\\\/\\\/www.pinterest.es\\\/pcmadrid_informatica\\\/\"]}]}<\/script>\n<!-- \/ Yoast SEO plugin. -->","yoast_head_json":{"title":"Port\u00e1til Gaming HP Victus 15-FA0052NS Intel Core i5-12450H\/ 16GB\/ 512GB SSD\/ GeForce RTX3050\/ 15.6\"\/ Sin Sistema Operativo | Tienda PCMADRID","robots":{"index":"index","follow":"follow","max-snippet":"max-snippet:-1","max-image-preview":"max-image-preview:large","max-video-preview":"max-video-preview:-1"},"canonical":"https:\/\/www.pcmadrid.es\/tienda\/producto\/portatil-gaming-hp-victus-15-fa0052ns-intel-core-i5-12450h-16gb-512gb-ssd-geforce-rtx3050-15-6-sin-sistema-operativo\/","twitter_misc":{"Tiempo de lectura":"3 minutos"},"schema":{"@context":"https:\/\/schema.org","@graph":[{"@type":"WebPage","@id":"https:\/\/www.pcmadrid.es\/tienda\/producto\/portatil-gaming-hp-victus-15-fa0052ns-intel-core-i5-12450h-16gb-512gb-ssd-geforce-rtx3050-15-6-sin-sistema-operativo\/","url":"https:\/\/www.pcmadrid.es\/tienda\/producto\/portatil-gaming-hp-victus-15-fa0052ns-intel-core-i5-12450h-16gb-512gb-ssd-geforce-rtx3050-15-6-sin-sistema-operativo\/","name":"Port\u00e1til Gaming HP Victus 15-FA0052NS Intel Core i5-12450H\/ 16GB\/ 512GB SSD\/ GeForce RTX3050\/ 15.6\"\/ Sin Sistema Operativo | Tienda PCMADRID","isPartOf":{"@id":"https:\/\/www.pcmadrid.es\/tienda\/#website"},"primaryImageOfPage":{"@id":"https:\/\/www.pcmadrid.es\/tienda\/producto\/portatil-gaming-hp-victus-15-fa0052ns-intel-core-i5-12450h-16gb-512gb-ssd-geforce-rtx3050-15-6-sin-sistema-operativo\/#primaryimage"},"image":{"@id":"https:\/\/www.pcmadrid.es\/tienda\/producto\/portatil-gaming-hp-victus-15-fa0052ns-intel-core-i5-12450h-16gb-512gb-ssd-geforce-rtx3050-15-6-sin-sistema-operativo\/#primaryimage"},"thumbnailUrl":"https:\/\/i0.wp.com\/www.pcmadrid.es\/tienda\/wp-content\/uploads\/2024\/05\/art_hpp-victus2015-fa0052ns_1.jpg?fit=448%2C448&ssl=1","datePublished":"2024-05-12T19:20:14+00:00","dateModified":"2026-03-11T15:31:11+00:00","breadcrumb":{"@id":"https:\/\/www.pcmadrid.es\/tienda\/producto\/portatil-gaming-hp-victus-15-fa0052ns-intel-core-i5-12450h-16gb-512gb-ssd-geforce-rtx3050-15-6-sin-sistema-operativo\/#breadcrumb"},"inLanguage":"es","potentialAction":[{"@type":"ReadAction","target":["https:\/\/www.pcmadrid.es\/tienda\/producto\/portatil-gaming-hp-victus-15-fa0052ns-intel-core-i5-12450h-16gb-512gb-ssd-geforce-rtx3050-15-6-sin-sistema-operativo\/"]}]},{"@type":"ImageObject","inLanguage":"es","@id":"https:\/\/www.pcmadrid.es\/tienda\/producto\/portatil-gaming-hp-victus-15-fa0052ns-intel-core-i5-12450h-16gb-512gb-ssd-geforce-rtx3050-15-6-sin-sistema-operativo\/#primaryimage","url":"https:\/\/i0.wp.com\/www.pcmadrid.es\/tienda\/wp-content\/uploads\/2024\/05\/art_hpp-victus2015-fa0052ns_1.jpg?fit=448%2C448&ssl=1","contentUrl":"https:\/\/i0.wp.com\/www.pcmadrid.es\/tienda\/wp-content\/uploads\/2024\/05\/art_hpp-victus2015-fa0052ns_1.jpg?fit=448%2C448&ssl=1","width":448,"height":448},{"@type":"BreadcrumbList","@id":"https:\/\/www.pcmadrid.es\/tienda\/producto\/portatil-gaming-hp-victus-15-fa0052ns-intel-core-i5-12450h-16gb-512gb-ssd-geforce-rtx3050-15-6-sin-sistema-operativo\/#breadcrumb","itemListElement":[{"@type":"ListItem","position":1,"name":"Portada","item":"https:\/\/www.pcmadrid.es\/tienda\/"},{"@type":"ListItem","position":2,"name":"Todos los productos","item":"https:\/\/www.pcmadrid.es\/tienda\/todos-los-productos\/"},{"@type":"ListItem","position":3,"name":"Port\u00e1til Gaming HP Victus 15-FA0052NS Intel Core i5-12450H\/ 16GB\/ 512GB SSD\/ GeForce RTX3050\/ 15.6&#8243;\/ Sin Sistema Operativo"}]},{"@type":"WebSite","@id":"https:\/\/www.pcmadrid.es\/tienda\/#website","url":"https:\/\/www.pcmadrid.es\/tienda\/","name":"Tienda PCMADRID","description":"Venta y reparaciones de ordenadores","publisher":{"@id":"https:\/\/www.pcmadrid.es\/tienda\/#organization"},"potentialAction":[{"@type":"SearchAction","target":{"@type":"EntryPoint","urlTemplate":"https:\/\/www.pcmadrid.es\/tienda\/?s={search_term_string}"},"query-input":{"@type":"PropertyValueSpecification","valueRequired":true,"valueName":"search_term_string"}}],"inLanguage":"es"},{"@type":"Organization","@id":"https:\/\/www.pcmadrid.es\/tienda\/#organization","name":"PCMADRID","url":"https:\/\/www.pcmadrid.es\/tienda\/","logo":{"@type":"ImageObject","inLanguage":"es","@id":"https:\/\/www.pcmadrid.es\/tienda\/#\/schema\/logo\/image\/","url":"https:\/\/www.pcmadrid.es\/tienda\/wp-content\/uploads\/2019\/10\/pcmadridlogo..png","contentUrl":"https:\/\/www.pcmadrid.es\/tienda\/wp-content\/uploads\/2019\/10\/pcmadridlogo..png","width":750,"height":300,"caption":"PCMADRID"},"image":{"@id":"https:\/\/www.pcmadrid.es\/tienda\/#\/schema\/logo\/image\/"},"sameAs":["https:\/\/www.facebook.com\/pcmadridinformatica","https:\/\/x.com\/pc_madrid","https:\/\/www.youtube.com\/channel\/UCIbQq9k6BBrU5x2wqDIHr7A","https:\/\/www.instagram.com\/pcmadrid_informatica\/?hl=es","https:\/\/www.linkedin.com\/company\/9348326\/admin\/","https:\/\/www.pinterest.es\/pcmadrid_informatica\/"]}]}},"jetpack_sharing_enabled":true,"_links":{"self":[{"href":"https:\/\/www.pcmadrid.es\/tienda\/wp-json\/wp\/v2\/product\/12655","targetHints":{"allow":["GET"]}}],"collection":[{"href":"https:\/\/www.pcmadrid.es\/tienda\/wp-json\/wp\/v2\/product"}],"about":[{"href":"https:\/\/www.pcmadrid.es\/tienda\/wp-json\/wp\/v2\/types\/product"}],"replies":[{"embeddable":true,"href":"https:\/\/www.pcmadrid.es\/tienda\/wp-json\/wp\/v2\/comments?post=12655"}],"wp:featuredmedia":[{"embeddable":true,"href":"https:\/\/www.pcmadrid.es\/tienda\/wp-json\/wp\/v2\/media\/12514"}],"wp:attachment":[{"href":"https:\/\/www.pcmadrid.es\/tienda\/wp-json\/wp\/v2\/media?parent=12655"}],"wp:term":[{"taxonomy":"product_brand","embeddable":true,"href":"https:\/\/www.pcmadrid.es\/tienda\/wp-json\/wp\/v2\/product_brand?post=12655"},{"taxonomy":"product_cat","embeddable":true,"href":"https:\/\/www.pcmadrid.es\/tienda\/wp-json\/wp\/v2\/product_cat?post=12655"},{"taxonomy":"product_tag","embeddable":true,"href":"https:\/\/www.pcmadrid.es\/tienda\/wp-json\/wp\/v2\/product_tag?post=12655"}],"curies":[{"name":"wp","href":"https:\/\/api.w.org\/{rel}","templated":true}]}}