{"id":12908,"date":"2024-05-20T16:03:58","date_gmt":"2024-05-20T14:03:58","guid":{"rendered":"https:\/\/www.pcmadrid.es\/tienda\/producto\/webcam-logitech-streamcam-enfoque-automatico-1920-x-1080-full-hd-negra\/"},"modified":"2026-04-11T09:26:59","modified_gmt":"2026-04-11T07:26:59","slug":"webcam-logitech-streamcam-full-hd-2","status":"publish","type":"product","link":"https:\/\/www.pcmadrid.es\/tienda\/producto\/webcam-logitech-streamcam-full-hd-2\/","title":{"rendered":"Webcam Logitech StreamCam (1920 x 1080 Full HD, Enfoque Autom\u00e1tico, Negro)"},"content":{"rendered":"<p>&nbsp;<\/p>\n<h2 style=\"text-align: center;\"><span style=\"color: #99cc00;\">Webcam Logitech StreamCam (1920 x 1080 Full HD, Enfoque Autom\u00e1tico, Negro)<\/span><\/h2>\n<h3 style=\"text-align: center;\">Calidad profesional Full HD 1080p a 60 fps en cada transmisi\u00f3n con enfoque autom\u00e1tico para tu mejor imagen<\/h3>\n<p style=\"text-align: justify;\">Webcam <span style=\"color: #99cc00;\"><strong><a style=\"color: #99cc00;\" href=\"https:\/\/www.logitech.com\/es-es\/products\/webcams\/streamcam.960-001281.html\">Logitech StreamCam<\/a><\/strong><\/span> Full HD 1920x1080p a 60 fps eleva la calidad de tus transmisiones. Con lente de cristal premium y enfoque autom\u00e1tico, captura una imagen n\u00edtida y vibrante, manteni\u00e9ndote en el centro con encuadre inteligente. Sus dos micr\u00f3fonos frontales aseguran un audio n\u00edtido, y la conectividad USB-C garantiza velocidad de transmisi\u00f3n. Compatible con Windows y macOS, esta webcam es perfecta para streaming en plataformas como Twitch y YouTube, y se integra f\u00e1cilmente con Logitech Capture para funciones avanzadas.<\/p>\n<p style=\"padding-left: 40px; text-align: justify;\"><strong>Enfoca tu historia<\/strong>: <span style=\"color: #99cc00;\"><strong><a style=\"color: #99cc00;\" href=\"https:\/\/www.logitech.com\/es-es\/products\/webcams\/streamcam.960-001281.html\">Logitech StreamCam<\/a><\/strong><\/span> hace streaming y graba con resoluci\u00f3n Full HD 1080p a 60 fps, ofreciendo excepcional v\u00eddeo con movimiento fluido para tu mundo online. Tanto para grabar v\u00eddeos de YouTube como para streaming en Twitch y otras cosas, la lente de cristal premium y el sistema de enfoque autom\u00e1tico inteligente de StreamCam facilitan la obtenci\u00f3n de resultados de calidad profesional. Funciones avanzadas como las de encuadre autom\u00e1tico y exposici\u00f3n inteligente garantizan la mejor imagen con cualquier tipo de iluminaci\u00f3n.<\/p>\n<p style=\"padding-left: 40px; text-align: justify;\"><strong>Full HD 1080p a 60 fps<\/strong>: Haz streaming y graba v\u00eddeos para YouTube, Twitch, etc. con resoluci\u00f3n Full HD 1080p a 60 fotogramas por segundo. Sea cual sea el tipo de contenido que crees, StreamCam produce im\u00e1genes n\u00edtidas, fluidas y totalmente naturales en pantalla.<\/p>\n<p style=\"padding-left: 40px; text-align: justify;\"><strong>Lente de cristal premium con enfoque autom\u00e1tico inteligente<\/strong>: La lente de cristal premium de StreamCam produce una calidad de imagen vibrante y fidedigna, con claros detalles. Un campo visual de 78 grados te mantiene como centro de atenci\u00f3n en la imagen. El enfoque autom\u00e1tico inteligente ajusta la lente en tiempo real para que est\u00e9s siempre en el centro de la imagen, aunque te alejes de la c\u00e1mara o te acerques a ella.<\/p>\n<p style=\"padding-left: 40px; text-align: justify;\"><strong>Encuadre autom\u00e1tico y exposici\u00f3n inteligente<\/strong>: El modo de encuadre autom\u00e1tico inteligente ajusta de forma din\u00e1mica el encuadre para mantener tu imagen en el centro de la toma, aunque te muevas hacia los lados. El sistema de exposici\u00f3n inteligente ajusta la velocidad de apertura y la sensibilidad ISO en tiempo real para ofrecer tonos de piel fidedignos y conseguir un aspecto natural, incluso en condiciones de luminosidad variable. Con StreamCam siempre dar\u00e1s tu mejor imagen.<\/p>\n<p style=\"padding-left: 40px; text-align: justify;\"><strong>Optimizaci\u00f3n para software de streaming de v\u00eddeo en tiempo real<\/strong>: StreamCam se ha optimizado para Open Broadcaster Software (OBS), XSplit, Streamlabs OBS y otros programas de streaming de v\u00eddeo en tiempo real de uso extendido. Puedes hacer streaming f\u00e1cilmente en Twitch, YouTube y cualquier otro de tus sitios de streaming favoritos.<\/p>\n<p style=\"padding-left: 40px; text-align: justify;\"><strong>Control mejorado con el software Logitech Capture<\/strong>: \u00bfQuieres subir el nivel de tu contenido? Combina StreamCam con el software Logitech Capture incluido para aprovechar eficaces funciones con las que automatizar el enfoque y la exposici\u00f3n, y m\u00e1s.<\/p>\n<p style=\"padding-left: 40px; text-align: justify;\"><strong>Se conecta con USB-C<\/strong>: StreamCam utiliza USB de tipo C, el est\u00e1ndar para conexiones r\u00e1pidas y fiables, que garantiza velocidades de transferencia de v\u00eddeo eficientes. Compatible con Windows\u00ae 10 y macOS 10.14 y posteriores.<\/p>\n<p style=\"padding-left: 40px; text-align: justify;\"><strong>Autoencuadre inteligente<\/strong>: StreamCam utiliza Logitech Capture para mantener tu imagen encuadrada autom\u00e1ticamente en todos tus streams y v\u00eddeos.<\/p>\n<p style=\"padding-left: 40px; text-align: justify;\"><strong>Rendimiento de audio premium<\/strong>: Los dos micr\u00f3fonos con orientaci\u00f3n frontal hacen que tu voz suene m\u00e1s aut\u00e9ntica e impactante, tanto si hablas como si cantas o cuentas una historia.<\/p>\n<p style=\"padding-left: 40px; text-align: justify;\"><strong>Compatible con OBS, XSplit y Streamlabs<\/strong>: Logitech StreamCam est\u00e1 optimizada para Open Broadcaster Software (OBS), XSplit y Streamlabs, por eso el streaming es tan f\u00e1cil en Twitch, YouTube y otras plataformas.<\/p>\n<p style=\"padding-left: 40px; text-align: justify;\"><strong>Creaci\u00f3n y streaming a\u00fan mejores<\/strong>: Escribe, graba y haz streaming con herramientas de dise\u00f1o modernas que perfeccionan tu equipo de escritorio. Trabaja en silencio con un rat\u00f3n y un teclado compactos y ligeros. Mejora tus presentaciones y reuniones por v\u00eddeo con StreamCam y auriculares con micr\u00f3fono Zone 900. Es todo lo que necesitas para crear tu propio espacio y llevar tu contenido a otro nivel.<\/p>\n<p style=\"padding-left: 40px; text-align: justify;\"><strong>Configuraci\u00f3n de escritorio recomendada<\/strong>: La Webcam <span style=\"color: #99cc00;\"><strong><a style=\"color: #99cc00;\" href=\"https:\/\/www.logitech.com\/es-es\/products\/webcams\/streamcam.960-001281.html\">Logitech StreamCam<\/a><\/strong><\/span> Full HD cuenta con modernas herramientas de dise\u00f1o que realzan la configuraci\u00f3n de tu escritorio y encajan con tu estilo de vida particular.<\/p>\n<h3>Caracter\u00edsticas Webcam Logitech StreamCam Full HD<\/h3>\n<ul>\n<li><strong>Resoluci\u00f3n y fotogramas por segundo<\/strong>: Full HD 1920 x 1080p a 60 fps para una imagen fluida y de alta calidad, ideal para contenido de streaming profesional o videollamadas.<\/li>\n<li><strong>Tipo de Lente<\/strong>: Lente de cristal Full HD premium, apertura de f\/2.0 con campo visual de 78\u00b0, captura m\u00e1s luz y ofrece claridad \u00f3ptima en cualquier ambiente.<\/li>\n<li><strong>Tipo de Enfoque<\/strong>: Enfoque autom\u00e1tico inteligente que ajusta la imagen en tiempo real, asegurando que permanezcas n\u00edtido aunque cambies de posici\u00f3n.<\/li>\n<li><strong>Multimedia<\/strong>: Dos micr\u00f3fonos frontales con reducci\u00f3n de ruido; brindan un audio claro y envolvente en cada transmisi\u00f3n.<\/li>\n<li><strong>Conectividad<\/strong>: Conexi\u00f3n USB-C 3.1 de primera generaci\u00f3n para una transmisi\u00f3n de datos estable y r\u00e1pida, compatible con Windows 10 y macOS 10.14 o superior.<\/li>\n<li><strong>Compatibilidad<\/strong>: Compatible con Windows y macOS. Compatible con OBS, XSplit, Streamlabs, y el software Logitech Capture, asegurando versatilidad y facilidad de uso en diversas plataformas de streaming.<\/li>\n<\/ul>\n<h3>Especificaciones T\u00e9cnicas del producto<\/h3>\n<table style=\"width: 100%; border-collapse: collapse;\" border=\"1\">\n<thead>\n<tr>\n<th style=\"background-color: #f0f0f0; text-align: left; padding-left: 20px;\" colspan=\"2\"><span style=\"font-size: 14pt;\"><strong>Caracter\u00edsticas t\u00e9cnicas<\/strong><\/span><\/th>\n<\/tr>\n<\/thead>\n<tbody>\n<tr>\n<td style=\"padding-left: 20px;\">Resoluci\u00f3n de v\u00eddeo m\u00e1xima<\/td>\n<td style=\"padding-left: 20px; padding-right: 5px;\">1080p\/60 fps en MJPEG<\/td>\n<\/tr>\n<tr>\n<td style=\"padding-left: 20px;\">Resoluciones admitidas<\/td>\n<td style=\"padding-left: 20px; padding-right: 5px;\">1920&#215;1080, 1280&#215;720, 960&#215;540, 848&#215;480, 640&#215;360, 320&#215;240<\/td>\n<\/tr>\n<tr>\n<td style=\"padding-left: 20px;\">Frecuencia de cuadro admitida<\/td>\n<td style=\"padding-left: 20px; padding-right: 5px;\"><strong>MJPEG<\/strong>: 60 fps, 30 fps, 24 fps, 20 fps, 15 fps, 10 fps, 7,5 fps, 5 fps<br \/>\n<strong>YUY2, NV12<\/strong>: 30 fps, 24 fps, 20 fps, 15 fps, 10 fps, 7,5 fps, 5 fps<\/td>\n<\/tr>\n<tr>\n<td style=\"padding-left: 20px;\">Lente<\/td>\n<td style=\"padding-left: 20px; padding-right: 5px;\">Lente de cristal Full HD premium f\/2.0 &#8211; Longitud focal 3,7 mm<\/td>\n<\/tr>\n<tr>\n<td style=\"padding-left: 20px;\">Campo visual<\/td>\n<td style=\"padding-left: 20px; padding-right: 5px;\">78\u00b0 (diagonal)<\/td>\n<\/tr>\n<tr>\n<td style=\"padding-left: 20px;\">Enfoque<\/td>\n<td style=\"padding-left: 20px; padding-right: 5px;\">Autom\u00e1tico (10 cm a infinito) \/ Facial con Logitech Capture<\/td>\n<\/tr>\n<tr>\n<td style=\"padding-left: 20px;\">Audio integrado<\/td>\n<td style=\"padding-left: 20px; padding-right: 5px;\">Dos micr\u00f3fonos omnidireccionales con filtro de reducci\u00f3n de ruido. Canal est\u00e9reo o mono doble<\/td>\n<\/tr>\n<tr>\n<td style=\"padding-left: 20px;\">Indicadores<\/td>\n<td style=\"padding-left: 20px; padding-right: 5px;\">Indicadores luminosos de estado activo LED blanco<\/td>\n<\/tr>\n<tr>\n<td style=\"padding-left: 20px;\">Cable longitud<\/td>\n<td style=\"padding-left: 20px; padding-right: 5px;\">Cable USB &#8211; C3.1 de 1,5 m<\/td>\n<\/tr>\n<tr>\n<td style=\"padding-left: 20px;\">Programas incluidos<\/td>\n<td style=\"padding-left: 20px; padding-right: 5px;\"><span style=\"color: #99cc00;\"><strong><a style=\"color: #99cc00;\" href=\"https:\/\/www.xsplit.com\/es-us\/partners\/logitech\">Licencia premium de XSplit<\/a> <\/strong><\/span>con validez de 3 meses<\/td>\n<\/tr>\n<tr>\n<th style=\"background-color: #f0f0f0; text-align: left; padding-left: 20px;\" colspan=\"2\"><span style=\"font-size: 14pt;\"><strong>Requisitos del sistema<\/strong><\/span><\/th>\n<\/tr>\n<tr>\n<td style=\"padding-left: 20px;\">Sistema operativo<\/td>\n<td style=\"padding-left: 20px; padding-right: 5px;\">Windows 10 o posterior, macOS 10.14 o posterior<\/td>\n<\/tr>\n<tr>\n<td style=\"padding-left: 20px;\">Hardware<\/td>\n<td style=\"padding-left: 20px; padding-right: 5px;\">Intel\u00ae Core\u2122 de 7.\u00aa generaci\u00f3n i5 o posterior<\/td>\n<\/tr>\n<tr>\n<td style=\"padding-left: 20px;\">Conexi\u00f3n<\/td>\n<td style=\"padding-left: 20px; padding-right: 5px;\">Conexi\u00f3n directa USB 3.1, tipo C, 1.\u00aa generaci\u00f3n<\/td>\n<\/tr>\n<tr>\n<th style=\"background-color: #f0f0f0; text-align: left; padding-left: 20px;\" colspan=\"2\"><span style=\"font-size: 14pt;\"><strong>Dimensiones y peso<\/strong><\/span><\/th>\n<\/tr>\n<tr>\n<td style=\"padding-left: 20px;\">Sin pieza de montaje<\/td>\n<td style=\"padding-left: 20px; padding-right: 5px;\">Altura: 66 mm, Anchura: 58 mm, Profundidad: 48 mm, Peso: 150 g<\/td>\n<\/tr>\n<tr>\n<td style=\"padding-left: 20px;\">Con pieza de montaje en monitor<\/td>\n<td style=\"padding-left: 20px; padding-right: 5px;\">Altura: 85 mm, Anchura: 58 mm, Profundidad: 48 mm, Peso: 222 g<\/td>\n<\/tr>\n<tr>\n<th style=\"background-color: #f0f0f0; text-align: left; padding-left: 20px;\" colspan=\"2\"><span style=\"font-size: 14pt;\"><strong>Contenido de la caja<\/strong><\/span><\/th>\n<\/tr>\n<tr>\n<td style=\"padding-left: 20px;\">Contenido<\/td>\n<td style=\"padding-left: 20px; padding-right: 5px;\">C\u00e1mara Negra con cable USB 3.1, tipo C, 1.\u00aa generaci\u00f3n de 1,5 m, Soporte para monitor, Montaje en tr\u00edpode, Documentaci\u00f3n del usuario<\/td>\n<\/tr>\n<\/tbody>\n<\/table>\n<h3><span style=\"color: #99cc00;\">Garant\u00eda y soporte: Seguridad para tus necesidades<\/span><\/h3>\n<p>Incluye una garant\u00eda de 3 a\u00f1os para asegurar que tu inversi\u00f3n est\u00e9 protegida. Adem\u00e1s, ofrecemos <a href=\"https:\/\/www.pcmadrid.es\/tienda\/categoria-producto\/reparaciones\/\"><span style=\"color: #99cc00;\">soporte t\u00e9cnico especializado<\/span><\/a> para garantizar el \u00f3ptimo funcionamiento de tu equipo.<\/p>\n","protected":false},"excerpt":{"rendered":"<p style=\"text-align: justify;\">Webcam Logitech StreamCam Full HD 1920 x 1080p a 60 fps, lente de cristal premium y enfoque autom\u00e1tico inteligente. Ideal para creadores de contenido, su encuadre autom\u00e1tico y exposici\u00f3n optimizada brindan una imagen fluida y profesional en cualquier condici\u00f3n de iluminaci\u00f3n.<\/p>\n","protected":false},"featured_media":12907,"comment_status":"open","ping_status":"closed","template":"","meta":{"_et_pb_use_builder":"","_et_pb_old_content":"","_et_gb_content_width":""},"product_brand":[],"product_cat":[65,529],"product_tag":[],"class_list":{"0":"post-12908","1":"product","2":"type-product","3":"status-publish","4":"has-post-thumbnail","6":"product_cat-todos","7":"product_cat-webcams","9":"first","10":"outofstock","11":"taxable","12":"shipping-taxable","13":"purchasable","14":"product-type-simple"},"yoast_head":"<!-- This site is optimized with the Yoast SEO plugin v27.5 - https:\/\/yoast.com\/product\/yoast-seo-wordpress\/ -->\n<title>Webcam Logitech StreamCam (1920 x 1080 Full HD, Enfoque Autom\u00e1tico, Negro) | Tienda PCMADRID<\/title>\n<meta name=\"description\" content=\"Webcam Logitech StreamCam streaming Full HD 1920x1080p 60 fps, lente de cristal premium y enfoque autom\u00e1tico inteligente. Ideal para creadores de contenido.\" \/>\n<meta name=\"robots\" content=\"index, follow, max-snippet:-1, max-image-preview:large, max-video-preview:-1\" \/>\n<link rel=\"canonical\" href=\"https:\/\/www.pcmadrid.es\/tienda\/producto\/webcam-logitech-streamcam-full-hd-2\/\" \/>\n<meta name=\"twitter:label1\" content=\"Tiempo de lectura\" \/>\n\t<meta name=\"twitter:data1\" content=\"6 minutos\" \/>\n<script type=\"application\/ld+json\" class=\"yoast-schema-graph\">{\"@context\":\"https:\\\/\\\/schema.org\",\"@graph\":[{\"@type\":\"WebPage\",\"@id\":\"https:\\\/\\\/www.pcmadrid.es\\\/tienda\\\/producto\\\/webcam-logitech-streamcam-full-hd-2\\\/\",\"url\":\"https:\\\/\\\/www.pcmadrid.es\\\/tienda\\\/producto\\\/webcam-logitech-streamcam-full-hd-2\\\/\",\"name\":\"Webcam Logitech StreamCam (1920 x 1080 Full HD, Enfoque Autom\u00e1tico, Negro) | Tienda PCMADRID\",\"isPartOf\":{\"@id\":\"https:\\\/\\\/www.pcmadrid.es\\\/tienda\\\/#website\"},\"primaryImageOfPage\":{\"@id\":\"https:\\\/\\\/www.pcmadrid.es\\\/tienda\\\/producto\\\/webcam-logitech-streamcam-full-hd-2\\\/#primaryimage\"},\"image\":{\"@id\":\"https:\\\/\\\/www.pcmadrid.es\\\/tienda\\\/producto\\\/webcam-logitech-streamcam-full-hd-2\\\/#primaryimage\"},\"thumbnailUrl\":\"https:\\\/\\\/i0.wp.com\\\/www.pcmadrid.es\\\/tienda\\\/wp-content\\\/uploads\\\/2024\\\/05\\\/art_log-webcam20streamcam20bk_1.jpg?fit=448%2C448&ssl=1\",\"datePublished\":\"2024-05-20T14:03:58+00:00\",\"dateModified\":\"2026-04-11T07:26:59+00:00\",\"description\":\"Webcam Logitech StreamCam streaming Full HD 1920x1080p 60 fps, lente de cristal premium y enfoque autom\u00e1tico inteligente. Ideal para creadores de contenido.\",\"breadcrumb\":{\"@id\":\"https:\\\/\\\/www.pcmadrid.es\\\/tienda\\\/producto\\\/webcam-logitech-streamcam-full-hd-2\\\/#breadcrumb\"},\"inLanguage\":\"es\",\"potentialAction\":[{\"@type\":\"ReadAction\",\"target\":[\"https:\\\/\\\/www.pcmadrid.es\\\/tienda\\\/producto\\\/webcam-logitech-streamcam-full-hd-2\\\/\"]}]},{\"@type\":\"ImageObject\",\"inLanguage\":\"es\",\"@id\":\"https:\\\/\\\/www.pcmadrid.es\\\/tienda\\\/producto\\\/webcam-logitech-streamcam-full-hd-2\\\/#primaryimage\",\"url\":\"https:\\\/\\\/i0.wp.com\\\/www.pcmadrid.es\\\/tienda\\\/wp-content\\\/uploads\\\/2024\\\/05\\\/art_log-webcam20streamcam20bk_1.jpg?fit=448%2C448&ssl=1\",\"contentUrl\":\"https:\\\/\\\/i0.wp.com\\\/www.pcmadrid.es\\\/tienda\\\/wp-content\\\/uploads\\\/2024\\\/05\\\/art_log-webcam20streamcam20bk_1.jpg?fit=448%2C448&ssl=1\",\"width\":448,\"height\":448},{\"@type\":\"BreadcrumbList\",\"@id\":\"https:\\\/\\\/www.pcmadrid.es\\\/tienda\\\/producto\\\/webcam-logitech-streamcam-full-hd-2\\\/#breadcrumb\",\"itemListElement\":[{\"@type\":\"ListItem\",\"position\":1,\"name\":\"Portada\",\"item\":\"https:\\\/\\\/www.pcmadrid.es\\\/tienda\\\/\"},{\"@type\":\"ListItem\",\"position\":2,\"name\":\"Todos los productos\",\"item\":\"https:\\\/\\\/www.pcmadrid.es\\\/tienda\\\/todos-los-productos\\\/\"},{\"@type\":\"ListItem\",\"position\":3,\"name\":\"Webcam Logitech StreamCam (1920 x 1080 Full HD, Enfoque Autom\u00e1tico, Negro)\"}]},{\"@type\":\"WebSite\",\"@id\":\"https:\\\/\\\/www.pcmadrid.es\\\/tienda\\\/#website\",\"url\":\"https:\\\/\\\/www.pcmadrid.es\\\/tienda\\\/\",\"name\":\"Tienda PCMADRID\",\"description\":\"Venta y reparaciones de ordenadores\",\"publisher\":{\"@id\":\"https:\\\/\\\/www.pcmadrid.es\\\/tienda\\\/#organization\"},\"potentialAction\":[{\"@type\":\"SearchAction\",\"target\":{\"@type\":\"EntryPoint\",\"urlTemplate\":\"https:\\\/\\\/www.pcmadrid.es\\\/tienda\\\/?s={search_term_string}\"},\"query-input\":{\"@type\":\"PropertyValueSpecification\",\"valueRequired\":true,\"valueName\":\"search_term_string\"}}],\"inLanguage\":\"es\"},{\"@type\":\"Organization\",\"@id\":\"https:\\\/\\\/www.pcmadrid.es\\\/tienda\\\/#organization\",\"name\":\"PCMADRID\",\"url\":\"https:\\\/\\\/www.pcmadrid.es\\\/tienda\\\/\",\"logo\":{\"@type\":\"ImageObject\",\"inLanguage\":\"es\",\"@id\":\"https:\\\/\\\/www.pcmadrid.es\\\/tienda\\\/#\\\/schema\\\/logo\\\/image\\\/\",\"url\":\"https:\\\/\\\/www.pcmadrid.es\\\/tienda\\\/wp-content\\\/uploads\\\/2019\\\/10\\\/pcmadridlogo..png\",\"contentUrl\":\"https:\\\/\\\/www.pcmadrid.es\\\/tienda\\\/wp-content\\\/uploads\\\/2019\\\/10\\\/pcmadridlogo..png\",\"width\":750,\"height\":300,\"caption\":\"PCMADRID\"},\"image\":{\"@id\":\"https:\\\/\\\/www.pcmadrid.es\\\/tienda\\\/#\\\/schema\\\/logo\\\/image\\\/\"},\"sameAs\":[\"https:\\\/\\\/www.facebook.com\\\/pcmadridinformatica\",\"https:\\\/\\\/x.com\\\/pc_madrid\",\"https:\\\/\\\/www.youtube.com\\\/channel\\\/UCIbQq9k6BBrU5x2wqDIHr7A\",\"https:\\\/\\\/www.instagram.com\\\/pcmadrid_informatica\\\/?hl=es\",\"https:\\\/\\\/www.linkedin.com\\\/company\\\/9348326\\\/admin\\\/\",\"https:\\\/\\\/www.pinterest.es\\\/pcmadrid_informatica\\\/\"]}]}<\/script>\n<!-- \/ Yoast SEO plugin. -->","yoast_head_json":{"title":"Webcam Logitech StreamCam (1920 x 1080 Full HD, Enfoque Autom\u00e1tico, Negro) | Tienda PCMADRID","description":"Webcam Logitech StreamCam streaming Full HD 1920x1080p 60 fps, lente de cristal premium y enfoque autom\u00e1tico inteligente. Ideal para creadores de contenido.","robots":{"index":"index","follow":"follow","max-snippet":"max-snippet:-1","max-image-preview":"max-image-preview:large","max-video-preview":"max-video-preview:-1"},"canonical":"https:\/\/www.pcmadrid.es\/tienda\/producto\/webcam-logitech-streamcam-full-hd-2\/","twitter_misc":{"Tiempo de lectura":"6 minutos"},"schema":{"@context":"https:\/\/schema.org","@graph":[{"@type":"WebPage","@id":"https:\/\/www.pcmadrid.es\/tienda\/producto\/webcam-logitech-streamcam-full-hd-2\/","url":"https:\/\/www.pcmadrid.es\/tienda\/producto\/webcam-logitech-streamcam-full-hd-2\/","name":"Webcam Logitech StreamCam (1920 x 1080 Full HD, Enfoque Autom\u00e1tico, Negro) | Tienda PCMADRID","isPartOf":{"@id":"https:\/\/www.pcmadrid.es\/tienda\/#website"},"primaryImageOfPage":{"@id":"https:\/\/www.pcmadrid.es\/tienda\/producto\/webcam-logitech-streamcam-full-hd-2\/#primaryimage"},"image":{"@id":"https:\/\/www.pcmadrid.es\/tienda\/producto\/webcam-logitech-streamcam-full-hd-2\/#primaryimage"},"thumbnailUrl":"https:\/\/i0.wp.com\/www.pcmadrid.es\/tienda\/wp-content\/uploads\/2024\/05\/art_log-webcam20streamcam20bk_1.jpg?fit=448%2C448&ssl=1","datePublished":"2024-05-20T14:03:58+00:00","dateModified":"2026-04-11T07:26:59+00:00","description":"Webcam Logitech StreamCam streaming Full HD 1920x1080p 60 fps, lente de cristal premium y enfoque autom\u00e1tico inteligente. Ideal para creadores de contenido.","breadcrumb":{"@id":"https:\/\/www.pcmadrid.es\/tienda\/producto\/webcam-logitech-streamcam-full-hd-2\/#breadcrumb"},"inLanguage":"es","potentialAction":[{"@type":"ReadAction","target":["https:\/\/www.pcmadrid.es\/tienda\/producto\/webcam-logitech-streamcam-full-hd-2\/"]}]},{"@type":"ImageObject","inLanguage":"es","@id":"https:\/\/www.pcmadrid.es\/tienda\/producto\/webcam-logitech-streamcam-full-hd-2\/#primaryimage","url":"https:\/\/i0.wp.com\/www.pcmadrid.es\/tienda\/wp-content\/uploads\/2024\/05\/art_log-webcam20streamcam20bk_1.jpg?fit=448%2C448&ssl=1","contentUrl":"https:\/\/i0.wp.com\/www.pcmadrid.es\/tienda\/wp-content\/uploads\/2024\/05\/art_log-webcam20streamcam20bk_1.jpg?fit=448%2C448&ssl=1","width":448,"height":448},{"@type":"BreadcrumbList","@id":"https:\/\/www.pcmadrid.es\/tienda\/producto\/webcam-logitech-streamcam-full-hd-2\/#breadcrumb","itemListElement":[{"@type":"ListItem","position":1,"name":"Portada","item":"https:\/\/www.pcmadrid.es\/tienda\/"},{"@type":"ListItem","position":2,"name":"Todos los productos","item":"https:\/\/www.pcmadrid.es\/tienda\/todos-los-productos\/"},{"@type":"ListItem","position":3,"name":"Webcam Logitech StreamCam (1920 x 1080 Full HD, Enfoque Autom\u00e1tico, Negro)"}]},{"@type":"WebSite","@id":"https:\/\/www.pcmadrid.es\/tienda\/#website","url":"https:\/\/www.pcmadrid.es\/tienda\/","name":"Tienda PCMADRID","description":"Venta y reparaciones de ordenadores","publisher":{"@id":"https:\/\/www.pcmadrid.es\/tienda\/#organization"},"potentialAction":[{"@type":"SearchAction","target":{"@type":"EntryPoint","urlTemplate":"https:\/\/www.pcmadrid.es\/tienda\/?s={search_term_string}"},"query-input":{"@type":"PropertyValueSpecification","valueRequired":true,"valueName":"search_term_string"}}],"inLanguage":"es"},{"@type":"Organization","@id":"https:\/\/www.pcmadrid.es\/tienda\/#organization","name":"PCMADRID","url":"https:\/\/www.pcmadrid.es\/tienda\/","logo":{"@type":"ImageObject","inLanguage":"es","@id":"https:\/\/www.pcmadrid.es\/tienda\/#\/schema\/logo\/image\/","url":"https:\/\/www.pcmadrid.es\/tienda\/wp-content\/uploads\/2019\/10\/pcmadridlogo..png","contentUrl":"https:\/\/www.pcmadrid.es\/tienda\/wp-content\/uploads\/2019\/10\/pcmadridlogo..png","width":750,"height":300,"caption":"PCMADRID"},"image":{"@id":"https:\/\/www.pcmadrid.es\/tienda\/#\/schema\/logo\/image\/"},"sameAs":["https:\/\/www.facebook.com\/pcmadridinformatica","https:\/\/x.com\/pc_madrid","https:\/\/www.youtube.com\/channel\/UCIbQq9k6BBrU5x2wqDIHr7A","https:\/\/www.instagram.com\/pcmadrid_informatica\/?hl=es","https:\/\/www.linkedin.com\/company\/9348326\/admin\/","https:\/\/www.pinterest.es\/pcmadrid_informatica\/"]}]}},"jetpack_sharing_enabled":true,"_links":{"self":[{"href":"https:\/\/www.pcmadrid.es\/tienda\/wp-json\/wp\/v2\/product\/12908","targetHints":{"allow":["GET"]}}],"collection":[{"href":"https:\/\/www.pcmadrid.es\/tienda\/wp-json\/wp\/v2\/product"}],"about":[{"href":"https:\/\/www.pcmadrid.es\/tienda\/wp-json\/wp\/v2\/types\/product"}],"replies":[{"embeddable":true,"href":"https:\/\/www.pcmadrid.es\/tienda\/wp-json\/wp\/v2\/comments?post=12908"}],"wp:featuredmedia":[{"embeddable":true,"href":"https:\/\/www.pcmadrid.es\/tienda\/wp-json\/wp\/v2\/media\/12907"}],"wp:attachment":[{"href":"https:\/\/www.pcmadrid.es\/tienda\/wp-json\/wp\/v2\/media?parent=12908"}],"wp:term":[{"taxonomy":"product_brand","embeddable":true,"href":"https:\/\/www.pcmadrid.es\/tienda\/wp-json\/wp\/v2\/product_brand?post=12908"},{"taxonomy":"product_cat","embeddable":true,"href":"https:\/\/www.pcmadrid.es\/tienda\/wp-json\/wp\/v2\/product_cat?post=12908"},{"taxonomy":"product_tag","embeddable":true,"href":"https:\/\/www.pcmadrid.es\/tienda\/wp-json\/wp\/v2\/product_tag?post=12908"}],"curies":[{"name":"wp","href":"https:\/\/api.w.org\/{rel}","templated":true}]}}