{"id":12984,"date":"2024-05-20T16:32:45","date_gmt":"2024-05-20T14:32:45","guid":{"rendered":"https:\/\/www.pcmadrid.es\/tienda\/producto\/teclado-y-raton-inalambrico-logitech-unifying-mk850-performance\/"},"modified":"2025-06-23T13:59:09","modified_gmt":"2025-06-23T11:59:09","slug":"teclado-y-raton-inalambrico-logitech-unifying-mk850","status":"publish","type":"product","link":"https:\/\/www.pcmadrid.es\/tienda\/producto\/teclado-y-raton-inalambrico-logitech-unifying-mk850\/","title":{"rendered":"Teclado y Rat\u00f3n Inal\u00e1mbrico Logitech Unifying MK850 Performance"},"content":{"rendered":"<p>&nbsp;<\/p>\n<h2 style=\"text-align: center\"><span style=\"color: #99cc00;line-height: 125%\">Teclado y Rat\u00f3n Inal\u00e1mbrico Logitech Unifying MK850 Performance<\/span><\/h2>\n<h3><strong>Comodidad y rendimiento inal\u00e1mbrico en un solo conjunto<\/strong><\/h3>\n<p style=\"text-align: justify\">El Teclado y Rat\u00f3n Inal\u00e1mbrico Logitech Unifying MK850 Performance est\u00e1 dise\u00f1ado para ofrecerte una experiencia de trabajo c\u00f3moda y eficiente. Equipado con la <strong><span style=\"color: #99cc00\"><a style=\"color: #99cc00\" href=\"https:\/\/www.logitech.com\/es-es\/resource-center\/what-is-unifying.html?\">tecnolog\u00eda Unifying de Logitech<\/a><\/span><\/strong>\u00a0puedes conectar m\u00faltiples dispositivos con un solo receptor USB.<\/p>\n<ul>\n<li style=\"text-align: justify\">Disfruta de un nivel superior de comodidad y Productividad con el potente Logitech\u00ae MK850 Performance Wireless Keyboard and Mouse Combo.<\/li>\n<li style=\"text-align: justify\">Recorre r\u00e1pidamente documentos y p\u00e1ginas Web con el desplazamiento superr\u00e1pido.<\/li>\n<li style=\"text-align: justify\">Y escribe de forma silenciosa y eficiente en un teclado de tama\u00f1o normal con teclas creadas con esmero.<\/li>\n<li style=\"text-align: justify\">El reposamanos acolchado y la estructura de teclas curvada aportan comodidad a tus manos.<\/li>\n<li style=\"text-align: justify\">Las patas ajustables ofrecen el \u00e1ngulo de escritura perfecto, y el dise\u00f1o contorneado del mouse se ajusta c\u00f3modamente a la palma de la mano.<\/li>\n<li style=\"text-align: justify\">Escribe y cambia f\u00e1cilmente entre la PC, la tablet y el smartphone.<\/li>\n<li style=\"text-align: justify\">El rat\u00f3n puede estar emparejado simult\u00e1neamente con 3 dispositivos.<\/li>\n<li style=\"text-align: justify\">Cualquier dispositivo con USB o Bluetooth Smart Ready compatible con teclados externos (perfil HID)<\/li>\n<\/ul>\n<h3><strong>Especificaciones clave: Funcionalidad y dise\u00f1o ergon\u00f3mico<\/strong><\/h3>\n<ul>\n<li>\n<p style=\"text-align: justify\"><strong>Conectividad:<\/strong> Conexi\u00f3n inal\u00e1mbrica a trav\u00e9s de Bluetooth Smart y tecnolog\u00eda Unifying de 2,4 GHz, con hasta tres dispositivos emparejados y alternancia sencilla.<\/p>\n<\/li>\n<li style=\"text-align: justify\"><strong>Teclado:<\/strong> Teclado ergon\u00f3mico de tama\u00f1o completo con soporte acolchado para mu\u00f1ecas y bloque num\u00e9rico, ideal para trabajar con confort durante todo el d\u00eda.<\/li>\n<li style=\"text-align: justify\"><strong>Rat\u00f3n:<\/strong> Rat\u00f3n ergon\u00f3mico con sensor \u00f3ptico avanzado, desplazamiento superr\u00e1pido y ocho botones programables para m\u00e1xima personalizaci\u00f3n.<\/li>\n<li style=\"text-align: justify\"><strong>Alcance inal\u00e1mbrico:<\/strong> Hasta 10 metros sin interferencias, permitiendo movilidad total dentro del espacio de trabajo.<\/li>\n<li>\n<p style=\"text-align: justify\"><strong>Compatibilidad:<\/strong> Compatible con Windows, macOS, iOS, Chrome OS y dispositivos Android con Bluetooth, ofreciendo flexibilidad total en cualquier entorno.<\/p>\n<\/li>\n<\/ul>\n<h3><strong>Beneficios clave: Comodidad y rendimiento prolongado<\/strong><\/h3>\n<p style=\"text-align: justify\"><strong>Productividad en m\u00faltiples dispositivos:<\/strong> Gracias a su capacidad de emparejamiento con hasta tres dispositivos, el MK850 permite alternar r\u00e1pidamente entre distintos sistemas operativos, ideal para quienes usan m\u00faltiples plataformas. Esto facilita realizar tareas sin interrupciones y desde cualquier dispositivo.<\/p>\n<p style=\"text-align: justify\"><strong>Comodidad ergon\u00f3mica para largas sesiones:<\/strong> El teclado cuenta con soporte acolchado para las mu\u00f1ecas y teclas curvadas, mientras que el rat\u00f3n se adapta c\u00f3modamente a la mano. Este dise\u00f1o reduce la tensi\u00f3n durante largas jornadas, mejorando la postura y aumentando la comodidad en cada pulsaci\u00f3n y clic.<\/p>\n<h3><strong>Especificaciones t\u00e9cnicas Teclado y Rat\u00f3n Inal\u00e1mbrico Logitech Unifying MK850<\/strong><\/h3>\n<table style=\"width: 100%;border-collapse: collapse;height: 792px\">\n<tbody>\n<tr style=\"height: 23px\">\n<td style=\"border: 1px solid #dddddd;background-color: #f2f2f2;padding: 8px;height: 23px;width: 99.8523%\" colspan=\"2\"><span style=\"font-size: 14pt\">Teclado<\/span><\/td>\n<\/tr>\n<tr style=\"height: 47px\">\n<td style=\"border: 1px solid #dddddd;padding: 8px;height: 47px;width: 26.5879%\">Tipo de conexi\u00f3n<\/td>\n<td style=\"border: 1px solid #dddddd;padding: 8px;height: 47px;width: 73.2644%\">Conexi\u00f3n inal\u00e1mbrica Bluetooth\u00ae Smart y de 2,4 GHz<\/td>\n<\/tr>\n<tr style=\"height: 47px\">\n<td style=\"border: 1px solid #dddddd;padding: 8px;height: 47px;width: 26.5879%\">Radio inal\u00e1mbrico<\/td>\n<td style=\"border: 1px solid #dddddd;padding: 8px;height: 47px;width: 73.2644%\">10 m. El radio de acci\u00f3n inal\u00e1mbrico depende del entorno operativo y de la configuraci\u00f3n del ordenador.<\/td>\n<\/tr>\n<tr style=\"height: 47px\">\n<td style=\"border: 1px solid #dddddd;padding: 8px;height: 47px;width: 26.5879%\">Cifrado inal\u00e1mbrico<\/td>\n<td style=\"border: 1px solid #dddddd;padding: 8px;height: 47px;width: 73.2644%\">S\u00ed. Cifrado inal\u00e1mbrico entre el teclado y el ordenador o el dispositivo m\u00f3vil conectado.<\/td>\n<\/tr>\n<tr style=\"height: 47px\">\n<td style=\"border: 1px solid #dddddd;padding: 8px;height: 47px;width: 26.5879%\">Detalles de pilas<\/td>\n<td style=\"border: 1px solid #dddddd;padding: 8px;height: 47px;width: 73.2644%\">\u00a02 x AAA<\/td>\n<\/tr>\n<tr style=\"height: 47px\">\n<td style=\"border: 1px solid #dddddd;padding: 8px;height: 47px;width: 26.5879%\">Duraci\u00f3n de pilas<\/td>\n<td style=\"border: 1px solid #dddddd;padding: 8px;height: 47px;width: 73.2644%\">\u00a036 meses. Duraci\u00f3n de pilas de teclado calculada seg\u00fan una estimaci\u00f3n de dos millones de pulsaciones al a\u00f1o en un entorno empresarial. La duraci\u00f3n de las pilas depende del uso y de los dispositivos.<\/td>\n<\/tr>\n<tr style=\"height: 23px\">\n<td style=\"border: 1px solid #dddddd;padding: 8px;height: 23px;width: 26.5879%\">Dimensiones<\/td>\n<td style=\"border: 1px solid #dddddd;padding: 8px;height: 23px;width: 73.2644%\">25 mm X 430 mm x 210 mm (Altura x Anchura x Profundidad:)<\/td>\n<\/tr>\n<tr style=\"height: 23px\">\n<td style=\"border: 1px solid #dddddd;padding: 8px;height: 23px;width: 26.5879%\">Peso<\/td>\n<td style=\"border: 1px solid #dddddd;padding: 8px;height: 23px;width: 73.2644%\">733 g (incluidas 2 pilas AAA)<\/td>\n<\/tr>\n<tr style=\"height: 23px\">\n<td style=\"border: 1px solid #dddddd;background-color: #f2f2f2;padding: 8px;height: 23px;width: 99.8523%\" colspan=\"2\"><span style=\"font-size: 14pt\">Rat\u00f3n<\/span><\/td>\n<\/tr>\n<tr style=\"height: 23px\">\n<td style=\"border: 1px solid #dddddd;padding: 8px;height: 23px;width: 26.5879%\">Tipo de conexi\u00f3n<\/td>\n<td style=\"border: 1px solid #dddddd;padding: 8px;height: 23px;width: 73.2644%\">Conexi\u00f3n inal\u00e1mbrica Bluetooth Smart y de 2,4 GHz<\/td>\n<\/tr>\n<tr style=\"height: 47px\">\n<td style=\"border: 1px solid #dddddd;padding: 8px;height: 47px;width: 26.5879%\">Radio inal\u00e1mbrico:<\/td>\n<td style=\"border: 1px solid #dddddd;padding: 8px;height: 47px;width: 73.2644%\">10 m. El radio de acci\u00f3n inal\u00e1mbrico depende del entorno operativo y de la configuraci\u00f3n del ordenador.<\/td>\n<\/tr>\n<tr style=\"height: 23px\">\n<td style=\"border: 1px solid #dddddd;padding: 8px;height: 23px;width: 26.5879%\">Detalles de pilas:<\/td>\n<td style=\"border: 1px solid #dddddd;padding: 8px;height: 23px;width: 73.2644%\">\u00a01 pila AA<\/td>\n<\/tr>\n<tr style=\"height: 23px\">\n<td style=\"border: 1px solid #dddddd;padding: 8px;height: 23px;width: 26.5879%\">Duraci\u00f3n de pilas:<\/td>\n<td style=\"border: 1px solid #dddddd;padding: 8px;height: 23px;width: 73.2644%\">\u00a024 meses. La duraci\u00f3n de las pilas depende del uso y de los dispositivos.<\/td>\n<\/tr>\n<tr style=\"height: 23px\">\n<td style=\"border: 1px solid #dddddd;padding: 8px;height: 23px;width: 26.5879%\">Tecnolog\u00eda de sensor<\/td>\n<td style=\"border: 1px solid #dddddd;padding: 8px;height: 23px;width: 73.2644%\">\u00a0Seguimiento \u00f3ptico avanzado de Logitech<\/td>\n<\/tr>\n<tr style=\"height: 23px\">\n<td style=\"border: 1px solid #dddddd;padding: 8px;height: 23px;width: 26.5879%\">Resoluci\u00f3n de sensor<\/td>\n<td style=\"border: 1px solid #dddddd;padding: 8px;height: 23px;width: 73.2644%\">\u00a01000 dpi<\/td>\n<\/tr>\n<tr style=\"height: 23px\">\n<td style=\"border: 1px solid #dddddd;padding: 8px;height: 23px;width: 26.5879%\">Bot\u00f3n rueda<\/td>\n<td style=\"border: 1px solid #dddddd;padding: 8px;height: 23px;width: 73.2644%\">\u00a0Superr\u00e1pido<\/td>\n<\/tr>\n<tr style=\"height: 23px\">\n<td style=\"border: 1px solid #dddddd;padding: 8px;height: 23px;width: 26.5879%\">N\u00famero de botones<\/td>\n<td style=\"border: 1px solid #dddddd;padding: 8px;height: 23px;width: 73.2644%\">8<\/td>\n<\/tr>\n<tr style=\"height: 23px\">\n<td style=\"border: 1px solid #dddddd;padding: 8px;height: 23px;width: 26.5879%\">Dimensiones<\/td>\n<td style=\"border: 1px solid #dddddd;padding: 8px;height: 23px;width: 73.2644%\">\u00a045 mm x 74 mm x 115 mm (Altura x Anchura x Profundidad)<\/td>\n<\/tr>\n<tr style=\"height: 23px\">\n<td style=\"border: 1px solid #dddddd;padding: 8px;height: 23px;width: 26.5879%\">Peso:<\/td>\n<td style=\"border: 1px solid #dddddd;padding: 8px;height: 23px;width: 73.2644%\">135 g (incluida 1 pila AA)<\/td>\n<\/tr>\n<tr style=\"height: 23px\">\n<td style=\"border: 1px solid #dddddd;background-color: #f2f2f2;padding: 8px;height: 23px;width: 99.8523%\" colspan=\"2\"><span style=\"font-size: 14pt\">Requisitos Del Sistema<\/span><\/td>\n<\/tr>\n<tr style=\"height: 47px\">\n<td style=\"border: 1px solid #dddddd;padding: 8px;height: 47px;width: 26.5879%\">Teclado Unifying:<\/td>\n<td style=\"border: 1px solid #dddddd;padding: 8px;height: 47px;width: 73.2644%\">Windows\u00ae 10 o posterior, Windows 8, Windows 7, Mac OS X 10.10 o posterior, Chrome OS<\/td>\n<\/tr>\n<tr style=\"height: 47px\">\n<td style=\"border: 1px solid #dddddd;padding: 8px;height: 47px;width: 26.5879%\">Teclado Bluetooth<\/td>\n<td style=\"border: 1px solid #dddddd;padding: 8px;height: 47px;width: 73.2644%\">Windows 10 o posterior, Windows 8, Mac OS X 10.10 o posterior, iOS 5 o posterior, Chrome OS, Android 5.0 o posterior<\/td>\n<\/tr>\n<tr style=\"height: 47px\">\n<td style=\"border: 1px solid #dddddd;padding: 8px;height: 47px;width: 26.5879%\">Rat\u00f3n Unifying<\/td>\n<td style=\"border: 1px solid #dddddd;padding: 8px;height: 47px;width: 73.2644%\">\u00a0Windows 10 o posterior, Windows 8, Windows 7, Mac OS X 10.10 o posterior, Chrome OS<\/td>\n<\/tr>\n<tr style=\"height: 47px\">\n<td style=\"border: 1px solid #dddddd;padding: 8px;height: 47px;width: 26.5879%\">Rat\u00f3n Bluetooth<\/td>\n<td style=\"border: 1px solid #dddddd;padding: 8px;height: 47px;width: 73.2644%\">\u00a0Windows 10 o posterior, Windows 8, Mac OS X 10.10 o posterior, Chrome OS<\/td>\n<\/tr>\n<\/tbody>\n<\/table>\n<h2><span style=\"color: #99cc00;font-size: 22px\">Garant\u00eda y soporte: Seguridad para tus necesidades<\/span><\/h2>\n<p>Incluye una garant\u00eda de 3 a\u00f1os para asegurar que tu inversi\u00f3n est\u00e9 protegida. Adem\u00e1s, ofrecemos <a href=\"https:\/\/www.pcmadrid.es\/tienda\/categoria-producto\/reparaciones\/\"><span style=\"color: #99cc00\">soporte t\u00e9cnico especializado<\/span><\/a> para garantizar el \u00f3ptimo funcionamiento de tu equipo.<\/p>\n","protected":false},"excerpt":{"rendered":"<p style=\"text-align: justify\">El Teclado y Rat\u00f3n Inal\u00e1mbrico Logitech Unifying MK850 ergon\u00f3mico proporciona comodidad y eficiencia con su reposamanos y patas inclinables. Permite emparejarse con hasta tres dispositivos y cambiar entre ellos f\u00e1cilmente, ideal para quienes utilizan m\u00faltiples equipos como PC, tabletas y tel\u00e9fonos, mientras que los botones de acceso r\u00e1pido mejoran la productividad.<\/p>\n","protected":false},"featured_media":12983,"comment_status":"open","ping_status":"closed","template":"","meta":{"_et_pb_use_builder":"","_et_pb_old_content":"","_et_gb_content_width":""},"product_brand":[],"product_cat":[530,65],"product_tag":[],"class_list":{"0":"post-12984","1":"product","2":"type-product","3":"status-publish","4":"has-post-thumbnail","6":"product_cat-teclados","7":"product_cat-todos","9":"first","10":"instock","11":"taxable","12":"shipping-taxable","13":"purchasable","14":"product-type-simple"},"yoast_head":"<!-- This site is optimized with the Yoast SEO plugin v26.5 - https:\/\/yoast.com\/wordpress\/plugins\/seo\/ -->\n<title>Teclado y Rat\u00f3n Inal\u00e1mbrico Logitech Unifying MK850 Performance | Tienda PCMADRID<\/title>\n<meta name=\"description\" content=\"Teclado y Rat\u00f3n Inal\u00e1mbrico Logitech Unifying MK850 ergon\u00f3mico: reposamanos y patas inclinables. Multidispositivo PC, tabletas, tel\u00e9fonos. Comodidad.\" \/>\n<meta name=\"robots\" content=\"index, follow, max-snippet:-1, max-image-preview:large, max-video-preview:-1\" \/>\n<link rel=\"canonical\" href=\"https:\/\/www.pcmadrid.es\/tienda\/producto\/teclado-y-raton-inalambrico-logitech-unifying-mk850\/\" \/>\n<meta name=\"twitter:label1\" content=\"Tiempo de lectura\" \/>\n\t<meta name=\"twitter:data1\" content=\"4 minutos\" \/>\n<script type=\"application\/ld+json\" class=\"yoast-schema-graph\">{\"@context\":\"https:\/\/schema.org\",\"@graph\":[{\"@type\":\"WebPage\",\"@id\":\"https:\/\/www.pcmadrid.es\/tienda\/producto\/teclado-y-raton-inalambrico-logitech-unifying-mk850\/\",\"url\":\"https:\/\/www.pcmadrid.es\/tienda\/producto\/teclado-y-raton-inalambrico-logitech-unifying-mk850\/\",\"name\":\"Teclado y Rat\u00f3n Inal\u00e1mbrico Logitech Unifying MK850 Performance | Tienda PCMADRID\",\"isPartOf\":{\"@id\":\"https:\/\/www.pcmadrid.es\/tienda\/#website\"},\"primaryImageOfPage\":{\"@id\":\"https:\/\/www.pcmadrid.es\/tienda\/producto\/teclado-y-raton-inalambrico-logitech-unifying-mk850\/#primaryimage\"},\"image\":{\"@id\":\"https:\/\/www.pcmadrid.es\/tienda\/producto\/teclado-y-raton-inalambrico-logitech-unifying-mk850\/#primaryimage\"},\"thumbnailUrl\":\"https:\/\/i0.wp.com\/www.pcmadrid.es\/tienda\/wp-content\/uploads\/2024\/05\/art_log-desk20mk85020p_1.jpg?fit=448%2C448&ssl=1\",\"datePublished\":\"2024-05-20T14:32:45+00:00\",\"dateModified\":\"2025-06-23T11:59:09+00:00\",\"description\":\"Teclado y Rat\u00f3n Inal\u00e1mbrico Logitech Unifying MK850 ergon\u00f3mico: reposamanos y patas inclinables. Multidispositivo PC, tabletas, tel\u00e9fonos. Comodidad.\",\"breadcrumb\":{\"@id\":\"https:\/\/www.pcmadrid.es\/tienda\/producto\/teclado-y-raton-inalambrico-logitech-unifying-mk850\/#breadcrumb\"},\"inLanguage\":\"es\",\"potentialAction\":[{\"@type\":\"ReadAction\",\"target\":[\"https:\/\/www.pcmadrid.es\/tienda\/producto\/teclado-y-raton-inalambrico-logitech-unifying-mk850\/\"]}]},{\"@type\":\"ImageObject\",\"inLanguage\":\"es\",\"@id\":\"https:\/\/www.pcmadrid.es\/tienda\/producto\/teclado-y-raton-inalambrico-logitech-unifying-mk850\/#primaryimage\",\"url\":\"https:\/\/i0.wp.com\/www.pcmadrid.es\/tienda\/wp-content\/uploads\/2024\/05\/art_log-desk20mk85020p_1.jpg?fit=448%2C448&ssl=1\",\"contentUrl\":\"https:\/\/i0.wp.com\/www.pcmadrid.es\/tienda\/wp-content\/uploads\/2024\/05\/art_log-desk20mk85020p_1.jpg?fit=448%2C448&ssl=1\",\"width\":448,\"height\":448},{\"@type\":\"BreadcrumbList\",\"@id\":\"https:\/\/www.pcmadrid.es\/tienda\/producto\/teclado-y-raton-inalambrico-logitech-unifying-mk850\/#breadcrumb\",\"itemListElement\":[{\"@type\":\"ListItem\",\"position\":1,\"name\":\"Portada\",\"item\":\"https:\/\/www.pcmadrid.es\/tienda\/\"},{\"@type\":\"ListItem\",\"position\":2,\"name\":\"Todos los productos\",\"item\":\"https:\/\/www.pcmadrid.es\/tienda\/todos-los-productos\/\"},{\"@type\":\"ListItem\",\"position\":3,\"name\":\"Teclado y Rat\u00f3n Inal\u00e1mbrico Logitech Unifying MK850 Performance\"}]},{\"@type\":\"WebSite\",\"@id\":\"https:\/\/www.pcmadrid.es\/tienda\/#website\",\"url\":\"https:\/\/www.pcmadrid.es\/tienda\/\",\"name\":\"Tienda PCMADRID\",\"description\":\"Venta y reparaciones de ordenadores\",\"publisher\":{\"@id\":\"https:\/\/www.pcmadrid.es\/tienda\/#organization\"},\"potentialAction\":[{\"@type\":\"SearchAction\",\"target\":{\"@type\":\"EntryPoint\",\"urlTemplate\":\"https:\/\/www.pcmadrid.es\/tienda\/?s={search_term_string}\"},\"query-input\":{\"@type\":\"PropertyValueSpecification\",\"valueRequired\":true,\"valueName\":\"search_term_string\"}}],\"inLanguage\":\"es\"},{\"@type\":\"Organization\",\"@id\":\"https:\/\/www.pcmadrid.es\/tienda\/#organization\",\"name\":\"PCMADRID\",\"url\":\"https:\/\/www.pcmadrid.es\/tienda\/\",\"logo\":{\"@type\":\"ImageObject\",\"inLanguage\":\"es\",\"@id\":\"https:\/\/www.pcmadrid.es\/tienda\/#\/schema\/logo\/image\/\",\"url\":\"https:\/\/i0.wp.com\/www.pcmadrid.es\/tienda\/wp-content\/uploads\/2019\/10\/pcmadridlogo..png?fit=750%2C300&ssl=1\",\"contentUrl\":\"https:\/\/i0.wp.com\/www.pcmadrid.es\/tienda\/wp-content\/uploads\/2019\/10\/pcmadridlogo..png?fit=750%2C300&ssl=1\",\"width\":750,\"height\":300,\"caption\":\"PCMADRID\"},\"image\":{\"@id\":\"https:\/\/www.pcmadrid.es\/tienda\/#\/schema\/logo\/image\/\"},\"sameAs\":[\"https:\/\/www.facebook.com\/pcmadridinformatica\",\"https:\/\/x.com\/pc_madrid\",\"https:\/\/www.youtube.com\/channel\/UCIbQq9k6BBrU5x2wqDIHr7A\",\"https:\/\/www.instagram.com\/pcmadrid_informatica\/?hl=es\",\"https:\/\/www.linkedin.com\/company\/9348326\/admin\/\",\"https:\/\/www.pinterest.es\/pcmadrid_informatica\/\"]}]}<\/script>\n<!-- \/ Yoast SEO plugin. -->","yoast_head_json":{"title":"Teclado y Rat\u00f3n Inal\u00e1mbrico Logitech Unifying MK850 Performance | Tienda PCMADRID","description":"Teclado y Rat\u00f3n Inal\u00e1mbrico Logitech Unifying MK850 ergon\u00f3mico: reposamanos y patas inclinables. Multidispositivo PC, tabletas, tel\u00e9fonos. Comodidad.","robots":{"index":"index","follow":"follow","max-snippet":"max-snippet:-1","max-image-preview":"max-image-preview:large","max-video-preview":"max-video-preview:-1"},"canonical":"https:\/\/www.pcmadrid.es\/tienda\/producto\/teclado-y-raton-inalambrico-logitech-unifying-mk850\/","twitter_misc":{"Tiempo de lectura":"4 minutos"},"schema":{"@context":"https:\/\/schema.org","@graph":[{"@type":"WebPage","@id":"https:\/\/www.pcmadrid.es\/tienda\/producto\/teclado-y-raton-inalambrico-logitech-unifying-mk850\/","url":"https:\/\/www.pcmadrid.es\/tienda\/producto\/teclado-y-raton-inalambrico-logitech-unifying-mk850\/","name":"Teclado y Rat\u00f3n Inal\u00e1mbrico Logitech Unifying MK850 Performance | Tienda PCMADRID","isPartOf":{"@id":"https:\/\/www.pcmadrid.es\/tienda\/#website"},"primaryImageOfPage":{"@id":"https:\/\/www.pcmadrid.es\/tienda\/producto\/teclado-y-raton-inalambrico-logitech-unifying-mk850\/#primaryimage"},"image":{"@id":"https:\/\/www.pcmadrid.es\/tienda\/producto\/teclado-y-raton-inalambrico-logitech-unifying-mk850\/#primaryimage"},"thumbnailUrl":"https:\/\/i0.wp.com\/www.pcmadrid.es\/tienda\/wp-content\/uploads\/2024\/05\/art_log-desk20mk85020p_1.jpg?fit=448%2C448&ssl=1","datePublished":"2024-05-20T14:32:45+00:00","dateModified":"2025-06-23T11:59:09+00:00","description":"Teclado y Rat\u00f3n Inal\u00e1mbrico Logitech Unifying MK850 ergon\u00f3mico: reposamanos y patas inclinables. Multidispositivo PC, tabletas, tel\u00e9fonos. Comodidad.","breadcrumb":{"@id":"https:\/\/www.pcmadrid.es\/tienda\/producto\/teclado-y-raton-inalambrico-logitech-unifying-mk850\/#breadcrumb"},"inLanguage":"es","potentialAction":[{"@type":"ReadAction","target":["https:\/\/www.pcmadrid.es\/tienda\/producto\/teclado-y-raton-inalambrico-logitech-unifying-mk850\/"]}]},{"@type":"ImageObject","inLanguage":"es","@id":"https:\/\/www.pcmadrid.es\/tienda\/producto\/teclado-y-raton-inalambrico-logitech-unifying-mk850\/#primaryimage","url":"https:\/\/i0.wp.com\/www.pcmadrid.es\/tienda\/wp-content\/uploads\/2024\/05\/art_log-desk20mk85020p_1.jpg?fit=448%2C448&ssl=1","contentUrl":"https:\/\/i0.wp.com\/www.pcmadrid.es\/tienda\/wp-content\/uploads\/2024\/05\/art_log-desk20mk85020p_1.jpg?fit=448%2C448&ssl=1","width":448,"height":448},{"@type":"BreadcrumbList","@id":"https:\/\/www.pcmadrid.es\/tienda\/producto\/teclado-y-raton-inalambrico-logitech-unifying-mk850\/#breadcrumb","itemListElement":[{"@type":"ListItem","position":1,"name":"Portada","item":"https:\/\/www.pcmadrid.es\/tienda\/"},{"@type":"ListItem","position":2,"name":"Todos los productos","item":"https:\/\/www.pcmadrid.es\/tienda\/todos-los-productos\/"},{"@type":"ListItem","position":3,"name":"Teclado y Rat\u00f3n Inal\u00e1mbrico Logitech Unifying MK850 Performance"}]},{"@type":"WebSite","@id":"https:\/\/www.pcmadrid.es\/tienda\/#website","url":"https:\/\/www.pcmadrid.es\/tienda\/","name":"Tienda PCMADRID","description":"Venta y reparaciones de ordenadores","publisher":{"@id":"https:\/\/www.pcmadrid.es\/tienda\/#organization"},"potentialAction":[{"@type":"SearchAction","target":{"@type":"EntryPoint","urlTemplate":"https:\/\/www.pcmadrid.es\/tienda\/?s={search_term_string}"},"query-input":{"@type":"PropertyValueSpecification","valueRequired":true,"valueName":"search_term_string"}}],"inLanguage":"es"},{"@type":"Organization","@id":"https:\/\/www.pcmadrid.es\/tienda\/#organization","name":"PCMADRID","url":"https:\/\/www.pcmadrid.es\/tienda\/","logo":{"@type":"ImageObject","inLanguage":"es","@id":"https:\/\/www.pcmadrid.es\/tienda\/#\/schema\/logo\/image\/","url":"https:\/\/i0.wp.com\/www.pcmadrid.es\/tienda\/wp-content\/uploads\/2019\/10\/pcmadridlogo..png?fit=750%2C300&ssl=1","contentUrl":"https:\/\/i0.wp.com\/www.pcmadrid.es\/tienda\/wp-content\/uploads\/2019\/10\/pcmadridlogo..png?fit=750%2C300&ssl=1","width":750,"height":300,"caption":"PCMADRID"},"image":{"@id":"https:\/\/www.pcmadrid.es\/tienda\/#\/schema\/logo\/image\/"},"sameAs":["https:\/\/www.facebook.com\/pcmadridinformatica","https:\/\/x.com\/pc_madrid","https:\/\/www.youtube.com\/channel\/UCIbQq9k6BBrU5x2wqDIHr7A","https:\/\/www.instagram.com\/pcmadrid_informatica\/?hl=es","https:\/\/www.linkedin.com\/company\/9348326\/admin\/","https:\/\/www.pinterest.es\/pcmadrid_informatica\/"]}]}},"jetpack_sharing_enabled":true,"_links":{"self":[{"href":"https:\/\/www.pcmadrid.es\/tienda\/wp-json\/wp\/v2\/product\/12984","targetHints":{"allow":["GET"]}}],"collection":[{"href":"https:\/\/www.pcmadrid.es\/tienda\/wp-json\/wp\/v2\/product"}],"about":[{"href":"https:\/\/www.pcmadrid.es\/tienda\/wp-json\/wp\/v2\/types\/product"}],"replies":[{"embeddable":true,"href":"https:\/\/www.pcmadrid.es\/tienda\/wp-json\/wp\/v2\/comments?post=12984"}],"wp:featuredmedia":[{"embeddable":true,"href":"https:\/\/www.pcmadrid.es\/tienda\/wp-json\/wp\/v2\/media\/12983"}],"wp:attachment":[{"href":"https:\/\/www.pcmadrid.es\/tienda\/wp-json\/wp\/v2\/media?parent=12984"}],"wp:term":[{"taxonomy":"product_brand","embeddable":true,"href":"https:\/\/www.pcmadrid.es\/tienda\/wp-json\/wp\/v2\/product_brand?post=12984"},{"taxonomy":"product_cat","embeddable":true,"href":"https:\/\/www.pcmadrid.es\/tienda\/wp-json\/wp\/v2\/product_cat?post=12984"},{"taxonomy":"product_tag","embeddable":true,"href":"https:\/\/www.pcmadrid.es\/tienda\/wp-json\/wp\/v2\/product_tag?post=12984"}],"curies":[{"name":"wp","href":"https:\/\/api.w.org\/{rel}","templated":true}]}}