{"id":12988,"date":"2024-05-20T16:32:47","date_gmt":"2024-05-20T14:32:47","guid":{"rendered":"https:\/\/www.pcmadrid.es\/tienda\/producto\/teclado-para-smart-tv-logitech-wireless-touch-k400-plus\/"},"modified":"2025-06-23T13:59:09","modified_gmt":"2025-06-23T11:59:09","slug":"teclado-inalambrico-con-touchpad-2","status":"publish","type":"product","link":"https:\/\/www.pcmadrid.es\/tienda\/producto\/teclado-inalambrico-con-touchpad-2\/","title":{"rendered":"Teclado Inal\u00e1mbrico con Touchpad para Smart TV Logitech K400 Plus (Negro)"},"content":{"rendered":"<p>&nbsp;<\/p>\n<h2 style=\"text-align: center\"><span style=\"color: #99cc00;line-height: 125%\">Teclado Inal\u00e1mbrico con Touchpad para Smart TV Logitech K400 Plus (Negro)<\/span><\/h2>\n<p>&nbsp;<\/p>\n<h3>Rel\u00e1jate y controla tu TV sin complicaciones con el Teclado Inal\u00e1mbrico todo en uno: teclado y touchpad para tu Smart TV<\/h3>\n<p style=\"text-align: justify\">Disfruta de la comodidad de navegar por tu TV con el Logitech K400 Plus. Su dise\u00f1o inal\u00e1mbrico y el touchpad integrado eliminan la necesidad de m\u00faltiples dispositivos, permiti\u00e9ndote acceder a tus aplicaciones favoritas y controlar la reproducci\u00f3n de medios con facilidad. \u00a0Con un alcance inal\u00e1mbrico de hasta 10 metros, el K400 Plus te ofrece la libertad de moverte por la habitaci\u00f3n mientras controlas tu PC conectado al televisor. Sus teclas suaves y silenciosas, junto con un touchpad de 9 cm, facilitan una experiencia de usuario fluida y relajada.<\/p>\n<h3>Especificaciones clave: Todo en uno y Control sin esfuerzo<\/h3>\n<p style=\"text-align: justify\">El Teclado Inal\u00e1mbrico con Touchpad Logitech K400 Plus no solo simplifica tu configuraci\u00f3n de entretenimiento, sino que tambi\u00e9n es compatible con una amplia gama de dispositivos. Desde smart TVs hasta ordenadores, este teclado t\u00e1ctil es la soluci\u00f3n perfecta para disfrutar de tus contenidos multimedia sin complicaciones.<\/p>\n<p style=\"padding-left: 40px;text-align: justify\"><strong>Teclado HTPC multimedia para televisores conectados a PC:<\/strong><\/p>\n<ul>\n<li style=\"list-style-type: none\">\n<ul>\n<li style=\"list-style-type: none\">\n<ul>\n<li style=\"text-align: justify\">Con K400 Plus, te sentir\u00e1s c\u00f3modo al instante. La distribuci\u00f3n est\u00e1 dise\u00f1ada para una interacci\u00f3n multimedia relajada.<\/li>\n<li style=\"text-align: justify\">Accede f\u00e1cilmente a los controles de volumen y las teclas de flecha.<\/li>\n<li style=\"text-align: justify\">El segundo bot\u00f3n de clic izquierdo te permite navegar y seleccionar con ambas manos.<\/li>\n<li style=\"text-align: justify\">Accesos directos para usuarios de Windows\u00ae y Android\u0099.<\/li>\n<li style=\"text-align: justify\">Los botones de acceso r\u00e1pido se pueden usar sin configuraci\u00f3n previa.<\/li>\n<\/ul>\n<\/li>\n<\/ul>\n<\/li>\n<\/ul>\n<p style=\"padding-left: 40px;text-align: justify\"><strong>Dise\u00f1ado para un control relajado:<\/strong> El uso de multimedia de PC a TV no tiene por qu\u00e9 ser complicado. Rel\u00e1jate y navega en tu ordenador conectado al televisor desde la comodidad del sof\u00e1.<\/p>\n<p style=\"padding-left: 40px;text-align: justify\"><strong>Teclado inal\u00e1mbrico con touchpad integrado:<\/strong> Disfruta de un control simplificado de tu sistema multimedia PC a TV, sin los inconvenientes de tener el teclado y el rat\u00f3n por separado. Las teclas c\u00f3modas y silenciosas, as\u00ed como el amplio touchpad (9 cm o 3,5 in), te permiten navegar con total facilidad.<\/p>\n<p style=\"padding-left: 40px;text-align: justify\"><strong>Radio de acci\u00f3n inal\u00e1mbrico de 10 m (33 ft)<\/strong>: Ve v\u00eddeos, navega en Internet, habla con tus amigos y mucho m\u00e1s sin molestas demoras o interrupciones. Conexi\u00f3n fiable y sin problemas, incluso en espacios grandes. El radio de acci\u00f3n inal\u00e1mbrico depende del entorno operativo y de la configuraci\u00f3n del ordenador.<\/p>\n<p style=\"text-align: justify\"><strong>Caracter\u00edsticas:<\/strong><\/p>\n<ul>\n<li style=\"text-align: justify\"><strong>Conectividad:<\/strong> <strong> <span style=\"color: #99cc00\"><a style=\"color: #99cc00\" href=\"https:\/\/www.logitech.com\/es-es\/resource-center\/what-is-unifying.html?\">Tecnolog\u00eda inal\u00e1mbrica Unifying<\/a><\/span><\/strong>\u00a0conecta hasta seis dispositivos en un radio de 10 metros.<\/li>\n<li style=\"text-align: justify\"><strong>Teclado:<\/strong> Teclado compacto sin bloque num\u00e9rico, dise\u00f1ado para comodidad en sesiones prolongadas.<\/li>\n<li style=\"text-align: justify\"><strong>Panel t\u00e1ctil : <\/strong>\u00a0Touchpad integrado para navegaci\u00f3n precisa sin rat\u00f3n adicional.<\/li>\n<li style=\"text-align: justify\"><strong>Alcance inal\u00e1mbrico:<\/strong> Hasta 10 metros de conectividad sin interferencias.<\/li>\n<li style=\"text-align: justify\"><strong>Compatibilidad:<\/strong> Compatible con Windows, Android y Chrome OS.<\/li>\n<\/ul>\n<h3>Beneficios clave: Conectividad y compatibilidad.<\/h3>\n<p style=\"text-align: justify\">Navega con facilidad desde donde estes sin necesidad de cables. El K400 Plus permite una conexi\u00f3n sencilla con m\u00faltiples dispositivos y un control total de tus dispositivos desde la comodidad de tu asiento, haciendo que ver pel\u00edculas o navegar por Internet sea una experiencia m\u00e1s agradable. La facilidad de conexi\u00f3n permite usar el teclado con diferentes dispositivos sin complicaciones, lo que mejora la experiencia general del usuario.<\/p>\n<h2>Especificaciones t\u00e9cnicas Teclado Inal\u00e1mbrico con Touchpad Logitech K400 Plus<\/h2>\n<table style=\"width: 100%;border-collapse: collapse\" border=\"1\">\n<tbody>\n<tr>\n<th style=\"background-color: #f0f0f0;text-align: left;width: 99.8826%\" colspan=\"2\"><span style=\"font-size: 14pt\"><strong>\u00a0Teclado<\/strong><\/span><\/th>\n<\/tr>\n<tr>\n<td style=\"padding-left: 40px;width: 28.7559%\">Conectividad<\/td>\n<td style=\"padding-left: 40px;width: 71.1267%\">Micro USB, Bluetooth<\/td>\n<\/tr>\n<tr>\n<td style=\"padding-left: 40px;width: 28.7559%\">Sistemas operativos<\/td>\n<td style=\"padding-left: 40px;width: 71.1267%\">Windows\u00ae 7, 8, 10 o posterior, Android\u2122 5.0 o posterior, Chrome OS\u2122<\/td>\n<\/tr>\n<tr>\n<td style=\"padding-left: 40px;width: 28.7559%\">Tipo de conexi\u00f3n<\/td>\n<td style=\"padding-left: 40px;width: 71.1267%\">Protocolo Logitech Unifying (2,4 GHz)<\/td>\n<\/tr>\n<tr>\n<td style=\"padding-left: 40px;width: 28.7559%\">Tecnolog\u00eda de conectividad<\/td>\n<td style=\"padding-left: 40px;width: 71.1267%\">Inal\u00e1mbrico<\/td>\n<\/tr>\n<tr>\n<td style=\"padding-left: 40px;width: 28.7559%\">Dispositivo apuntador<\/td>\n<td style=\"padding-left: 40px;width: 71.1267%\">Touchpad<\/td>\n<\/tr>\n<tr>\n<td style=\"padding-left: 40px;width: 28.7559%\">Formato del teclado<\/td>\n<td style=\"padding-left: 40px;width: 71.1267%\">Mini<\/td>\n<\/tr>\n<tr>\n<td style=\"padding-left: 40px;width: 28.7559%\">Botones\/Teclas especiales<\/td>\n<td style=\"padding-left: 40px;width: 71.1267%\">Silencio y ajuste de volumen<\/td>\n<\/tr>\n<tr>\n<td style=\"padding-left: 40px;width: 28.7559%\">Conexi\u00f3n\/Encendido<\/td>\n<td style=\"padding-left: 40px;width: 71.1267%\">Conmutador de encendido\/apagado<\/td>\n<\/tr>\n<tr>\n<td style=\"padding-left: 40px;width: 28.7559%\">Bater\u00edas<\/td>\n<td style=\"padding-left: 40px;width: 71.1267%\">2 pilas AA (no recargables): Hasta 18 meses<\/td>\n<\/tr>\n<tr>\n<td style=\"padding-left: 40px;width: 28.7559%\">Ruido al escribir<\/td>\n<td style=\"padding-left: 40px;width: 71.1267%\">Hasta 55 dBA para todas las teclas<\/td>\n<\/tr>\n<tr>\n<td style=\"padding-left: 40px;width: 28.7559%\">Radio de acci\u00f3n inal\u00e1mbrico<\/td>\n<td style=\"padding-left: 40px;width: 71.1267%\">10 mts (33 ft)<\/td>\n<\/tr>\n<tr>\n<td style=\"padding-left: 40px;width: 28.7559%\">Utilizar con<\/td>\n<td style=\"padding-left: 40px;width: 71.1267%\">HTPC<\/td>\n<\/tr>\n<tr>\n<td style=\"padding-left: 40px;width: 28.7559%\">Duraci\u00f3n de las teclas<\/td>\n<td style=\"padding-left: 40px;width: 71.1267%\">Hasta 5 millones de pulsaciones<\/td>\n<\/tr>\n<tr>\n<td style=\"padding-left: 40px;width: 28.7559%\">Color<\/td>\n<td style=\"padding-left: 40px;width: 71.1267%\">Negro<\/td>\n<\/tr>\n<tr>\n<td style=\"padding-left: 40px;width: 28.7559%\">Contenido de la caja<\/td>\n<td style=\"padding-left: 40px;width: 71.1267%\">Wireless Touch Keyboard, Receptor Unifying, Dos pilas AA (preinstaladas), Documentaci\u00f3n del usuario<\/td>\n<\/tr>\n<tr>\n<td style=\"padding-left: 40px;width: 28.7559%\">Dimensiones y peso<\/td>\n<td style=\"padding-left: 40px;width: 71.1267%\">Altura: 139,9 mm, Anchura: 354,3 mm, Profundidad: 23,5 mm, Peso: 380 g (con pilas)<\/td>\n<\/tr>\n<\/tbody>\n<\/table>\n<h2><span style=\"color: #99cc00;font-size: 22px\">Garant\u00eda y soporte: Seguridad para tus necesidades<\/span><\/h2>\n<p>Incluye una garant\u00eda de 3 a\u00f1os para asegurar que tu inversi\u00f3n est\u00e9 protegida. Adem\u00e1s, ofrecemos <a href=\"https:\/\/www.pcmadrid.es\/tienda\/categoria-producto\/reparaciones\/\"><span style=\"color: #99cc00\">soporte t\u00e9cnico especializado<\/span><\/a> para garantizar el \u00f3ptimo funcionamiento de tu equipo.<\/p>\n","protected":false},"excerpt":{"rendered":"<p style=\"text-align: justify\">El Teclado Inal\u00e1mbrico con Touchpad Logitech K400 plus es un teclado inal\u00e1mbrico con panel t\u00e1ctil integrado, ideal para controlar dispositivos como PC y Smart TVs. Su dise\u00f1o compacto y distribuci\u00f3n del teclado permiten una navegaci\u00f3n c\u00f3moda y eficiente, mientras que su conectividad Bluetooth y personalizaci\u00f3n hacen que sea vers\u00e1til y f\u00e1cil de usar en diversas plataformas.<\/p>\n","protected":false},"featured_media":12987,"comment_status":"open","ping_status":"closed","template":"","meta":{"_et_pb_use_builder":"","_et_pb_old_content":"","_et_gb_content_width":""},"product_brand":[],"product_cat":[530,65],"product_tag":[],"class_list":{"0":"post-12988","1":"product","2":"type-product","3":"status-publish","4":"has-post-thumbnail","6":"product_cat-teclados","7":"product_cat-todos","9":"first","10":"instock","11":"taxable","12":"shipping-taxable","13":"purchasable","14":"product-type-simple"},"yoast_head":"<!-- This site is optimized with the Yoast SEO plugin v26.5 - https:\/\/yoast.com\/wordpress\/plugins\/seo\/ -->\n<title>Teclado Inal\u00e1mbrico con Touchpad para Smart TV Logitech K400 Plus (Negro) | Tienda PCMADRID<\/title>\n<meta name=\"description\" content=\"Teclado Inal\u00e1mbrico con Touchpad Logitech K400 plus con panel t\u00e1ctil integrado, conectividad Bluetooth, ideal para controlar dispositivos PC y Smart TVs.\" \/>\n<meta name=\"robots\" content=\"index, follow, max-snippet:-1, max-image-preview:large, max-video-preview:-1\" \/>\n<link rel=\"canonical\" href=\"https:\/\/www.pcmadrid.es\/tienda\/producto\/teclado-inalambrico-con-touchpad-2\/\" \/>\n<meta name=\"twitter:label1\" content=\"Tiempo de lectura\" \/>\n\t<meta name=\"twitter:data1\" content=\"4 minutos\" \/>\n<script type=\"application\/ld+json\" class=\"yoast-schema-graph\">{\"@context\":\"https:\/\/schema.org\",\"@graph\":[{\"@type\":\"WebPage\",\"@id\":\"https:\/\/www.pcmadrid.es\/tienda\/producto\/teclado-inalambrico-con-touchpad-2\/\",\"url\":\"https:\/\/www.pcmadrid.es\/tienda\/producto\/teclado-inalambrico-con-touchpad-2\/\",\"name\":\"Teclado Inal\u00e1mbrico con Touchpad para Smart TV Logitech K400 Plus (Negro) | Tienda PCMADRID\",\"isPartOf\":{\"@id\":\"https:\/\/www.pcmadrid.es\/tienda\/#website\"},\"primaryImageOfPage\":{\"@id\":\"https:\/\/www.pcmadrid.es\/tienda\/producto\/teclado-inalambrico-con-touchpad-2\/#primaryimage\"},\"image\":{\"@id\":\"https:\/\/www.pcmadrid.es\/tienda\/producto\/teclado-inalambrico-con-touchpad-2\/#primaryimage\"},\"thumbnailUrl\":\"https:\/\/i0.wp.com\/www.pcmadrid.es\/tienda\/wp-content\/uploads\/2024\/05\/art_log-tec20920-007137_1.jpg?fit=448%2C448&ssl=1\",\"datePublished\":\"2024-05-20T14:32:47+00:00\",\"dateModified\":\"2025-06-23T11:59:09+00:00\",\"description\":\"Teclado Inal\u00e1mbrico con Touchpad Logitech K400 plus con panel t\u00e1ctil integrado, conectividad Bluetooth, ideal para controlar dispositivos PC y Smart TVs.\",\"breadcrumb\":{\"@id\":\"https:\/\/www.pcmadrid.es\/tienda\/producto\/teclado-inalambrico-con-touchpad-2\/#breadcrumb\"},\"inLanguage\":\"es\",\"potentialAction\":[{\"@type\":\"ReadAction\",\"target\":[\"https:\/\/www.pcmadrid.es\/tienda\/producto\/teclado-inalambrico-con-touchpad-2\/\"]}]},{\"@type\":\"ImageObject\",\"inLanguage\":\"es\",\"@id\":\"https:\/\/www.pcmadrid.es\/tienda\/producto\/teclado-inalambrico-con-touchpad-2\/#primaryimage\",\"url\":\"https:\/\/i0.wp.com\/www.pcmadrid.es\/tienda\/wp-content\/uploads\/2024\/05\/art_log-tec20920-007137_1.jpg?fit=448%2C448&ssl=1\",\"contentUrl\":\"https:\/\/i0.wp.com\/www.pcmadrid.es\/tienda\/wp-content\/uploads\/2024\/05\/art_log-tec20920-007137_1.jpg?fit=448%2C448&ssl=1\",\"width\":448,\"height\":448},{\"@type\":\"BreadcrumbList\",\"@id\":\"https:\/\/www.pcmadrid.es\/tienda\/producto\/teclado-inalambrico-con-touchpad-2\/#breadcrumb\",\"itemListElement\":[{\"@type\":\"ListItem\",\"position\":1,\"name\":\"Portada\",\"item\":\"https:\/\/www.pcmadrid.es\/tienda\/\"},{\"@type\":\"ListItem\",\"position\":2,\"name\":\"Todos los productos\",\"item\":\"https:\/\/www.pcmadrid.es\/tienda\/todos-los-productos\/\"},{\"@type\":\"ListItem\",\"position\":3,\"name\":\"Teclado Inal\u00e1mbrico con Touchpad para Smart TV Logitech K400 Plus (Negro)\"}]},{\"@type\":\"WebSite\",\"@id\":\"https:\/\/www.pcmadrid.es\/tienda\/#website\",\"url\":\"https:\/\/www.pcmadrid.es\/tienda\/\",\"name\":\"Tienda PCMADRID\",\"description\":\"Venta y reparaciones de ordenadores\",\"publisher\":{\"@id\":\"https:\/\/www.pcmadrid.es\/tienda\/#organization\"},\"potentialAction\":[{\"@type\":\"SearchAction\",\"target\":{\"@type\":\"EntryPoint\",\"urlTemplate\":\"https:\/\/www.pcmadrid.es\/tienda\/?s={search_term_string}\"},\"query-input\":{\"@type\":\"PropertyValueSpecification\",\"valueRequired\":true,\"valueName\":\"search_term_string\"}}],\"inLanguage\":\"es\"},{\"@type\":\"Organization\",\"@id\":\"https:\/\/www.pcmadrid.es\/tienda\/#organization\",\"name\":\"PCMADRID\",\"url\":\"https:\/\/www.pcmadrid.es\/tienda\/\",\"logo\":{\"@type\":\"ImageObject\",\"inLanguage\":\"es\",\"@id\":\"https:\/\/www.pcmadrid.es\/tienda\/#\/schema\/logo\/image\/\",\"url\":\"https:\/\/i0.wp.com\/www.pcmadrid.es\/tienda\/wp-content\/uploads\/2019\/10\/pcmadridlogo..png?fit=750%2C300&ssl=1\",\"contentUrl\":\"https:\/\/i0.wp.com\/www.pcmadrid.es\/tienda\/wp-content\/uploads\/2019\/10\/pcmadridlogo..png?fit=750%2C300&ssl=1\",\"width\":750,\"height\":300,\"caption\":\"PCMADRID\"},\"image\":{\"@id\":\"https:\/\/www.pcmadrid.es\/tienda\/#\/schema\/logo\/image\/\"},\"sameAs\":[\"https:\/\/www.facebook.com\/pcmadridinformatica\",\"https:\/\/x.com\/pc_madrid\",\"https:\/\/www.youtube.com\/channel\/UCIbQq9k6BBrU5x2wqDIHr7A\",\"https:\/\/www.instagram.com\/pcmadrid_informatica\/?hl=es\",\"https:\/\/www.linkedin.com\/company\/9348326\/admin\/\",\"https:\/\/www.pinterest.es\/pcmadrid_informatica\/\"]}]}<\/script>\n<!-- \/ Yoast SEO plugin. -->","yoast_head_json":{"title":"Teclado Inal\u00e1mbrico con Touchpad para Smart TV Logitech K400 Plus (Negro) | Tienda PCMADRID","description":"Teclado Inal\u00e1mbrico con Touchpad Logitech K400 plus con panel t\u00e1ctil integrado, conectividad Bluetooth, ideal para controlar dispositivos PC y Smart TVs.","robots":{"index":"index","follow":"follow","max-snippet":"max-snippet:-1","max-image-preview":"max-image-preview:large","max-video-preview":"max-video-preview:-1"},"canonical":"https:\/\/www.pcmadrid.es\/tienda\/producto\/teclado-inalambrico-con-touchpad-2\/","twitter_misc":{"Tiempo de lectura":"4 minutos"},"schema":{"@context":"https:\/\/schema.org","@graph":[{"@type":"WebPage","@id":"https:\/\/www.pcmadrid.es\/tienda\/producto\/teclado-inalambrico-con-touchpad-2\/","url":"https:\/\/www.pcmadrid.es\/tienda\/producto\/teclado-inalambrico-con-touchpad-2\/","name":"Teclado Inal\u00e1mbrico con Touchpad para Smart TV Logitech K400 Plus (Negro) | Tienda PCMADRID","isPartOf":{"@id":"https:\/\/www.pcmadrid.es\/tienda\/#website"},"primaryImageOfPage":{"@id":"https:\/\/www.pcmadrid.es\/tienda\/producto\/teclado-inalambrico-con-touchpad-2\/#primaryimage"},"image":{"@id":"https:\/\/www.pcmadrid.es\/tienda\/producto\/teclado-inalambrico-con-touchpad-2\/#primaryimage"},"thumbnailUrl":"https:\/\/i0.wp.com\/www.pcmadrid.es\/tienda\/wp-content\/uploads\/2024\/05\/art_log-tec20920-007137_1.jpg?fit=448%2C448&ssl=1","datePublished":"2024-05-20T14:32:47+00:00","dateModified":"2025-06-23T11:59:09+00:00","description":"Teclado Inal\u00e1mbrico con Touchpad Logitech K400 plus con panel t\u00e1ctil integrado, conectividad Bluetooth, ideal para controlar dispositivos PC y Smart TVs.","breadcrumb":{"@id":"https:\/\/www.pcmadrid.es\/tienda\/producto\/teclado-inalambrico-con-touchpad-2\/#breadcrumb"},"inLanguage":"es","potentialAction":[{"@type":"ReadAction","target":["https:\/\/www.pcmadrid.es\/tienda\/producto\/teclado-inalambrico-con-touchpad-2\/"]}]},{"@type":"ImageObject","inLanguage":"es","@id":"https:\/\/www.pcmadrid.es\/tienda\/producto\/teclado-inalambrico-con-touchpad-2\/#primaryimage","url":"https:\/\/i0.wp.com\/www.pcmadrid.es\/tienda\/wp-content\/uploads\/2024\/05\/art_log-tec20920-007137_1.jpg?fit=448%2C448&ssl=1","contentUrl":"https:\/\/i0.wp.com\/www.pcmadrid.es\/tienda\/wp-content\/uploads\/2024\/05\/art_log-tec20920-007137_1.jpg?fit=448%2C448&ssl=1","width":448,"height":448},{"@type":"BreadcrumbList","@id":"https:\/\/www.pcmadrid.es\/tienda\/producto\/teclado-inalambrico-con-touchpad-2\/#breadcrumb","itemListElement":[{"@type":"ListItem","position":1,"name":"Portada","item":"https:\/\/www.pcmadrid.es\/tienda\/"},{"@type":"ListItem","position":2,"name":"Todos los productos","item":"https:\/\/www.pcmadrid.es\/tienda\/todos-los-productos\/"},{"@type":"ListItem","position":3,"name":"Teclado Inal\u00e1mbrico con Touchpad para Smart TV Logitech K400 Plus (Negro)"}]},{"@type":"WebSite","@id":"https:\/\/www.pcmadrid.es\/tienda\/#website","url":"https:\/\/www.pcmadrid.es\/tienda\/","name":"Tienda PCMADRID","description":"Venta y reparaciones de ordenadores","publisher":{"@id":"https:\/\/www.pcmadrid.es\/tienda\/#organization"},"potentialAction":[{"@type":"SearchAction","target":{"@type":"EntryPoint","urlTemplate":"https:\/\/www.pcmadrid.es\/tienda\/?s={search_term_string}"},"query-input":{"@type":"PropertyValueSpecification","valueRequired":true,"valueName":"search_term_string"}}],"inLanguage":"es"},{"@type":"Organization","@id":"https:\/\/www.pcmadrid.es\/tienda\/#organization","name":"PCMADRID","url":"https:\/\/www.pcmadrid.es\/tienda\/","logo":{"@type":"ImageObject","inLanguage":"es","@id":"https:\/\/www.pcmadrid.es\/tienda\/#\/schema\/logo\/image\/","url":"https:\/\/i0.wp.com\/www.pcmadrid.es\/tienda\/wp-content\/uploads\/2019\/10\/pcmadridlogo..png?fit=750%2C300&ssl=1","contentUrl":"https:\/\/i0.wp.com\/www.pcmadrid.es\/tienda\/wp-content\/uploads\/2019\/10\/pcmadridlogo..png?fit=750%2C300&ssl=1","width":750,"height":300,"caption":"PCMADRID"},"image":{"@id":"https:\/\/www.pcmadrid.es\/tienda\/#\/schema\/logo\/image\/"},"sameAs":["https:\/\/www.facebook.com\/pcmadridinformatica","https:\/\/x.com\/pc_madrid","https:\/\/www.youtube.com\/channel\/UCIbQq9k6BBrU5x2wqDIHr7A","https:\/\/www.instagram.com\/pcmadrid_informatica\/?hl=es","https:\/\/www.linkedin.com\/company\/9348326\/admin\/","https:\/\/www.pinterest.es\/pcmadrid_informatica\/"]}]}},"jetpack_sharing_enabled":true,"_links":{"self":[{"href":"https:\/\/www.pcmadrid.es\/tienda\/wp-json\/wp\/v2\/product\/12988","targetHints":{"allow":["GET"]}}],"collection":[{"href":"https:\/\/www.pcmadrid.es\/tienda\/wp-json\/wp\/v2\/product"}],"about":[{"href":"https:\/\/www.pcmadrid.es\/tienda\/wp-json\/wp\/v2\/types\/product"}],"replies":[{"embeddable":true,"href":"https:\/\/www.pcmadrid.es\/tienda\/wp-json\/wp\/v2\/comments?post=12988"}],"wp:featuredmedia":[{"embeddable":true,"href":"https:\/\/www.pcmadrid.es\/tienda\/wp-json\/wp\/v2\/media\/12987"}],"wp:attachment":[{"href":"https:\/\/www.pcmadrid.es\/tienda\/wp-json\/wp\/v2\/media?parent=12988"}],"wp:term":[{"taxonomy":"product_brand","embeddable":true,"href":"https:\/\/www.pcmadrid.es\/tienda\/wp-json\/wp\/v2\/product_brand?post=12988"},{"taxonomy":"product_cat","embeddable":true,"href":"https:\/\/www.pcmadrid.es\/tienda\/wp-json\/wp\/v2\/product_cat?post=12988"},{"taxonomy":"product_tag","embeddable":true,"href":"https:\/\/www.pcmadrid.es\/tienda\/wp-json\/wp\/v2\/product_tag?post=12988"}],"curies":[{"name":"wp","href":"https:\/\/api.w.org\/{rel}","templated":true}]}}