{"id":13274,"date":"2024-05-20T16:52:21","date_gmt":"2024-05-20T14:52:21","guid":{"rendered":"https:\/\/www.pcmadrid.es\/tienda\/producto\/raton-inalambrico-logitech-m235-hasta-1000-dpi-rojo\/"},"modified":"2025-05-09T10:50:33","modified_gmt":"2025-05-09T08:50:33","slug":"raton-inalambrico-logitech-m235-hasta-1000-dpi-rojo","status":"publish","type":"product","link":"https:\/\/www.pcmadrid.es\/tienda\/producto\/raton-inalambrico-logitech-m235-hasta-1000-dpi-rojo\/","title":{"rendered":"Rat\u00f3n Inal\u00e1mbrico Logitech M235\/ Hasta 1000 DPI\/ Rojo"},"content":{"rendered":"<p>&#8221;                                                                                                <\/p>\n<p><h2>Rat\u00f3n c\u00f3modo y fiable con una navegaci\u00f3n m\u00e1s precisa y recubrimiento de goma suave.<\/h2>\n<p><\/p>\n<h2>Seguimiento \u00f3ptico avanzado de Logitech\u00ae<\/h2>\n<\/p>\n<p>Disfrute de un puntero y clics precisos (en superficies problem\u00e1ticas   para los ratones \u00f3pticos est\u00e1ndar) mientras navega por sus sitios Web   favoritos gracias al seguimiento \u00f3ptico avanzado de Logitech.<\/p>\n<p><h2>Conectividad inal\u00e1mbrica avanzada de 2,4 GHz de Logitech<\/h2>\n<\/p>\n<p>La comodidad y la libertad de un dispositivo inal\u00e1mbrico con la   fiabilidad de uno con cable: transmisi\u00f3n de datos rapid\u00edsima sin apenas   retrasos ni interrupciones.<\/p>\n<p><h2>Un a\u00f1o de duraci\u00f3n de pilas<\/h2>\n<\/p>\n<p>Olv\u00eddese de las pilas durante un a\u00f1o. Un conmutador de  encendido\/apagado  y un modo de suspensi\u00f3n inteligente prolongan la  duraci\u00f3n de las pilas,  mientras que un diodo evita sustos.*<\/p>\n<p><h2>Nano receptor tipo &#8216;conectar y olvidar&#8217;<\/h2>\n<\/p>\n<p>Tan peque\u00f1o y discreto que podr\u00e1 conectarlo a un puerto USB y olvidarse de \u00e9l. Sin preocupaciones por p\u00e9rdidas o roturas.<\/p>\n<p><h2>Comodidad compacta<\/h2>\n<\/p>\n<p>Disfrutar\u00e1 de una mayor comodidad y facilidad de uso gracias al  c\u00f3modo  dise\u00f1o contorneado de este rat\u00f3n compacto, con recubrimiento de  goma  suave y un bot\u00f3n rueda agradable al tacto.<\/p>\n<p><h2>Fiabilidad de Logitech<\/h2>\n<\/p>\n<p>Obtendr\u00e1 la calidad y fiabilidad que han hecho de Logitech el l\u00edder   mundial en ratones, con tres a\u00f1os de garant\u00eda de hardware limitada.<\/p>\n<p><h2>Ideal para port\u00e1tiles y netbooks<\/h2>\n<\/p>\n<p>El rat\u00f3n funciona con Windows\u00ae, Mac\u00ae y Linux\u00ae. No importa el  ordenador  que tenga ahora, o el que compre en el futuro&#8230; puede tener  la  seguridad de que el rat\u00f3n funcionar\u00e1 como espera.<\/p>\n<p><h2>Especificaciones<br \/>\n<\/h2>\n<\/p>\n<ul>\n<li>\n<h2>Requisitos del sistema<\/h2>\n<ul>\n<li>Windows\u00ae XP, Windows Vista\u00ae o Windows\u00ae 7<\/li>\n<li>Mac OS\u00ae X 10.5 o posterior<\/li>\n<li>Linux\u00ae kernel 2.6+<\/li>\n<li>puerto USB<\/li>\n<\/ul>\n<\/li>\n<li>\n<h2>Informaci\u00f3n de garant\u00eda<\/h2>\n<ul>\n<li>Tres a\u00f1os de garant\u00eda de hardware limitada<\/li>\n<\/ul>\n<\/li>\n<li>\n<h2>Contenido de la caja<\/h2>\n<ul>\n<li>Rat\u00f3n<\/li>\n<li>Nano receptor<\/li>\n<li>1 pila AA (preinstalada)<\/li>\n<li>Documentaci\u00f3n del usuario<\/li>\n<\/ul>\n<\/li>\n<\/ul>\n<p>\u00a0<\/p>\n<p>                                                                                        &#8220;<\/p>\n","protected":false},"excerpt":{"rendered":"<p>Rat\u00f3n inal\u00e1mbrico logitech m235\/ hasta 1000 dpi\/ rojo<\/p>\n","protected":false},"featured_media":13273,"comment_status":"open","ping_status":"closed","template":"","meta":{"_et_pb_use_builder":"","_et_pb_old_content":"","_et_gb_content_width":""},"product_brand":[],"product_cat":[531,65],"product_tag":[],"class_list":{"0":"post-13274","1":"product","2":"type-product","3":"status-publish","4":"has-post-thumbnail","6":"product_cat-ratones","7":"product_cat-todos","9":"first","10":"outofstock","11":"taxable","12":"shipping-taxable","13":"purchasable","14":"product-type-simple"},"yoast_head":"<!-- This site is optimized with the Yoast SEO plugin v26.5 - https:\/\/yoast.com\/wordpress\/plugins\/seo\/ -->\n<title>Rat\u00f3n Inal\u00e1mbrico Logitech M235\/ Hasta 1000 DPI\/ Rojo | Tienda PCMADRID<\/title>\n<meta name=\"robots\" content=\"index, follow, max-snippet:-1, max-image-preview:large, max-video-preview:-1\" \/>\n<link rel=\"canonical\" href=\"https:\/\/www.pcmadrid.es\/tienda\/producto\/raton-inalambrico-logitech-m235-hasta-1000-dpi-rojo\/\" \/>\n<meta name=\"twitter:label1\" content=\"Tiempo de lectura\" \/>\n\t<meta name=\"twitter:data1\" content=\"2 minutos\" \/>\n<script type=\"application\/ld+json\" class=\"yoast-schema-graph\">{\"@context\":\"https:\/\/schema.org\",\"@graph\":[{\"@type\":\"WebPage\",\"@id\":\"https:\/\/www.pcmadrid.es\/tienda\/producto\/raton-inalambrico-logitech-m235-hasta-1000-dpi-rojo\/\",\"url\":\"https:\/\/www.pcmadrid.es\/tienda\/producto\/raton-inalambrico-logitech-m235-hasta-1000-dpi-rojo\/\",\"name\":\"Rat\u00f3n Inal\u00e1mbrico Logitech M235\/ Hasta 1000 DPI\/ Rojo | Tienda PCMADRID\",\"isPartOf\":{\"@id\":\"https:\/\/www.pcmadrid.es\/tienda\/#website\"},\"primaryImageOfPage\":{\"@id\":\"https:\/\/www.pcmadrid.es\/tienda\/producto\/raton-inalambrico-logitech-m235-hasta-1000-dpi-rojo\/#primaryimage\"},\"image\":{\"@id\":\"https:\/\/www.pcmadrid.es\/tienda\/producto\/raton-inalambrico-logitech-m235-hasta-1000-dpi-rojo\/#primaryimage\"},\"thumbnailUrl\":\"https:\/\/i0.wp.com\/www.pcmadrid.es\/tienda\/wp-content\/uploads\/2024\/05\/art_log-mou20m23520rojo_1.jpg?fit=448%2C448&ssl=1\",\"datePublished\":\"2024-05-20T14:52:21+00:00\",\"dateModified\":\"2025-05-09T08:50:33+00:00\",\"breadcrumb\":{\"@id\":\"https:\/\/www.pcmadrid.es\/tienda\/producto\/raton-inalambrico-logitech-m235-hasta-1000-dpi-rojo\/#breadcrumb\"},\"inLanguage\":\"es\",\"potentialAction\":[{\"@type\":\"ReadAction\",\"target\":[\"https:\/\/www.pcmadrid.es\/tienda\/producto\/raton-inalambrico-logitech-m235-hasta-1000-dpi-rojo\/\"]}]},{\"@type\":\"ImageObject\",\"inLanguage\":\"es\",\"@id\":\"https:\/\/www.pcmadrid.es\/tienda\/producto\/raton-inalambrico-logitech-m235-hasta-1000-dpi-rojo\/#primaryimage\",\"url\":\"https:\/\/i0.wp.com\/www.pcmadrid.es\/tienda\/wp-content\/uploads\/2024\/05\/art_log-mou20m23520rojo_1.jpg?fit=448%2C448&ssl=1\",\"contentUrl\":\"https:\/\/i0.wp.com\/www.pcmadrid.es\/tienda\/wp-content\/uploads\/2024\/05\/art_log-mou20m23520rojo_1.jpg?fit=448%2C448&ssl=1\",\"width\":448,\"height\":448},{\"@type\":\"BreadcrumbList\",\"@id\":\"https:\/\/www.pcmadrid.es\/tienda\/producto\/raton-inalambrico-logitech-m235-hasta-1000-dpi-rojo\/#breadcrumb\",\"itemListElement\":[{\"@type\":\"ListItem\",\"position\":1,\"name\":\"Portada\",\"item\":\"https:\/\/www.pcmadrid.es\/tienda\/\"},{\"@type\":\"ListItem\",\"position\":2,\"name\":\"Todos los productos\",\"item\":\"https:\/\/www.pcmadrid.es\/tienda\/todos-los-productos\/\"},{\"@type\":\"ListItem\",\"position\":3,\"name\":\"Rat\u00f3n Inal\u00e1mbrico Logitech M235\/ Hasta 1000 DPI\/ Rojo\"}]},{\"@type\":\"WebSite\",\"@id\":\"https:\/\/www.pcmadrid.es\/tienda\/#website\",\"url\":\"https:\/\/www.pcmadrid.es\/tienda\/\",\"name\":\"Tienda PCMADRID\",\"description\":\"Venta y reparaciones de ordenadores\",\"publisher\":{\"@id\":\"https:\/\/www.pcmadrid.es\/tienda\/#organization\"},\"potentialAction\":[{\"@type\":\"SearchAction\",\"target\":{\"@type\":\"EntryPoint\",\"urlTemplate\":\"https:\/\/www.pcmadrid.es\/tienda\/?s={search_term_string}\"},\"query-input\":{\"@type\":\"PropertyValueSpecification\",\"valueRequired\":true,\"valueName\":\"search_term_string\"}}],\"inLanguage\":\"es\"},{\"@type\":\"Organization\",\"@id\":\"https:\/\/www.pcmadrid.es\/tienda\/#organization\",\"name\":\"PCMADRID\",\"url\":\"https:\/\/www.pcmadrid.es\/tienda\/\",\"logo\":{\"@type\":\"ImageObject\",\"inLanguage\":\"es\",\"@id\":\"https:\/\/www.pcmadrid.es\/tienda\/#\/schema\/logo\/image\/\",\"url\":\"https:\/\/i0.wp.com\/www.pcmadrid.es\/tienda\/wp-content\/uploads\/2019\/10\/pcmadridlogo..png?fit=750%2C300&ssl=1\",\"contentUrl\":\"https:\/\/i0.wp.com\/www.pcmadrid.es\/tienda\/wp-content\/uploads\/2019\/10\/pcmadridlogo..png?fit=750%2C300&ssl=1\",\"width\":750,\"height\":300,\"caption\":\"PCMADRID\"},\"image\":{\"@id\":\"https:\/\/www.pcmadrid.es\/tienda\/#\/schema\/logo\/image\/\"},\"sameAs\":[\"https:\/\/www.facebook.com\/pcmadridinformatica\",\"https:\/\/x.com\/pc_madrid\",\"https:\/\/www.youtube.com\/channel\/UCIbQq9k6BBrU5x2wqDIHr7A\",\"https:\/\/www.instagram.com\/pcmadrid_informatica\/?hl=es\",\"https:\/\/www.linkedin.com\/company\/9348326\/admin\/\",\"https:\/\/www.pinterest.es\/pcmadrid_informatica\/\"]}]}<\/script>\n<!-- \/ Yoast SEO plugin. -->","yoast_head_json":{"title":"Rat\u00f3n Inal\u00e1mbrico Logitech M235\/ Hasta 1000 DPI\/ Rojo | Tienda PCMADRID","robots":{"index":"index","follow":"follow","max-snippet":"max-snippet:-1","max-image-preview":"max-image-preview:large","max-video-preview":"max-video-preview:-1"},"canonical":"https:\/\/www.pcmadrid.es\/tienda\/producto\/raton-inalambrico-logitech-m235-hasta-1000-dpi-rojo\/","twitter_misc":{"Tiempo de lectura":"2 minutos"},"schema":{"@context":"https:\/\/schema.org","@graph":[{"@type":"WebPage","@id":"https:\/\/www.pcmadrid.es\/tienda\/producto\/raton-inalambrico-logitech-m235-hasta-1000-dpi-rojo\/","url":"https:\/\/www.pcmadrid.es\/tienda\/producto\/raton-inalambrico-logitech-m235-hasta-1000-dpi-rojo\/","name":"Rat\u00f3n Inal\u00e1mbrico Logitech M235\/ Hasta 1000 DPI\/ Rojo | Tienda PCMADRID","isPartOf":{"@id":"https:\/\/www.pcmadrid.es\/tienda\/#website"},"primaryImageOfPage":{"@id":"https:\/\/www.pcmadrid.es\/tienda\/producto\/raton-inalambrico-logitech-m235-hasta-1000-dpi-rojo\/#primaryimage"},"image":{"@id":"https:\/\/www.pcmadrid.es\/tienda\/producto\/raton-inalambrico-logitech-m235-hasta-1000-dpi-rojo\/#primaryimage"},"thumbnailUrl":"https:\/\/i0.wp.com\/www.pcmadrid.es\/tienda\/wp-content\/uploads\/2024\/05\/art_log-mou20m23520rojo_1.jpg?fit=448%2C448&ssl=1","datePublished":"2024-05-20T14:52:21+00:00","dateModified":"2025-05-09T08:50:33+00:00","breadcrumb":{"@id":"https:\/\/www.pcmadrid.es\/tienda\/producto\/raton-inalambrico-logitech-m235-hasta-1000-dpi-rojo\/#breadcrumb"},"inLanguage":"es","potentialAction":[{"@type":"ReadAction","target":["https:\/\/www.pcmadrid.es\/tienda\/producto\/raton-inalambrico-logitech-m235-hasta-1000-dpi-rojo\/"]}]},{"@type":"ImageObject","inLanguage":"es","@id":"https:\/\/www.pcmadrid.es\/tienda\/producto\/raton-inalambrico-logitech-m235-hasta-1000-dpi-rojo\/#primaryimage","url":"https:\/\/i0.wp.com\/www.pcmadrid.es\/tienda\/wp-content\/uploads\/2024\/05\/art_log-mou20m23520rojo_1.jpg?fit=448%2C448&ssl=1","contentUrl":"https:\/\/i0.wp.com\/www.pcmadrid.es\/tienda\/wp-content\/uploads\/2024\/05\/art_log-mou20m23520rojo_1.jpg?fit=448%2C448&ssl=1","width":448,"height":448},{"@type":"BreadcrumbList","@id":"https:\/\/www.pcmadrid.es\/tienda\/producto\/raton-inalambrico-logitech-m235-hasta-1000-dpi-rojo\/#breadcrumb","itemListElement":[{"@type":"ListItem","position":1,"name":"Portada","item":"https:\/\/www.pcmadrid.es\/tienda\/"},{"@type":"ListItem","position":2,"name":"Todos los productos","item":"https:\/\/www.pcmadrid.es\/tienda\/todos-los-productos\/"},{"@type":"ListItem","position":3,"name":"Rat\u00f3n Inal\u00e1mbrico Logitech M235\/ Hasta 1000 DPI\/ Rojo"}]},{"@type":"WebSite","@id":"https:\/\/www.pcmadrid.es\/tienda\/#website","url":"https:\/\/www.pcmadrid.es\/tienda\/","name":"Tienda PCMADRID","description":"Venta y reparaciones de ordenadores","publisher":{"@id":"https:\/\/www.pcmadrid.es\/tienda\/#organization"},"potentialAction":[{"@type":"SearchAction","target":{"@type":"EntryPoint","urlTemplate":"https:\/\/www.pcmadrid.es\/tienda\/?s={search_term_string}"},"query-input":{"@type":"PropertyValueSpecification","valueRequired":true,"valueName":"search_term_string"}}],"inLanguage":"es"},{"@type":"Organization","@id":"https:\/\/www.pcmadrid.es\/tienda\/#organization","name":"PCMADRID","url":"https:\/\/www.pcmadrid.es\/tienda\/","logo":{"@type":"ImageObject","inLanguage":"es","@id":"https:\/\/www.pcmadrid.es\/tienda\/#\/schema\/logo\/image\/","url":"https:\/\/i0.wp.com\/www.pcmadrid.es\/tienda\/wp-content\/uploads\/2019\/10\/pcmadridlogo..png?fit=750%2C300&ssl=1","contentUrl":"https:\/\/i0.wp.com\/www.pcmadrid.es\/tienda\/wp-content\/uploads\/2019\/10\/pcmadridlogo..png?fit=750%2C300&ssl=1","width":750,"height":300,"caption":"PCMADRID"},"image":{"@id":"https:\/\/www.pcmadrid.es\/tienda\/#\/schema\/logo\/image\/"},"sameAs":["https:\/\/www.facebook.com\/pcmadridinformatica","https:\/\/x.com\/pc_madrid","https:\/\/www.youtube.com\/channel\/UCIbQq9k6BBrU5x2wqDIHr7A","https:\/\/www.instagram.com\/pcmadrid_informatica\/?hl=es","https:\/\/www.linkedin.com\/company\/9348326\/admin\/","https:\/\/www.pinterest.es\/pcmadrid_informatica\/"]}]}},"jetpack_sharing_enabled":true,"_links":{"self":[{"href":"https:\/\/www.pcmadrid.es\/tienda\/wp-json\/wp\/v2\/product\/13274","targetHints":{"allow":["GET"]}}],"collection":[{"href":"https:\/\/www.pcmadrid.es\/tienda\/wp-json\/wp\/v2\/product"}],"about":[{"href":"https:\/\/www.pcmadrid.es\/tienda\/wp-json\/wp\/v2\/types\/product"}],"replies":[{"embeddable":true,"href":"https:\/\/www.pcmadrid.es\/tienda\/wp-json\/wp\/v2\/comments?post=13274"}],"wp:featuredmedia":[{"embeddable":true,"href":"https:\/\/www.pcmadrid.es\/tienda\/wp-json\/wp\/v2\/media\/13273"}],"wp:attachment":[{"href":"https:\/\/www.pcmadrid.es\/tienda\/wp-json\/wp\/v2\/media?parent=13274"}],"wp:term":[{"taxonomy":"product_brand","embeddable":true,"href":"https:\/\/www.pcmadrid.es\/tienda\/wp-json\/wp\/v2\/product_brand?post=13274"},{"taxonomy":"product_cat","embeddable":true,"href":"https:\/\/www.pcmadrid.es\/tienda\/wp-json\/wp\/v2\/product_cat?post=13274"},{"taxonomy":"product_tag","embeddable":true,"href":"https:\/\/www.pcmadrid.es\/tienda\/wp-json\/wp\/v2\/product_tag?post=13274"}],"curies":[{"name":"wp","href":"https:\/\/api.w.org\/{rel}","templated":true}]}}