{"id":13300,"date":"2024-05-20T16:52:34","date_gmt":"2024-05-20T14:52:34","guid":{"rendered":"https:\/\/www.pcmadrid.es\/tienda\/producto\/raton-trackball-inalambrico-logitech-mx-ergo-bateria-recargable-hasta-2048-dpi\/"},"modified":"2025-05-09T10:50:36","modified_gmt":"2025-05-09T08:50:36","slug":"raton-trackball-inalambrico-logitech-mx-ergo-bateria-recargable-hasta-2048-dpi","status":"publish","type":"product","link":"https:\/\/www.pcmadrid.es\/tienda\/producto\/raton-trackball-inalambrico-logitech-mx-ergo-bateria-recargable-hasta-2048-dpi\/","title":{"rendered":"Rat\u00f3n Trackball Inal\u00e1mbrico Logitech MX ERGO\/ Bater\u00eda recargable\/ Hasta 2048 DPI"},"content":{"rendered":"<p>&#8220;<\/p>\n<h2>TRACKBALL INAL\u00c1MBRICO AVANZADO MX ERGO<\/h2>\n<p>Encuentra tu grado de comodidad<\/p>\n<h2>SEGUIMIENTO A TU AIRE<\/h2>\n<p>Desp\u00eddete de la fatiga y la incomodidad tras una larga jornada. MX ERGO se ha dise\u00f1ado para amoldarse a tu mano y es capaz de un seguimiento r\u00e1pido y preciso. Ajusta la postura de la mano y la mu\u00f1eca eligiendo un \u00e1ngulo de 0 o 20\u00b0 de inclinaci\u00f3n, para recorrer sin esfuerzo esas largas series de diapositivas y hojas de c\u00e1lculo&nbsp;<\/p>\n<h2>MENOS MOVIMIENTO, MEJOR POSTURA<\/h2>\n<p>Sin necesidad de mover la mano para desplazar el cursor, se puede minimizar el esfuerzo y maximizar el rendimiento. Comparado con un rat\u00f3n convencional, el trackball produce un 20% menos de fatiga muscular en la mano, la mu\u00f1eca y el antebrazo. Y la exclusiva inclinaci\u00f3n ajustable de MX ERGO permite elegir un \u00e1ngulo de 0 o 20\u00b0 grados y mejorar al instante la postura de la mu\u00f1eca y el antebrazo. Trabaja todo el d\u00eda con m\u00e1s comodidad, facilidad y concentraci\u00f3n en las tareas pendientes.<\/p>\n<h2>SOPORTE TOTAL PARA LA PALMA DE LA MANO<\/h2>\n<p>Trabaja c\u00f3modamente, incluso si el espacio es limitado en tu casa.&nbsp; La forma de MX ERGO modelada anat\u00f3micamente proporciona un soporte total para la palma de la mano; y la goma blanda ofrece una c\u00f3moda sujeci\u00f3n.<\/p>\n<h2>M\u00c1S CONTROL Y PRECISI\u00d3N<\/h2>\n<p>El sencillo control con el pulgar contribuye a un seguimiento y una precisi\u00f3n excelentes en todo momento. El bot\u00f3n de modo de precisi\u00f3n (DPI) permite alternar f\u00e1cilmente entre los modos de seguimiento preciso y r\u00e1pido.<\/p>\n<h2>FLUJO DE TRABAJO MULTIORDENADOR<\/h2>\n<p>Controla perfectamente dos ordenadores con MX ERGO con Flow, mediante un simple desplazamiento del cursor al borde de la pantalla. El trackball sigue el movimiento de la mano, incluso entre Windows\u00ae y macOS, y es posible transferir texto, im\u00e1genes y archivos entre ambos ordenadores. Simplemente copia algo en uno y p\u00e9galo en el otro<\/p>\n<h2>FUNCIONA DONDE T\u00da QUIERAS<\/h2>\n<p>Al no tener que mover la mano por la superficie de trabajo, MX ERGO es estupendo para espacios restringidos o llenos de cosas. Y el seguimiento fluido es posible en cualquier superficie. Obt\u00e9n el m\u00e1ximo de tu trackball, trabajes donde trabajes.<\/p>\n<h2>BOT\u00d3N RUEDA DE PRECISI\u00d3N INCLINABLE<\/h2>\n<p>Agiliza las tareas con los accesos directos. El bot\u00f3n rueda de precisi\u00f3n ofrece desplazamiento horizontal y un pr\u00e1ctico clic de bot\u00f3n central.<\/p>\n<h2>TRABAJA M\u00c1S R\u00c1PIDAMENTE CON PERSONALIZACIONES ESPEC\u00cdFICAS DE APLICACI\u00d3N<\/h2>\n<p>MX Ergo es completamente personalizable en todas las aplicaciones que usas. Y trabajar\u00e1s m\u00e1s r\u00e1pido con perfiles espec\u00edficos de aplicaci\u00f3n predefinidos en Adobe Photoshop\u00ae, Adobe Premiere Pro, Final Cut Pro, Google Chrome&#8482;, Safari, y Microsoft Word\u00ae, Excel\u00ae y PowerPoint<\/p>\n<h2>CARGA R\u00c1PIDA Y DURADERA<\/h2>\n<p>C\u00e9ntrate en tu trabajo, sin preocuparte por la carga de la bater\u00eda, con capacidad para 4 meses de uso. La duraci\u00f3n de la bater\u00eda depende del uso y de los dispositivos con una carga completa. Un minuto de carga proporciona hasta un d\u00eda de uso.<\/p>\n<h2>LA BOLA ES F\u00c1CIL DE EXTRAER PARA FACILITAR LA LIMPIEZA<\/h2>\n<p>La limpieza del trackball es sencill\u00edsima. Para extraer la bola, puedes usar la parte posterior de un bol\u00edgrafo para empujar la bola por la abertura en la base del trackball.<\/p>\n<h2>PROBADO POR LOS USUARIOS. APROBADO POR LOS ERGONOMISTAS.<\/h2>\n<p>MX ERGO se ha dise\u00f1ado y probado con criterios establecidos por expertos ergonomistas para mejorar la postura y reducir la tensi\u00f3n muscular.<\/p>\n<p><\/p>\n<p>MX ERGO se ha dise\u00f1ado para amoldarse a tu mano y es capaz de un seguimiento r\u00e1pido y preciso. Con el exclusivo \u00e1ngulo de inclinaci\u00f3n de 0 o 20\u00b0, est\u00e1 dise\u00f1ado para dominar extensas p\u00e1ginas y hojas de c\u00e1lculo.<\/p>\n<p>MX Ergo es un rat\u00f3n con trackball ergon\u00f3mico con base cient\u00edfica que reduce el movimiento de la mano y la mu\u00f1eca. El usuario puede elegir el \u00e1ngulo de inclinaci\u00f3n de las exclusivas patas ajustables (0\u00b0 o 20\u00b0) para mejorar al instante la postura de la mano y el antebrazo. Y al no tener que mover tanto la mano para desplazar el cursor, el trackball contribuye a un 20% menos de fatiga muscular en la mano, la mu\u00f1eca y el antebrazo, comparado con un rat\u00f3n est\u00e1ndar. MX Ergo ofrece un dise\u00f1o contorneado, velocidad de seguimiento ajustable y un bot\u00f3n rueda de precisi\u00f3n que permiten una personalizaci\u00f3n completa, y horas y horas de c\u00f3moda productividad.<\/p>\n<p><\/p>\n<p><h2>Especificaciones t\u00e9cnicas<\/h2>\n<ul>\n<li><b>Tecnolog\u00eda de sensor<\/b><\/li>\n<li>Seguimiento \u00f3ptico avanzado de Logitech<\/li>\n<li>Valor nominal: 380 dpi<\/li>\n<li>Valores m\u00ednimo y m\u00e1ximo: 512-2048 dpi<\/li>\n<li><b>Botones<\/b><\/li>\n<li>N\u00famero de botones: 8 (clic izquierdo\/derecho, avance\/retroceso, bot\u00f3n rueda con inclinaci\u00f3n para clic izquierdo\/derecho y clic de bot\u00f3n central, modo de precisi\u00f3n, Easy-Switch)<\/li>\n<li>N\u00famero de botones personalizables: 6<\/li>\n<li><b>Bater\u00eda<\/b><\/li>\n<li>Bater\u00eda recargable Li-Po (500 mAh)<\/li>\n<li>Duraci\u00f3n de la bater\u00eda: Hasta 4 meses con una \u00fanica carga completa 4La duraci\u00f3n de las bater\u00edas depende del uso y de los dispositivos.<\/li>\n<li><b>Tipo de conexi\u00f3n<\/b><\/li>\n<li>Receptor USB<\/li>\n<li><b>Tecnolog\u00eda Bluetooth de bajo consumo<\/b><\/li>\n<li>Distancia de funcionamiento inal\u00e1mbrico: 10 m 5El radio de acci\u00f3n inal\u00e1mbrico depende del entorno operativo y de la configuraci\u00f3n de dispositivos<\/li>\n<li><b>Software para personalizaci\u00f3n<\/b><\/li>\n<li>Compatible con Logi Options+ en macOS 10.15 o posteriores y Windows 10 o posteriores.<\/li>\n<\/ul>\n<\/p>\n<ul>\n<li>\n<h2>MX ERGO<\/h2>\n<\/li>\n<li>Altura x Anchura x Profundidad:<\/li>\n<li>132,5 mm x 99,8 mm x 51,4 mm<\/li>\n<li>Peso: 164 g (sin placa de metal\/sin receptor)<\/li>\n<li>Peso: 259 g (con placa met\u00e1lica\/sin receptor)<\/li>\n<li>Receptor Unifying<\/li>\n<li>Altura x Anchura x Profundidad:<\/li>\n<li>18,4 mm x 14,4 mm x 6,1 mm<\/li>\n<li>Peso: 2 g<\/li>\n<li>\n<h2>REQUISITOS DEL SISTEMA<\/h2>\n<\/li>\n<li>Receptor Unifying<\/li>\n<li>Requiere: Puerto USB disponible<\/li>\n<li>Windows\u00ae 10 o posterior, Windows 8, Windows 7<\/li>\n<li>macOS X 10.12 o posterior<\/li>\n<li>Bluetooth\u00ae<\/li>\n<li>\n<h2>CONTENIDO DE LA CAJA<\/h2>\n<\/li>\n<li><span style='background-color: initial;'>Trackball<\/span><\/li>\n<li><span style='background-color: initial;'>Receptor Unifying<\/span><\/li>\n<li><span style='background-color: initial;'>Cable micro USB para recarga<\/span><\/li>\n<li><span style='background-color: initial;'>Documentaci\u00f3n del usuario<\/span><\/li>\n<\/ul>\n<p><\/p>\n<p>&#8220;<\/p>\n","protected":false},"excerpt":{"rendered":"<p>Rat\u00f3n trackball inal\u00e1mbrico logitech mx ergo\/ bater\u00eda recargable\/ hasta 2048 dpi<\/p>\n","protected":false},"featured_media":13299,"comment_status":"open","ping_status":"closed","template":"","meta":{"_et_pb_use_builder":"","_et_pb_old_content":"","_et_gb_content_width":""},"product_brand":[],"product_cat":[531,65],"product_tag":[],"class_list":{"0":"post-13300","1":"product","2":"type-product","3":"status-publish","4":"has-post-thumbnail","6":"product_cat-ratones","7":"product_cat-todos","9":"first","10":"instock","11":"taxable","12":"shipping-taxable","13":"purchasable","14":"product-type-simple"},"yoast_head":"<!-- This site is optimized with the Yoast SEO plugin v26.5 - https:\/\/yoast.com\/wordpress\/plugins\/seo\/ -->\n<title>Rat\u00f3n Trackball Inal\u00e1mbrico Logitech MX ERGO\/ Bater\u00eda recargable\/ Hasta 2048 DPI | Tienda PCMADRID<\/title>\n<meta name=\"robots\" content=\"index, follow, max-snippet:-1, max-image-preview:large, max-video-preview:-1\" \/>\n<link rel=\"canonical\" href=\"https:\/\/www.pcmadrid.es\/tienda\/producto\/raton-trackball-inalambrico-logitech-mx-ergo-bateria-recargable-hasta-2048-dpi\/\" \/>\n<meta name=\"twitter:label1\" content=\"Tiempo de lectura\" \/>\n\t<meta name=\"twitter:data1\" content=\"5 minutos\" \/>\n<script type=\"application\/ld+json\" class=\"yoast-schema-graph\">{\"@context\":\"https:\/\/schema.org\",\"@graph\":[{\"@type\":\"WebPage\",\"@id\":\"https:\/\/www.pcmadrid.es\/tienda\/producto\/raton-trackball-inalambrico-logitech-mx-ergo-bateria-recargable-hasta-2048-dpi\/\",\"url\":\"https:\/\/www.pcmadrid.es\/tienda\/producto\/raton-trackball-inalambrico-logitech-mx-ergo-bateria-recargable-hasta-2048-dpi\/\",\"name\":\"Rat\u00f3n Trackball Inal\u00e1mbrico Logitech MX ERGO\/ Bater\u00eda recargable\/ Hasta 2048 DPI | Tienda PCMADRID\",\"isPartOf\":{\"@id\":\"https:\/\/www.pcmadrid.es\/tienda\/#website\"},\"primaryImageOfPage\":{\"@id\":\"https:\/\/www.pcmadrid.es\/tienda\/producto\/raton-trackball-inalambrico-logitech-mx-ergo-bateria-recargable-hasta-2048-dpi\/#primaryimage\"},\"image\":{\"@id\":\"https:\/\/www.pcmadrid.es\/tienda\/producto\/raton-trackball-inalambrico-logitech-mx-ergo-bateria-recargable-hasta-2048-dpi\/#primaryimage\"},\"thumbnailUrl\":\"https:\/\/i0.wp.com\/www.pcmadrid.es\/tienda\/wp-content\/uploads\/2024\/05\/art_log-trackball20910-005179_1.jpg?fit=448%2C448&ssl=1\",\"datePublished\":\"2024-05-20T14:52:34+00:00\",\"dateModified\":\"2025-05-09T08:50:36+00:00\",\"breadcrumb\":{\"@id\":\"https:\/\/www.pcmadrid.es\/tienda\/producto\/raton-trackball-inalambrico-logitech-mx-ergo-bateria-recargable-hasta-2048-dpi\/#breadcrumb\"},\"inLanguage\":\"es\",\"potentialAction\":[{\"@type\":\"ReadAction\",\"target\":[\"https:\/\/www.pcmadrid.es\/tienda\/producto\/raton-trackball-inalambrico-logitech-mx-ergo-bateria-recargable-hasta-2048-dpi\/\"]}]},{\"@type\":\"ImageObject\",\"inLanguage\":\"es\",\"@id\":\"https:\/\/www.pcmadrid.es\/tienda\/producto\/raton-trackball-inalambrico-logitech-mx-ergo-bateria-recargable-hasta-2048-dpi\/#primaryimage\",\"url\":\"https:\/\/i0.wp.com\/www.pcmadrid.es\/tienda\/wp-content\/uploads\/2024\/05\/art_log-trackball20910-005179_1.jpg?fit=448%2C448&ssl=1\",\"contentUrl\":\"https:\/\/i0.wp.com\/www.pcmadrid.es\/tienda\/wp-content\/uploads\/2024\/05\/art_log-trackball20910-005179_1.jpg?fit=448%2C448&ssl=1\",\"width\":448,\"height\":448},{\"@type\":\"BreadcrumbList\",\"@id\":\"https:\/\/www.pcmadrid.es\/tienda\/producto\/raton-trackball-inalambrico-logitech-mx-ergo-bateria-recargable-hasta-2048-dpi\/#breadcrumb\",\"itemListElement\":[{\"@type\":\"ListItem\",\"position\":1,\"name\":\"Portada\",\"item\":\"https:\/\/www.pcmadrid.es\/tienda\/\"},{\"@type\":\"ListItem\",\"position\":2,\"name\":\"Todos los productos\",\"item\":\"https:\/\/www.pcmadrid.es\/tienda\/todos-los-productos\/\"},{\"@type\":\"ListItem\",\"position\":3,\"name\":\"Rat\u00f3n Trackball Inal\u00e1mbrico Logitech MX ERGO\/ Bater\u00eda recargable\/ Hasta 2048 DPI\"}]},{\"@type\":\"WebSite\",\"@id\":\"https:\/\/www.pcmadrid.es\/tienda\/#website\",\"url\":\"https:\/\/www.pcmadrid.es\/tienda\/\",\"name\":\"Tienda PCMADRID\",\"description\":\"Venta y reparaciones de ordenadores\",\"publisher\":{\"@id\":\"https:\/\/www.pcmadrid.es\/tienda\/#organization\"},\"potentialAction\":[{\"@type\":\"SearchAction\",\"target\":{\"@type\":\"EntryPoint\",\"urlTemplate\":\"https:\/\/www.pcmadrid.es\/tienda\/?s={search_term_string}\"},\"query-input\":{\"@type\":\"PropertyValueSpecification\",\"valueRequired\":true,\"valueName\":\"search_term_string\"}}],\"inLanguage\":\"es\"},{\"@type\":\"Organization\",\"@id\":\"https:\/\/www.pcmadrid.es\/tienda\/#organization\",\"name\":\"PCMADRID\",\"url\":\"https:\/\/www.pcmadrid.es\/tienda\/\",\"logo\":{\"@type\":\"ImageObject\",\"inLanguage\":\"es\",\"@id\":\"https:\/\/www.pcmadrid.es\/tienda\/#\/schema\/logo\/image\/\",\"url\":\"https:\/\/i0.wp.com\/www.pcmadrid.es\/tienda\/wp-content\/uploads\/2019\/10\/pcmadridlogo..png?fit=750%2C300&ssl=1\",\"contentUrl\":\"https:\/\/i0.wp.com\/www.pcmadrid.es\/tienda\/wp-content\/uploads\/2019\/10\/pcmadridlogo..png?fit=750%2C300&ssl=1\",\"width\":750,\"height\":300,\"caption\":\"PCMADRID\"},\"image\":{\"@id\":\"https:\/\/www.pcmadrid.es\/tienda\/#\/schema\/logo\/image\/\"},\"sameAs\":[\"https:\/\/www.facebook.com\/pcmadridinformatica\",\"https:\/\/x.com\/pc_madrid\",\"https:\/\/www.youtube.com\/channel\/UCIbQq9k6BBrU5x2wqDIHr7A\",\"https:\/\/www.instagram.com\/pcmadrid_informatica\/?hl=es\",\"https:\/\/www.linkedin.com\/company\/9348326\/admin\/\",\"https:\/\/www.pinterest.es\/pcmadrid_informatica\/\"]}]}<\/script>\n<!-- \/ Yoast SEO plugin. -->","yoast_head_json":{"title":"Rat\u00f3n Trackball Inal\u00e1mbrico Logitech MX ERGO\/ Bater\u00eda recargable\/ Hasta 2048 DPI | Tienda PCMADRID","robots":{"index":"index","follow":"follow","max-snippet":"max-snippet:-1","max-image-preview":"max-image-preview:large","max-video-preview":"max-video-preview:-1"},"canonical":"https:\/\/www.pcmadrid.es\/tienda\/producto\/raton-trackball-inalambrico-logitech-mx-ergo-bateria-recargable-hasta-2048-dpi\/","twitter_misc":{"Tiempo de lectura":"5 minutos"},"schema":{"@context":"https:\/\/schema.org","@graph":[{"@type":"WebPage","@id":"https:\/\/www.pcmadrid.es\/tienda\/producto\/raton-trackball-inalambrico-logitech-mx-ergo-bateria-recargable-hasta-2048-dpi\/","url":"https:\/\/www.pcmadrid.es\/tienda\/producto\/raton-trackball-inalambrico-logitech-mx-ergo-bateria-recargable-hasta-2048-dpi\/","name":"Rat\u00f3n Trackball Inal\u00e1mbrico Logitech MX ERGO\/ Bater\u00eda recargable\/ Hasta 2048 DPI | Tienda PCMADRID","isPartOf":{"@id":"https:\/\/www.pcmadrid.es\/tienda\/#website"},"primaryImageOfPage":{"@id":"https:\/\/www.pcmadrid.es\/tienda\/producto\/raton-trackball-inalambrico-logitech-mx-ergo-bateria-recargable-hasta-2048-dpi\/#primaryimage"},"image":{"@id":"https:\/\/www.pcmadrid.es\/tienda\/producto\/raton-trackball-inalambrico-logitech-mx-ergo-bateria-recargable-hasta-2048-dpi\/#primaryimage"},"thumbnailUrl":"https:\/\/i0.wp.com\/www.pcmadrid.es\/tienda\/wp-content\/uploads\/2024\/05\/art_log-trackball20910-005179_1.jpg?fit=448%2C448&ssl=1","datePublished":"2024-05-20T14:52:34+00:00","dateModified":"2025-05-09T08:50:36+00:00","breadcrumb":{"@id":"https:\/\/www.pcmadrid.es\/tienda\/producto\/raton-trackball-inalambrico-logitech-mx-ergo-bateria-recargable-hasta-2048-dpi\/#breadcrumb"},"inLanguage":"es","potentialAction":[{"@type":"ReadAction","target":["https:\/\/www.pcmadrid.es\/tienda\/producto\/raton-trackball-inalambrico-logitech-mx-ergo-bateria-recargable-hasta-2048-dpi\/"]}]},{"@type":"ImageObject","inLanguage":"es","@id":"https:\/\/www.pcmadrid.es\/tienda\/producto\/raton-trackball-inalambrico-logitech-mx-ergo-bateria-recargable-hasta-2048-dpi\/#primaryimage","url":"https:\/\/i0.wp.com\/www.pcmadrid.es\/tienda\/wp-content\/uploads\/2024\/05\/art_log-trackball20910-005179_1.jpg?fit=448%2C448&ssl=1","contentUrl":"https:\/\/i0.wp.com\/www.pcmadrid.es\/tienda\/wp-content\/uploads\/2024\/05\/art_log-trackball20910-005179_1.jpg?fit=448%2C448&ssl=1","width":448,"height":448},{"@type":"BreadcrumbList","@id":"https:\/\/www.pcmadrid.es\/tienda\/producto\/raton-trackball-inalambrico-logitech-mx-ergo-bateria-recargable-hasta-2048-dpi\/#breadcrumb","itemListElement":[{"@type":"ListItem","position":1,"name":"Portada","item":"https:\/\/www.pcmadrid.es\/tienda\/"},{"@type":"ListItem","position":2,"name":"Todos los productos","item":"https:\/\/www.pcmadrid.es\/tienda\/todos-los-productos\/"},{"@type":"ListItem","position":3,"name":"Rat\u00f3n Trackball Inal\u00e1mbrico Logitech MX ERGO\/ Bater\u00eda recargable\/ Hasta 2048 DPI"}]},{"@type":"WebSite","@id":"https:\/\/www.pcmadrid.es\/tienda\/#website","url":"https:\/\/www.pcmadrid.es\/tienda\/","name":"Tienda PCMADRID","description":"Venta y reparaciones de ordenadores","publisher":{"@id":"https:\/\/www.pcmadrid.es\/tienda\/#organization"},"potentialAction":[{"@type":"SearchAction","target":{"@type":"EntryPoint","urlTemplate":"https:\/\/www.pcmadrid.es\/tienda\/?s={search_term_string}"},"query-input":{"@type":"PropertyValueSpecification","valueRequired":true,"valueName":"search_term_string"}}],"inLanguage":"es"},{"@type":"Organization","@id":"https:\/\/www.pcmadrid.es\/tienda\/#organization","name":"PCMADRID","url":"https:\/\/www.pcmadrid.es\/tienda\/","logo":{"@type":"ImageObject","inLanguage":"es","@id":"https:\/\/www.pcmadrid.es\/tienda\/#\/schema\/logo\/image\/","url":"https:\/\/i0.wp.com\/www.pcmadrid.es\/tienda\/wp-content\/uploads\/2019\/10\/pcmadridlogo..png?fit=750%2C300&ssl=1","contentUrl":"https:\/\/i0.wp.com\/www.pcmadrid.es\/tienda\/wp-content\/uploads\/2019\/10\/pcmadridlogo..png?fit=750%2C300&ssl=1","width":750,"height":300,"caption":"PCMADRID"},"image":{"@id":"https:\/\/www.pcmadrid.es\/tienda\/#\/schema\/logo\/image\/"},"sameAs":["https:\/\/www.facebook.com\/pcmadridinformatica","https:\/\/x.com\/pc_madrid","https:\/\/www.youtube.com\/channel\/UCIbQq9k6BBrU5x2wqDIHr7A","https:\/\/www.instagram.com\/pcmadrid_informatica\/?hl=es","https:\/\/www.linkedin.com\/company\/9348326\/admin\/","https:\/\/www.pinterest.es\/pcmadrid_informatica\/"]}]}},"jetpack_sharing_enabled":true,"_links":{"self":[{"href":"https:\/\/www.pcmadrid.es\/tienda\/wp-json\/wp\/v2\/product\/13300","targetHints":{"allow":["GET"]}}],"collection":[{"href":"https:\/\/www.pcmadrid.es\/tienda\/wp-json\/wp\/v2\/product"}],"about":[{"href":"https:\/\/www.pcmadrid.es\/tienda\/wp-json\/wp\/v2\/types\/product"}],"replies":[{"embeddable":true,"href":"https:\/\/www.pcmadrid.es\/tienda\/wp-json\/wp\/v2\/comments?post=13300"}],"wp:featuredmedia":[{"embeddable":true,"href":"https:\/\/www.pcmadrid.es\/tienda\/wp-json\/wp\/v2\/media\/13299"}],"wp:attachment":[{"href":"https:\/\/www.pcmadrid.es\/tienda\/wp-json\/wp\/v2\/media?parent=13300"}],"wp:term":[{"taxonomy":"product_brand","embeddable":true,"href":"https:\/\/www.pcmadrid.es\/tienda\/wp-json\/wp\/v2\/product_brand?post=13300"},{"taxonomy":"product_cat","embeddable":true,"href":"https:\/\/www.pcmadrid.es\/tienda\/wp-json\/wp\/v2\/product_cat?post=13300"},{"taxonomy":"product_tag","embeddable":true,"href":"https:\/\/www.pcmadrid.es\/tienda\/wp-json\/wp\/v2\/product_tag?post=13300"}],"curies":[{"name":"wp","href":"https:\/\/api.w.org\/{rel}","templated":true}]}}