{"id":13674,"date":"2024-07-01T21:45:05","date_gmt":"2024-07-01T19:45:05","guid":{"rendered":"https:\/\/www.pcmadrid.es\/tienda\/producto\/disco-externo-ssd-samsung-portable-t7-shield-2tb-usb-3-2-negro\/"},"modified":"2025-12-30T09:33:44","modified_gmt":"2025-12-30T08:33:44","slug":"disco-externo-ssd-samsung-portable-t7-shield-2tb-3","status":"publish","type":"product","link":"https:\/\/www.pcmadrid.es\/tienda\/producto\/disco-externo-ssd-samsung-portable-t7-shield-2tb-3\/","title":{"rendered":"Disco Externo SSD Samsung Portable T7 Shield 2TB (USB 3.2 Negro)"},"content":{"rendered":"<p>&nbsp;<\/p>\n<h2 style=\"text-align: center;\"><span style=\"color: #99cc00; line-height: 125%;\">Disco Externo SSD Samsung Portable T7 Shield 2TB (USB 3.2 Negro)<\/span><\/h2>\n<p>&nbsp;<\/p>\n<h3>Almacenamiento port\u00e1til resistente y de alto rendimiento ideal para profesionales en movimiento<\/h3>\n<p style=\"text-align: justify;\">El Disco Externo <strong><span style=\"color: #99cc00;\"><a style=\"color: #99cc00;\" href=\"https:\/\/download.semiconductor.samsung.com\/resources\/data-sheet\/Samsung_Portable_SSD_T7_Shield_Datasheet_Rev.2.0.pdf\">SSD Samsung Portable T7 Shield<\/a><\/span><\/strong> 2TB est\u00e1 dise\u00f1ado para quienes necesitan almacenamiento seguro y port\u00e1til. Equipado con interfaz USB 3.2 Gen 2, ofrece velocidades de lectura y escritura de hasta 1,050 MB\/s y 1,000 MB\/s respectivamente, permitiendo una transferencia \u00e1gil de archivos de gran tama\u00f1o. Su construcci\u00f3n robusta incluye certificaci\u00f3n IP65 contra agua y polvo, as\u00ed como resistencia a ca\u00eddas de hasta 3 metros, ideal para proyectos al aire libre. Con cifrado AES de 256 bits, es la opci\u00f3n perfecta para profesionales que buscan un SSD confiable y de alta velocidad.<\/p>\n<p style=\"padding-left: 40px; text-align: justify;\"><strong>Robusto y duradero: <\/strong>Extremadamente resistente, r\u00e1pido y compacto. El nuevo T7 Shield te ofrece un rendimiento superior en cualquier ocasi\u00f3n, incluso en las condiciones ambientales m\u00e1s dif\u00edciles. Supervelocidad en el interior y una protecci\u00f3n duradera en su exterior.a.<\/p>\n<p style=\"padding-left: 40px; text-align: justify;\"><strong>Crea a toda velocidad: <\/strong>Transfiere archivos gigantes instant\u00e1neamente. USB 3.2 Gen 2 y el PCIe\u00ae NVMe\u2122 alcanzan elevadas velocidades de lectura\/escritura secuencial de hasta 1.050\/1.000 MB\/s lo que permite editar directamente desde la unidad sin retardo. El exterior de caucho de alta tecnolog\u00eda y el Dyamic Thermal Guard controlan la temperatura para mantener un rendimiento constante, incluso para proyectos gigantescos.<\/p>\n<p style=\"padding-left: 40px; text-align: justify;\"><strong>Extremadamente resistente: <\/strong>Creado para las condiciones m\u00e1s exigentes. Graba en exteriores y en la naturaleza, su clasificaci\u00f3n IP65 te asegura que tus datos no se perder\u00e1n por el contacto con el agua o el polvo. Su dise\u00f1o robusto y el avanzado elast\u00f3mero exterior a\u00f1aden una resistencia adicional para soportar ca\u00eddas de hasta 3 metros. Su cobertura antideslizante evita que resbale de tu mano. Lleva todo contigo sin perder el estilo que te caracteriza.<\/p>\n<p style=\"padding-left: 40px; text-align: justify;\"><strong>Para los dispositivos del d\u00eda a d\u00eda: <\/strong>Con\u00e9ctate sin esfuerzo a la tecnolog\u00eda que usas cada d\u00eda: Mac, PCs, dispositivos Android, consolas para jugar \u00a1Y mucho m\u00e1s! As\u00ed podr\u00e1s a\u00f1adir toda la comodidad de la portabilidad a tu rutina.<\/p>\n<p style=\"padding-left: 40px; text-align: justify;\"><strong>Software de gesti\u00f3n: <\/strong>Establece tu contrase\u00f1a y obt\u00e9n las \u00faltimas actualizaciones de firmware con el software Samsung para las SSD port\u00e1tiles disponible para PC, Mac, smartphones y tablets Android. Adem\u00e1s, puedes comprobar el estado de tu unidad, aumentar su rendimiento y proteger tus datos con el software Samsung Magician.<\/p>\n<p style=\"text-align: justify; padding-left: 40px;\"><strong>La Memoria Flash n\u00famero 1 del mundo: <\/strong>Experimenta un rendimiento y la fiabilidad superiores que solo podr\u00e1s obtener de la marca n\u00famero uno del mundo en memorias flash desde 2003. Todo el firmware y los componentes, incluidas las mundialmente conocidas como DRAM y NAND de Samsung, se fabrican en la propia empresa garantizando una integraci\u00f3n total y una calidad en la que puedes confiar.<\/p>\n<p><strong>Especificaciones Disco Externo <span style=\"color: #99cc00;\"><a style=\"color: #99cc00;\" href=\"https:\/\/download.semiconductor.samsung.com\/resources\/data-sheet\/Samsung_Portable_SSD_T7_Shield_Datasheet_Rev.2.0.pdf\">SSD Samsung Portable T7 Shield<\/a><\/span> 2TB:<\/strong><\/p>\n<ul>\n<li><strong>Caracter\u00edsticas<\/strong>: Capacidad: 2TB, Velocidad de lectura de hasta 1,050 MB\/s y escritura de hasta 1,000 MB\/s, formato exFAT; protecci\u00f3n IP65 para resistencia al agua y polvo.<\/li>\n<li><strong>Conectividad<\/strong>: Interfaz USB 3.2 Gen 2, con conector USB-C, compatible con USB 3.0 y USB 2.0.<\/li>\n<li><strong>Compatibilidad<\/strong>: Sistemas operativos: Windows, macOS, Android; sin necesidad de instalaci\u00f3n adicional.<\/li>\n<li><strong>Seguridad<\/strong>: Cifrado de hardware AES de 256 bits, resistencia a ca\u00eddas hasta 3 metros; certificaciones de calidad CE, BSMI, FCC, y m\u00e1s.<\/li>\n<li><strong>Uso recomendado<\/strong>: Ideal para fot\u00f3grafos, vide\u00f3grafos y usuarios en movimiento que necesitan un dispositivo confiable y de alto rendimiento para almacenar y transferir archivos grandes.<\/li>\n<\/ul>\n<h2>Especificaciones Disco Externo SSD Samsung Portable T7 Shield 2TB<\/h2>\n<table style=\"width: 100%; border-collapse: collapse;\" border=\"1\">\n<tbody>\n<tr>\n<th style=\"background-color: #f0f0f0; text-align: left; width: 100%; padding-left: 20px;\" colspan=\"2\"><span style=\"font-size: 14pt;\"><strong>Disco Externo SSD Samsung Portable T7 Shield 2TB<\/strong><\/span><\/th>\n<\/tr>\n<tr>\n<td style=\"padding-left: 40px; width: 40.9554%;\">Velocidad de Transferencia Lectura Secuencial<\/td>\n<td style=\"padding-left: 40px; width: 59.0446%;\">\u00a0hasta 1,050MB\/s\u00a0 (El rendimiento puede variar en funci\u00f3n de las condiciones incluso con la interfaz USB 3.2 soportando UASP)<\/td>\n<\/tr>\n<tr>\n<td style=\"padding-left: 40px; width: 40.9554%;\">Velocidad de Transferencia Escritura Secuencial<\/td>\n<td style=\"padding-left: 40px; width: 59.0446%;\">hasta 1,000 MB\/s (El rendimiento puede variar en funci\u00f3n de las condiciones incluso con la interfaz USB 3.2 soportando UASP)<\/td>\n<\/tr>\n<tr>\n<td style=\"padding-left: 40px; width: 40.9554%;\">Interfaz<\/td>\n<td style=\"padding-left: 40px; width: 59.0446%;\">USB 3.2 Gen.2 (10Gbps)<\/td>\n<\/tr>\n<tr>\n<td style=\"padding-left: 40px; width: 40.9554%;\">Capacidad<\/td>\n<td style=\"padding-left: 40px; width: 59.0446%;\">2TB<\/td>\n<\/tr>\n<tr>\n<td style=\"padding-left: 40px; width: 40.9554%;\">Dimensiones<\/td>\n<td style=\"padding-left: 40px; width: 59.0446%;\">59 x 88 x 13mm<\/td>\n<\/tr>\n<tr>\n<td style=\"padding-left: 40px; width: 40.9554%;\">Peso<\/td>\n<td style=\"padding-left: 40px; width: 59.0446%;\">98g (El peso exacto puede variar en funci\u00f3n de la capacidad)<\/td>\n<\/tr>\n<tr>\n<td style=\"padding-left: 40px; width: 40.9554%;\">Modo UASP<\/td>\n<td style=\"padding-left: 40px; width: 59.0446%;\">Soportado<\/td>\n<\/tr>\n<tr>\n<td style=\"padding-left: 40px; width: 40.9554%;\">Encriptaci\u00f3n<\/td>\n<td style=\"padding-left: 40px; width: 59.0446%;\">AES 256-bit hardware encryption<\/td>\n<\/tr>\n<tr>\n<td style=\"padding-left: 40px; width: 40.9554%;\">Seguridad<\/td>\n<td style=\"padding-left: 40px; width: 59.0446%;\">Samsung Portable SSD Software 1.0, Samsung Magician Software<\/td>\n<\/tr>\n<tr>\n<td style=\"padding-left: 40px; width: 40.9554%;\">Certificaci\u00f3n<\/td>\n<td style=\"padding-left: 40px; width: 59.0446%;\">CE, BSMI, KC, VCCI, C-tick, FCC, IC, UL, TUV, CB, EAC, UKCA, BIS<\/td>\n<\/tr>\n<tr>\n<td style=\"padding-left: 40px; width: 40.9554%;\">RoHS Compliance<\/td>\n<td style=\"padding-left: 40px; width: 59.0446%;\">RoHS2<\/td>\n<\/tr>\n<\/tbody>\n<\/table>\n<h2><span style=\"color: #99cc00; font-size: 22px;\">Garant\u00eda y soporte: Seguridad para tus necesidades<\/span><\/h2>\n<p>Incluye una garant\u00eda de 3 a\u00f1os para asegurar que tu inversi\u00f3n est\u00e9 protegida. Adem\u00e1s, ofrecemos <a href=\"https:\/\/www.pcmadrid.es\/tienda\/categoria-producto\/reparaciones\/\"><span style=\"color: #99cc00;\">soporte t\u00e9cnico especializado<\/span><\/a> para garantizar el \u00f3ptimo funcionamiento de tu equipo.<\/p>\n","protected":false},"excerpt":{"rendered":"<p style=\"text-align: justify;\">El Disco Externo SSD Samsung Portable T7 Shield 2TB ofrece rendimiento extremo y durabilidad, ideal para ambientes dif\u00edciles. Con velocidades de lectura de hasta 1,050 MB\/s y escritura de hasta 1,000 MB\/s, permite transferencias r\u00e1pidas y edici\u00f3n directa desde la unidad. Dise\u00f1ado con protecci\u00f3n IP65 contra agua y polvo y resistencia a ca\u00eddas de hasta 3 metros.<\/p>\n","protected":false},"featured_media":13673,"comment_status":"open","ping_status":"closed","template":"","meta":{"_et_pb_use_builder":"","_et_pb_old_content":"","_et_gb_content_width":""},"product_brand":[],"product_cat":[536,65],"product_tag":[],"class_list":{"0":"post-13674","1":"product","2":"type-product","3":"status-publish","4":"has-post-thumbnail","6":"product_cat-discos-duros-externos","7":"product_cat-todos","9":"first","10":"outofstock","11":"taxable","12":"shipping-taxable","13":"purchasable","14":"product-type-simple"},"yoast_head":"<!-- This site is optimized with the Yoast SEO plugin v27.5 - https:\/\/yoast.com\/product\/yoast-seo-wordpress\/ -->\n<title>Disco Externo SSD Samsung Portable T7 Shield 2TB (USB 3.2 Negro) | Tienda PCMADRID<\/title>\n<meta name=\"description\" content=\"Disco Externo SSD Samsung Portable T7 Shield 2TB, 1000 MB\/s, USB 3.2, NVMe, cifrado AES 256bit, anti sobrecalentamiento, IP65 agua polvo, soporta ca\u00eddas\" \/>\n<meta name=\"robots\" content=\"index, follow, max-snippet:-1, max-image-preview:large, max-video-preview:-1\" \/>\n<link rel=\"canonical\" href=\"https:\/\/www.pcmadrid.es\/tienda\/producto\/disco-externo-ssd-samsung-portable-t7-shield-2tb-3\/\" \/>\n<meta name=\"twitter:label1\" content=\"Tiempo de lectura\" \/>\n\t<meta name=\"twitter:data1\" content=\"4 minutos\" \/>\n<script type=\"application\/ld+json\" class=\"yoast-schema-graph\">{\"@context\":\"https:\\\/\\\/schema.org\",\"@graph\":[{\"@type\":\"WebPage\",\"@id\":\"https:\\\/\\\/www.pcmadrid.es\\\/tienda\\\/producto\\\/disco-externo-ssd-samsung-portable-t7-shield-2tb-3\\\/\",\"url\":\"https:\\\/\\\/www.pcmadrid.es\\\/tienda\\\/producto\\\/disco-externo-ssd-samsung-portable-t7-shield-2tb-3\\\/\",\"name\":\"Disco Externo SSD Samsung Portable T7 Shield 2TB (USB 3.2 Negro) | Tienda PCMADRID\",\"isPartOf\":{\"@id\":\"https:\\\/\\\/www.pcmadrid.es\\\/tienda\\\/#website\"},\"primaryImageOfPage\":{\"@id\":\"https:\\\/\\\/www.pcmadrid.es\\\/tienda\\\/producto\\\/disco-externo-ssd-samsung-portable-t7-shield-2tb-3\\\/#primaryimage\"},\"image\":{\"@id\":\"https:\\\/\\\/www.pcmadrid.es\\\/tienda\\\/producto\\\/disco-externo-ssd-samsung-portable-t7-shield-2tb-3\\\/#primaryimage\"},\"thumbnailUrl\":\"https:\\\/\\\/i0.wp.com\\\/www.pcmadrid.es\\\/tienda\\\/wp-content\\\/uploads\\\/2024\\\/07\\\/art_sam-ssd20t720shield202tb20bk_1.jpg?fit=448%2C448&ssl=1\",\"datePublished\":\"2024-07-01T19:45:05+00:00\",\"dateModified\":\"2025-12-30T08:33:44+00:00\",\"description\":\"Disco Externo SSD Samsung Portable T7 Shield 2TB, 1000 MB\\\/s, USB 3.2, NVMe, cifrado AES 256bit, anti sobrecalentamiento, IP65 agua polvo, soporta ca\u00eddas\",\"breadcrumb\":{\"@id\":\"https:\\\/\\\/www.pcmadrid.es\\\/tienda\\\/producto\\\/disco-externo-ssd-samsung-portable-t7-shield-2tb-3\\\/#breadcrumb\"},\"inLanguage\":\"es\",\"potentialAction\":[{\"@type\":\"ReadAction\",\"target\":[\"https:\\\/\\\/www.pcmadrid.es\\\/tienda\\\/producto\\\/disco-externo-ssd-samsung-portable-t7-shield-2tb-3\\\/\"]}]},{\"@type\":\"ImageObject\",\"inLanguage\":\"es\",\"@id\":\"https:\\\/\\\/www.pcmadrid.es\\\/tienda\\\/producto\\\/disco-externo-ssd-samsung-portable-t7-shield-2tb-3\\\/#primaryimage\",\"url\":\"https:\\\/\\\/i0.wp.com\\\/www.pcmadrid.es\\\/tienda\\\/wp-content\\\/uploads\\\/2024\\\/07\\\/art_sam-ssd20t720shield202tb20bk_1.jpg?fit=448%2C448&ssl=1\",\"contentUrl\":\"https:\\\/\\\/i0.wp.com\\\/www.pcmadrid.es\\\/tienda\\\/wp-content\\\/uploads\\\/2024\\\/07\\\/art_sam-ssd20t720shield202tb20bk_1.jpg?fit=448%2C448&ssl=1\",\"width\":448,\"height\":448},{\"@type\":\"BreadcrumbList\",\"@id\":\"https:\\\/\\\/www.pcmadrid.es\\\/tienda\\\/producto\\\/disco-externo-ssd-samsung-portable-t7-shield-2tb-3\\\/#breadcrumb\",\"itemListElement\":[{\"@type\":\"ListItem\",\"position\":1,\"name\":\"Portada\",\"item\":\"https:\\\/\\\/www.pcmadrid.es\\\/tienda\\\/\"},{\"@type\":\"ListItem\",\"position\":2,\"name\":\"Todos los productos\",\"item\":\"https:\\\/\\\/www.pcmadrid.es\\\/tienda\\\/todos-los-productos\\\/\"},{\"@type\":\"ListItem\",\"position\":3,\"name\":\"Disco Externo SSD Samsung Portable T7 Shield 2TB (USB 3.2 Negro)\"}]},{\"@type\":\"WebSite\",\"@id\":\"https:\\\/\\\/www.pcmadrid.es\\\/tienda\\\/#website\",\"url\":\"https:\\\/\\\/www.pcmadrid.es\\\/tienda\\\/\",\"name\":\"Tienda PCMADRID\",\"description\":\"Venta y reparaciones de ordenadores\",\"publisher\":{\"@id\":\"https:\\\/\\\/www.pcmadrid.es\\\/tienda\\\/#organization\"},\"potentialAction\":[{\"@type\":\"SearchAction\",\"target\":{\"@type\":\"EntryPoint\",\"urlTemplate\":\"https:\\\/\\\/www.pcmadrid.es\\\/tienda\\\/?s={search_term_string}\"},\"query-input\":{\"@type\":\"PropertyValueSpecification\",\"valueRequired\":true,\"valueName\":\"search_term_string\"}}],\"inLanguage\":\"es\"},{\"@type\":\"Organization\",\"@id\":\"https:\\\/\\\/www.pcmadrid.es\\\/tienda\\\/#organization\",\"name\":\"PCMADRID\",\"url\":\"https:\\\/\\\/www.pcmadrid.es\\\/tienda\\\/\",\"logo\":{\"@type\":\"ImageObject\",\"inLanguage\":\"es\",\"@id\":\"https:\\\/\\\/www.pcmadrid.es\\\/tienda\\\/#\\\/schema\\\/logo\\\/image\\\/\",\"url\":\"https:\\\/\\\/www.pcmadrid.es\\\/tienda\\\/wp-content\\\/uploads\\\/2019\\\/10\\\/pcmadridlogo..png\",\"contentUrl\":\"https:\\\/\\\/www.pcmadrid.es\\\/tienda\\\/wp-content\\\/uploads\\\/2019\\\/10\\\/pcmadridlogo..png\",\"width\":750,\"height\":300,\"caption\":\"PCMADRID\"},\"image\":{\"@id\":\"https:\\\/\\\/www.pcmadrid.es\\\/tienda\\\/#\\\/schema\\\/logo\\\/image\\\/\"},\"sameAs\":[\"https:\\\/\\\/www.facebook.com\\\/pcmadridinformatica\",\"https:\\\/\\\/x.com\\\/pc_madrid\",\"https:\\\/\\\/www.youtube.com\\\/channel\\\/UCIbQq9k6BBrU5x2wqDIHr7A\",\"https:\\\/\\\/www.instagram.com\\\/pcmadrid_informatica\\\/?hl=es\",\"https:\\\/\\\/www.linkedin.com\\\/company\\\/9348326\\\/admin\\\/\",\"https:\\\/\\\/www.pinterest.es\\\/pcmadrid_informatica\\\/\"]}]}<\/script>\n<!-- \/ Yoast SEO plugin. -->","yoast_head_json":{"title":"Disco Externo SSD Samsung Portable T7 Shield 2TB (USB 3.2 Negro) | Tienda PCMADRID","description":"Disco Externo SSD Samsung Portable T7 Shield 2TB, 1000 MB\/s, USB 3.2, NVMe, cifrado AES 256bit, anti sobrecalentamiento, IP65 agua polvo, soporta ca\u00eddas","robots":{"index":"index","follow":"follow","max-snippet":"max-snippet:-1","max-image-preview":"max-image-preview:large","max-video-preview":"max-video-preview:-1"},"canonical":"https:\/\/www.pcmadrid.es\/tienda\/producto\/disco-externo-ssd-samsung-portable-t7-shield-2tb-3\/","twitter_misc":{"Tiempo de lectura":"4 minutos"},"schema":{"@context":"https:\/\/schema.org","@graph":[{"@type":"WebPage","@id":"https:\/\/www.pcmadrid.es\/tienda\/producto\/disco-externo-ssd-samsung-portable-t7-shield-2tb-3\/","url":"https:\/\/www.pcmadrid.es\/tienda\/producto\/disco-externo-ssd-samsung-portable-t7-shield-2tb-3\/","name":"Disco Externo SSD Samsung Portable T7 Shield 2TB (USB 3.2 Negro) | Tienda PCMADRID","isPartOf":{"@id":"https:\/\/www.pcmadrid.es\/tienda\/#website"},"primaryImageOfPage":{"@id":"https:\/\/www.pcmadrid.es\/tienda\/producto\/disco-externo-ssd-samsung-portable-t7-shield-2tb-3\/#primaryimage"},"image":{"@id":"https:\/\/www.pcmadrid.es\/tienda\/producto\/disco-externo-ssd-samsung-portable-t7-shield-2tb-3\/#primaryimage"},"thumbnailUrl":"https:\/\/i0.wp.com\/www.pcmadrid.es\/tienda\/wp-content\/uploads\/2024\/07\/art_sam-ssd20t720shield202tb20bk_1.jpg?fit=448%2C448&ssl=1","datePublished":"2024-07-01T19:45:05+00:00","dateModified":"2025-12-30T08:33:44+00:00","description":"Disco Externo SSD Samsung Portable T7 Shield 2TB, 1000 MB\/s, USB 3.2, NVMe, cifrado AES 256bit, anti sobrecalentamiento, IP65 agua polvo, soporta ca\u00eddas","breadcrumb":{"@id":"https:\/\/www.pcmadrid.es\/tienda\/producto\/disco-externo-ssd-samsung-portable-t7-shield-2tb-3\/#breadcrumb"},"inLanguage":"es","potentialAction":[{"@type":"ReadAction","target":["https:\/\/www.pcmadrid.es\/tienda\/producto\/disco-externo-ssd-samsung-portable-t7-shield-2tb-3\/"]}]},{"@type":"ImageObject","inLanguage":"es","@id":"https:\/\/www.pcmadrid.es\/tienda\/producto\/disco-externo-ssd-samsung-portable-t7-shield-2tb-3\/#primaryimage","url":"https:\/\/i0.wp.com\/www.pcmadrid.es\/tienda\/wp-content\/uploads\/2024\/07\/art_sam-ssd20t720shield202tb20bk_1.jpg?fit=448%2C448&ssl=1","contentUrl":"https:\/\/i0.wp.com\/www.pcmadrid.es\/tienda\/wp-content\/uploads\/2024\/07\/art_sam-ssd20t720shield202tb20bk_1.jpg?fit=448%2C448&ssl=1","width":448,"height":448},{"@type":"BreadcrumbList","@id":"https:\/\/www.pcmadrid.es\/tienda\/producto\/disco-externo-ssd-samsung-portable-t7-shield-2tb-3\/#breadcrumb","itemListElement":[{"@type":"ListItem","position":1,"name":"Portada","item":"https:\/\/www.pcmadrid.es\/tienda\/"},{"@type":"ListItem","position":2,"name":"Todos los productos","item":"https:\/\/www.pcmadrid.es\/tienda\/todos-los-productos\/"},{"@type":"ListItem","position":3,"name":"Disco Externo SSD Samsung Portable T7 Shield 2TB (USB 3.2 Negro)"}]},{"@type":"WebSite","@id":"https:\/\/www.pcmadrid.es\/tienda\/#website","url":"https:\/\/www.pcmadrid.es\/tienda\/","name":"Tienda PCMADRID","description":"Venta y reparaciones de ordenadores","publisher":{"@id":"https:\/\/www.pcmadrid.es\/tienda\/#organization"},"potentialAction":[{"@type":"SearchAction","target":{"@type":"EntryPoint","urlTemplate":"https:\/\/www.pcmadrid.es\/tienda\/?s={search_term_string}"},"query-input":{"@type":"PropertyValueSpecification","valueRequired":true,"valueName":"search_term_string"}}],"inLanguage":"es"},{"@type":"Organization","@id":"https:\/\/www.pcmadrid.es\/tienda\/#organization","name":"PCMADRID","url":"https:\/\/www.pcmadrid.es\/tienda\/","logo":{"@type":"ImageObject","inLanguage":"es","@id":"https:\/\/www.pcmadrid.es\/tienda\/#\/schema\/logo\/image\/","url":"https:\/\/www.pcmadrid.es\/tienda\/wp-content\/uploads\/2019\/10\/pcmadridlogo..png","contentUrl":"https:\/\/www.pcmadrid.es\/tienda\/wp-content\/uploads\/2019\/10\/pcmadridlogo..png","width":750,"height":300,"caption":"PCMADRID"},"image":{"@id":"https:\/\/www.pcmadrid.es\/tienda\/#\/schema\/logo\/image\/"},"sameAs":["https:\/\/www.facebook.com\/pcmadridinformatica","https:\/\/x.com\/pc_madrid","https:\/\/www.youtube.com\/channel\/UCIbQq9k6BBrU5x2wqDIHr7A","https:\/\/www.instagram.com\/pcmadrid_informatica\/?hl=es","https:\/\/www.linkedin.com\/company\/9348326\/admin\/","https:\/\/www.pinterest.es\/pcmadrid_informatica\/"]}]}},"jetpack_sharing_enabled":true,"_links":{"self":[{"href":"https:\/\/www.pcmadrid.es\/tienda\/wp-json\/wp\/v2\/product\/13674","targetHints":{"allow":["GET"]}}],"collection":[{"href":"https:\/\/www.pcmadrid.es\/tienda\/wp-json\/wp\/v2\/product"}],"about":[{"href":"https:\/\/www.pcmadrid.es\/tienda\/wp-json\/wp\/v2\/types\/product"}],"replies":[{"embeddable":true,"href":"https:\/\/www.pcmadrid.es\/tienda\/wp-json\/wp\/v2\/comments?post=13674"}],"wp:featuredmedia":[{"embeddable":true,"href":"https:\/\/www.pcmadrid.es\/tienda\/wp-json\/wp\/v2\/media\/13673"}],"wp:attachment":[{"href":"https:\/\/www.pcmadrid.es\/tienda\/wp-json\/wp\/v2\/media?parent=13674"}],"wp:term":[{"taxonomy":"product_brand","embeddable":true,"href":"https:\/\/www.pcmadrid.es\/tienda\/wp-json\/wp\/v2\/product_brand?post=13674"},{"taxonomy":"product_cat","embeddable":true,"href":"https:\/\/www.pcmadrid.es\/tienda\/wp-json\/wp\/v2\/product_cat?post=13674"},{"taxonomy":"product_tag","embeddable":true,"href":"https:\/\/www.pcmadrid.es\/tienda\/wp-json\/wp\/v2\/product_tag?post=13674"}],"curies":[{"name":"wp","href":"https:\/\/api.w.org\/{rel}","templated":true}]}}