{"id":13692,"date":"2024-07-01T21:45:11","date_gmt":"2024-07-01T19:45:11","guid":{"rendered":"https:\/\/www.pcmadrid.es\/tienda\/producto\/disco-externo-ssd-sandisk-extreme-portable-v2-2tb-usb-3-2-gen-2\/"},"modified":"2025-12-30T09:28:19","modified_gmt":"2025-12-30T08:28:19","slug":"disco-externo-ssd-sandisk-extreme-portable-v2-2tb","status":"publish","type":"product","link":"https:\/\/www.pcmadrid.es\/tienda\/producto\/disco-externo-ssd-sandisk-extreme-portable-v2-2tb\/","title":{"rendered":"Disco Externo SSD SanDisk Extreme Portable V2 2TB (USB 3.2 Gen 2 Negro)"},"content":{"rendered":"<p>&nbsp;<\/p>\n<h2 style=\"text-align: center;\"><span style=\"color: #99cc00; line-height: 125%;\">Disco Externo SSD SanDisk Extreme Portable V2 2TB (USB 3.2 Gen 2 Negro)<\/span><\/h2>\n<p>&nbsp;<\/p>\n<h3>Almacenamiento port\u00e1til resistente de alta velocidad con protecci\u00f3n avanzada para tus datos<\/h3>\n<p style=\"text-align: justify;\">El Disco Externo SSD <a href=\"https:\/\/documents.westerndigital.com\/content\/dam\/doc-library\/en_us\/assets\/public\/sandisk\/product\/portable-drives\/extreme-usb-3-2-ssd\/data-sheet-sandisk-extreme-usb-3-2-ssd.pdf\"><span style=\"color: #99cc00;\"><strong>SanDisk Extreme Portable<\/strong><\/span><\/a> V2 2TB combina velocidad y durabilidad en una unidad compacta. Con velocidades de lectura de hasta 1050 MB\/s y escritura de hasta 1000 MB\/s, transfiere tus archivos r\u00e1pidamente. Su dise\u00f1o resistente soporta ca\u00eddas de hasta 2 metros y cuenta con certificaci\u00f3n IP55 contra agua y polvo, asegurando la protecci\u00f3n de tus datos en cualquier entorno. Adem\u00e1s, ofrece cifrado por hardware AES de 256 bits para mantener tu informaci\u00f3n segura. Ideal para profesionales que necesitan un almacenamiento fiable y port\u00e1til.<\/p>\n<p style=\"padding-left: 40px; text-align: justify;\"><b>Almacenamiento resistente preparado para vivir al m\u00e1ximo: <\/b>Tu vida es una aventura. SanDisk Extreme\u00ae Portable SSD se adapta a tu estilo de vida en continuo movimiento y te permite ir m\u00e1s r\u00e1pido a\u00fan. \u00a1Casi el doble de r\u00e1pido que la generaci\u00f3n anterior!<\/p>\n<p style=\"padding-left: 40px; text-align: justify;\"><strong>Port\u00e1til y potente: <\/strong>Disfruta de un rendimiento de estado s\u00f3lido NVMe\u2122 r\u00e1pido con velocidades de lectura de 1050 MB\/s2 y escritura de 1000 MB\/s2 en un disco port\u00e1til de gran capacidad, ideal para crear contenidos asombrosos o capturar grabaciones incre\u00edbles.<\/p>\n<p style=\"padding-left: 40px; text-align: justify;\"><strong>Lo bastante resistente para llev\u00e1rtelo a cualquier parte: <\/strong>Gracias a la protecci\u00f3n contra ca\u00eddas de hasta dos metros y a la protecci\u00f3n IP55 contra el agua y el polvo5, este disco tan resistente puede soportar todo lo que le eches.<\/p>\n<p style=\"padding-left: 40px; text-align: justify;\"><strong>Viaja sin preocupaciones: <\/strong>Disfruta de mayor tranquilidad con una garant\u00eda limitada de cinco a\u00f1os y una resistente funda de silicona que ofrece un tacto de calidad y protecci\u00f3n adicional al exterior del disco.<\/p>\n<p style=\"padding-left: 40px; text-align: justify;\"><strong>Te acompa\u00f1a a todas partes: <\/strong>Utiliza la pr\u00e1ctica asa con mosquet\u00f3n para enganchar el disco a tu cintur\u00f3n o mochila y disfrutar de una seguridad adicional cuando viajes por el mundo.<\/p>\n<p style=\"padding-left: 40px; text-align: justify;\"><strong>Protege tus archivos a conciencia: <\/strong>Ayuda a mantener la privacidad de tus contenidos mediante la protecci\u00f3n con contrase\u00f1a incluida que cuenta con cifrado por hardware AES de 256 bits.4<\/p>\n<p style=\"padding-left: 40px; text-align: justify;\"><strong>Almacenamiento profesional: <\/strong>Un producto de SanDisk\u00ae, la marca en la que conf\u00edan fot\u00f3grafos profesionales de todo el mundo para trabajar con sus mejores fotos y v\u00eddeos.<\/p>\n<p style=\"text-align: justify;\"><strong>Especificaciones Disco Externo SSD <a href=\"https:\/\/documents.westerndigital.com\/content\/dam\/doc-library\/en_us\/assets\/public\/sandisk\/product\/portable-drives\/extreme-usb-3-2-ssd\/data-sheet-sandisk-extreme-usb-3-2-ssd.pdf\"><span style=\"color: #99cc00;\">SanDisk Extreme Portable<\/span><\/a> V2 2TB:<\/strong><\/p>\n<ul>\n<li style=\"text-align: justify;\"><strong>Caracter\u00edsticas:<\/strong> Capacidad de 2 TB; velocidades de lectura de hasta 1050 MB\/s y escritura de hasta 1000 MB\/s; formato exFAT para compatibilidad con m\u00faltiples sistemas.<\/li>\n<li style=\"text-align: justify;\"><strong>Conectividad:<\/strong> Interfaz USB 3.2 Gen 2 con conector USB-C; incluye cable de USB-C a USB-C y adaptador de USB-C a USB-A para mayor compatibilidad.<\/li>\n<li style=\"text-align: justify;\"><strong>Compatibilidad:<\/strong> Compatible con Windows 10 y versiones posteriores, macOS 10.9 y superiores; no requiere controladores adicionales.<\/li>\n<li style=\"text-align: justify;\"><strong>Seguridad:<\/strong> Cifrado por hardware AES de 256 bits con protecci\u00f3n mediante contrase\u00f1a; dise\u00f1o resistente con protecci\u00f3n contra ca\u00eddas de hasta 2 metros y certificaci\u00f3n IP55 contra agua y polvo.<\/li>\n<li style=\"text-align: justify;\"><strong>Uso recomendado:<\/strong> Ideal para profesionales en movimiento, fot\u00f3grafos, vide\u00f3grafos y cualquier usuario que necesite almacenamiento r\u00e1pido y fiable para copias de seguridad y transferencia de archivos de gran tama\u00f1o.<\/li>\n<\/ul>\n<h3>Especificaciones completas Disco Externo SSD SanDisk Extreme Portable V2 2TB<\/h3>\n<table style=\"width: 100%; border-collapse: collapse;\" border=\"1\">\n<tbody>\n<tr>\n<td style=\"padding-left: 20px; width: 32.8539%;\">Capacidad<\/td>\n<td style=\"padding-left: 40px; width: 67.1461%;\">2 TB<\/td>\n<\/tr>\n<tr>\n<td style=\"padding-left: 20px; width: 32.8539%;\">Conexi\u00f3n<\/td>\n<td style=\"padding-left: 40px; width: 67.1461%;\">USB 3.2 Gen 2<\/td>\n<\/tr>\n<tr>\n<td style=\"padding-left: 20px; width: 32.8539%;\">Conector<\/td>\n<td style=\"padding-left: 40px; width: 67.1461%;\">USB-C<\/td>\n<\/tr>\n<tr>\n<td style=\"padding-left: 20px; width: 32.8539%;\">Compatibilidad<\/td>\n<td style=\"padding-left: 40px; width: 67.1461%;\">USB 3.2 Gen 2 (10 Gb\/s), USB 3.0, USB 2.0<\/td>\n<\/tr>\n<tr>\n<td style=\"padding-left: 20px; width: 32.8539%;\">Dimensiones (largo, ancho y alto)<\/td>\n<td style=\"padding-left: 40px; width: 67.1461%;\">8.95mm x 52.42mm x 100.54mm<\/td>\n<\/tr>\n<tr>\n<td style=\"padding-left: 20px; width: 32.8539%;\">En la caja<\/td>\n<td style=\"padding-left: 40px; width: 67.1461%;\">Extreme Portable SSD, Cable de USB-C a USB-C, Adaptador de USB-C a USB-A, Gu\u00eda de seguridad y garant\u00eda<\/td>\n<\/tr>\n<\/tbody>\n<\/table>\n<h2><span style=\"color: #99cc00; font-size: 22px;\">Garant\u00eda y soporte: Seguridad para tus necesidades<\/span><\/h2>\n<p>Incluye una garant\u00eda de 3 a\u00f1os para asegurar que tu inversi\u00f3n est\u00e9 protegida. Adem\u00e1s, ofrecemos <a href=\"https:\/\/www.pcmadrid.es\/tienda\/categoria-producto\/reparaciones\/\"><span style=\"color: #99cc00;\">soporte t\u00e9cnico especializado<\/span><\/a> para garantizar el \u00f3ptimo funcionamiento de tu equipo.<\/p>\n","protected":false},"excerpt":{"rendered":"<p style=\"text-align: justify;\">El Disco Externo SSD SanDisk Extreme Portable V2 2TB es una unidad de estado s\u00f3lido que ofrece velocidades de lectura de hasta 1050 MB\/s y escritura de hasta 1000 MB\/s. Dise\u00f1ada para resistir condiciones adversas, cuenta con protecci\u00f3n contra ca\u00eddas de hasta 2 metros y certificaci\u00f3n IP55 contra agua y polvo. Incluye cifrado por hardware AES de 256 bits para una mayor seguridad de los datos.<\/p>\n","protected":false},"featured_media":13691,"comment_status":"open","ping_status":"closed","template":"","meta":{"_et_pb_use_builder":"","_et_pb_old_content":"","_et_gb_content_width":""},"product_brand":[],"product_cat":[536,65],"product_tag":[],"class_list":{"0":"post-13692","1":"product","2":"type-product","3":"status-publish","4":"has-post-thumbnail","6":"product_cat-discos-duros-externos","7":"product_cat-todos","9":"first","10":"outofstock","11":"taxable","12":"shipping-taxable","13":"purchasable","14":"product-type-simple"},"yoast_head":"<!-- This site is optimized with the Yoast SEO plugin v26.5 - https:\/\/yoast.com\/wordpress\/plugins\/seo\/ -->\n<title>Disco Externo SSD SanDisk Extreme Portable V2 2TB (USB 3.2 Gen 2 Negro) | Tienda PCMADRID<\/title>\n<meta name=\"description\" content=\"Disco Externo SSD SanDisk Extreme Portable V2 2TB, 1000 MB\/s, USB 3.2, formato exFAT, cifrado AES 256bit, CERT IP55 agua polvo, soporta ca\u00eddas, ideal viaje\" \/>\n<meta name=\"robots\" content=\"index, follow, max-snippet:-1, max-image-preview:large, max-video-preview:-1\" \/>\n<link rel=\"canonical\" href=\"https:\/\/www.pcmadrid.es\/tienda\/producto\/disco-externo-ssd-sandisk-extreme-portable-v2-2tb\/\" \/>\n<meta name=\"twitter:label1\" content=\"Tiempo de lectura\" \/>\n\t<meta name=\"twitter:data1\" content=\"3 minutos\" \/>\n<script type=\"application\/ld+json\" class=\"yoast-schema-graph\">{\"@context\":\"https:\/\/schema.org\",\"@graph\":[{\"@type\":\"WebPage\",\"@id\":\"https:\/\/www.pcmadrid.es\/tienda\/producto\/disco-externo-ssd-sandisk-extreme-portable-v2-2tb\/\",\"url\":\"https:\/\/www.pcmadrid.es\/tienda\/producto\/disco-externo-ssd-sandisk-extreme-portable-v2-2tb\/\",\"name\":\"Disco Externo SSD SanDisk Extreme Portable V2 2TB (USB 3.2 Gen 2 Negro) | Tienda PCMADRID\",\"isPartOf\":{\"@id\":\"https:\/\/www.pcmadrid.es\/tienda\/#website\"},\"primaryImageOfPage\":{\"@id\":\"https:\/\/www.pcmadrid.es\/tienda\/producto\/disco-externo-ssd-sandisk-extreme-portable-v2-2tb\/#primaryimage\"},\"image\":{\"@id\":\"https:\/\/www.pcmadrid.es\/tienda\/producto\/disco-externo-ssd-sandisk-extreme-portable-v2-2tb\/#primaryimage\"},\"thumbnailUrl\":\"https:\/\/i0.wp.com\/www.pcmadrid.es\/tienda\/wp-content\/uploads\/2024\/07\/art_snd-ssd20extr20por20v2202tb_1.jpg?fit=448%2C448&ssl=1\",\"datePublished\":\"2024-07-01T19:45:11+00:00\",\"dateModified\":\"2025-12-30T08:28:19+00:00\",\"description\":\"Disco Externo SSD SanDisk Extreme Portable V2 2TB, 1000 MB\/s, USB 3.2, formato exFAT, cifrado AES 256bit, CERT IP55 agua polvo, soporta ca\u00eddas, ideal viaje\",\"breadcrumb\":{\"@id\":\"https:\/\/www.pcmadrid.es\/tienda\/producto\/disco-externo-ssd-sandisk-extreme-portable-v2-2tb\/#breadcrumb\"},\"inLanguage\":\"es\",\"potentialAction\":[{\"@type\":\"ReadAction\",\"target\":[\"https:\/\/www.pcmadrid.es\/tienda\/producto\/disco-externo-ssd-sandisk-extreme-portable-v2-2tb\/\"]}]},{\"@type\":\"ImageObject\",\"inLanguage\":\"es\",\"@id\":\"https:\/\/www.pcmadrid.es\/tienda\/producto\/disco-externo-ssd-sandisk-extreme-portable-v2-2tb\/#primaryimage\",\"url\":\"https:\/\/i0.wp.com\/www.pcmadrid.es\/tienda\/wp-content\/uploads\/2024\/07\/art_snd-ssd20extr20por20v2202tb_1.jpg?fit=448%2C448&ssl=1\",\"contentUrl\":\"https:\/\/i0.wp.com\/www.pcmadrid.es\/tienda\/wp-content\/uploads\/2024\/07\/art_snd-ssd20extr20por20v2202tb_1.jpg?fit=448%2C448&ssl=1\",\"width\":448,\"height\":448},{\"@type\":\"BreadcrumbList\",\"@id\":\"https:\/\/www.pcmadrid.es\/tienda\/producto\/disco-externo-ssd-sandisk-extreme-portable-v2-2tb\/#breadcrumb\",\"itemListElement\":[{\"@type\":\"ListItem\",\"position\":1,\"name\":\"Portada\",\"item\":\"https:\/\/www.pcmadrid.es\/tienda\/\"},{\"@type\":\"ListItem\",\"position\":2,\"name\":\"Todos los productos\",\"item\":\"https:\/\/www.pcmadrid.es\/tienda\/todos-los-productos\/\"},{\"@type\":\"ListItem\",\"position\":3,\"name\":\"Disco Externo SSD SanDisk Extreme Portable V2 2TB (USB 3.2 Gen 2 Negro)\"}]},{\"@type\":\"WebSite\",\"@id\":\"https:\/\/www.pcmadrid.es\/tienda\/#website\",\"url\":\"https:\/\/www.pcmadrid.es\/tienda\/\",\"name\":\"Tienda PCMADRID\",\"description\":\"Venta y reparaciones de ordenadores\",\"publisher\":{\"@id\":\"https:\/\/www.pcmadrid.es\/tienda\/#organization\"},\"potentialAction\":[{\"@type\":\"SearchAction\",\"target\":{\"@type\":\"EntryPoint\",\"urlTemplate\":\"https:\/\/www.pcmadrid.es\/tienda\/?s={search_term_string}\"},\"query-input\":{\"@type\":\"PropertyValueSpecification\",\"valueRequired\":true,\"valueName\":\"search_term_string\"}}],\"inLanguage\":\"es\"},{\"@type\":\"Organization\",\"@id\":\"https:\/\/www.pcmadrid.es\/tienda\/#organization\",\"name\":\"PCMADRID\",\"url\":\"https:\/\/www.pcmadrid.es\/tienda\/\",\"logo\":{\"@type\":\"ImageObject\",\"inLanguage\":\"es\",\"@id\":\"https:\/\/www.pcmadrid.es\/tienda\/#\/schema\/logo\/image\/\",\"url\":\"https:\/\/i0.wp.com\/www.pcmadrid.es\/tienda\/wp-content\/uploads\/2019\/10\/pcmadridlogo..png?fit=750%2C300&ssl=1\",\"contentUrl\":\"https:\/\/i0.wp.com\/www.pcmadrid.es\/tienda\/wp-content\/uploads\/2019\/10\/pcmadridlogo..png?fit=750%2C300&ssl=1\",\"width\":750,\"height\":300,\"caption\":\"PCMADRID\"},\"image\":{\"@id\":\"https:\/\/www.pcmadrid.es\/tienda\/#\/schema\/logo\/image\/\"},\"sameAs\":[\"https:\/\/www.facebook.com\/pcmadridinformatica\",\"https:\/\/x.com\/pc_madrid\",\"https:\/\/www.youtube.com\/channel\/UCIbQq9k6BBrU5x2wqDIHr7A\",\"https:\/\/www.instagram.com\/pcmadrid_informatica\/?hl=es\",\"https:\/\/www.linkedin.com\/company\/9348326\/admin\/\",\"https:\/\/www.pinterest.es\/pcmadrid_informatica\/\"]}]}<\/script>\n<!-- \/ Yoast SEO plugin. -->","yoast_head_json":{"title":"Disco Externo SSD SanDisk Extreme Portable V2 2TB (USB 3.2 Gen 2 Negro) | Tienda PCMADRID","description":"Disco Externo SSD SanDisk Extreme Portable V2 2TB, 1000 MB\/s, USB 3.2, formato exFAT, cifrado AES 256bit, CERT IP55 agua polvo, soporta ca\u00eddas, ideal viaje","robots":{"index":"index","follow":"follow","max-snippet":"max-snippet:-1","max-image-preview":"max-image-preview:large","max-video-preview":"max-video-preview:-1"},"canonical":"https:\/\/www.pcmadrid.es\/tienda\/producto\/disco-externo-ssd-sandisk-extreme-portable-v2-2tb\/","twitter_misc":{"Tiempo de lectura":"3 minutos"},"schema":{"@context":"https:\/\/schema.org","@graph":[{"@type":"WebPage","@id":"https:\/\/www.pcmadrid.es\/tienda\/producto\/disco-externo-ssd-sandisk-extreme-portable-v2-2tb\/","url":"https:\/\/www.pcmadrid.es\/tienda\/producto\/disco-externo-ssd-sandisk-extreme-portable-v2-2tb\/","name":"Disco Externo SSD SanDisk Extreme Portable V2 2TB (USB 3.2 Gen 2 Negro) | Tienda PCMADRID","isPartOf":{"@id":"https:\/\/www.pcmadrid.es\/tienda\/#website"},"primaryImageOfPage":{"@id":"https:\/\/www.pcmadrid.es\/tienda\/producto\/disco-externo-ssd-sandisk-extreme-portable-v2-2tb\/#primaryimage"},"image":{"@id":"https:\/\/www.pcmadrid.es\/tienda\/producto\/disco-externo-ssd-sandisk-extreme-portable-v2-2tb\/#primaryimage"},"thumbnailUrl":"https:\/\/i0.wp.com\/www.pcmadrid.es\/tienda\/wp-content\/uploads\/2024\/07\/art_snd-ssd20extr20por20v2202tb_1.jpg?fit=448%2C448&ssl=1","datePublished":"2024-07-01T19:45:11+00:00","dateModified":"2025-12-30T08:28:19+00:00","description":"Disco Externo SSD SanDisk Extreme Portable V2 2TB, 1000 MB\/s, USB 3.2, formato exFAT, cifrado AES 256bit, CERT IP55 agua polvo, soporta ca\u00eddas, ideal viaje","breadcrumb":{"@id":"https:\/\/www.pcmadrid.es\/tienda\/producto\/disco-externo-ssd-sandisk-extreme-portable-v2-2tb\/#breadcrumb"},"inLanguage":"es","potentialAction":[{"@type":"ReadAction","target":["https:\/\/www.pcmadrid.es\/tienda\/producto\/disco-externo-ssd-sandisk-extreme-portable-v2-2tb\/"]}]},{"@type":"ImageObject","inLanguage":"es","@id":"https:\/\/www.pcmadrid.es\/tienda\/producto\/disco-externo-ssd-sandisk-extreme-portable-v2-2tb\/#primaryimage","url":"https:\/\/i0.wp.com\/www.pcmadrid.es\/tienda\/wp-content\/uploads\/2024\/07\/art_snd-ssd20extr20por20v2202tb_1.jpg?fit=448%2C448&ssl=1","contentUrl":"https:\/\/i0.wp.com\/www.pcmadrid.es\/tienda\/wp-content\/uploads\/2024\/07\/art_snd-ssd20extr20por20v2202tb_1.jpg?fit=448%2C448&ssl=1","width":448,"height":448},{"@type":"BreadcrumbList","@id":"https:\/\/www.pcmadrid.es\/tienda\/producto\/disco-externo-ssd-sandisk-extreme-portable-v2-2tb\/#breadcrumb","itemListElement":[{"@type":"ListItem","position":1,"name":"Portada","item":"https:\/\/www.pcmadrid.es\/tienda\/"},{"@type":"ListItem","position":2,"name":"Todos los productos","item":"https:\/\/www.pcmadrid.es\/tienda\/todos-los-productos\/"},{"@type":"ListItem","position":3,"name":"Disco Externo SSD SanDisk Extreme Portable V2 2TB (USB 3.2 Gen 2 Negro)"}]},{"@type":"WebSite","@id":"https:\/\/www.pcmadrid.es\/tienda\/#website","url":"https:\/\/www.pcmadrid.es\/tienda\/","name":"Tienda PCMADRID","description":"Venta y reparaciones de ordenadores","publisher":{"@id":"https:\/\/www.pcmadrid.es\/tienda\/#organization"},"potentialAction":[{"@type":"SearchAction","target":{"@type":"EntryPoint","urlTemplate":"https:\/\/www.pcmadrid.es\/tienda\/?s={search_term_string}"},"query-input":{"@type":"PropertyValueSpecification","valueRequired":true,"valueName":"search_term_string"}}],"inLanguage":"es"},{"@type":"Organization","@id":"https:\/\/www.pcmadrid.es\/tienda\/#organization","name":"PCMADRID","url":"https:\/\/www.pcmadrid.es\/tienda\/","logo":{"@type":"ImageObject","inLanguage":"es","@id":"https:\/\/www.pcmadrid.es\/tienda\/#\/schema\/logo\/image\/","url":"https:\/\/i0.wp.com\/www.pcmadrid.es\/tienda\/wp-content\/uploads\/2019\/10\/pcmadridlogo..png?fit=750%2C300&ssl=1","contentUrl":"https:\/\/i0.wp.com\/www.pcmadrid.es\/tienda\/wp-content\/uploads\/2019\/10\/pcmadridlogo..png?fit=750%2C300&ssl=1","width":750,"height":300,"caption":"PCMADRID"},"image":{"@id":"https:\/\/www.pcmadrid.es\/tienda\/#\/schema\/logo\/image\/"},"sameAs":["https:\/\/www.facebook.com\/pcmadridinformatica","https:\/\/x.com\/pc_madrid","https:\/\/www.youtube.com\/channel\/UCIbQq9k6BBrU5x2wqDIHr7A","https:\/\/www.instagram.com\/pcmadrid_informatica\/?hl=es","https:\/\/www.linkedin.com\/company\/9348326\/admin\/","https:\/\/www.pinterest.es\/pcmadrid_informatica\/"]}]}},"jetpack_sharing_enabled":true,"_links":{"self":[{"href":"https:\/\/www.pcmadrid.es\/tienda\/wp-json\/wp\/v2\/product\/13692","targetHints":{"allow":["GET"]}}],"collection":[{"href":"https:\/\/www.pcmadrid.es\/tienda\/wp-json\/wp\/v2\/product"}],"about":[{"href":"https:\/\/www.pcmadrid.es\/tienda\/wp-json\/wp\/v2\/types\/product"}],"replies":[{"embeddable":true,"href":"https:\/\/www.pcmadrid.es\/tienda\/wp-json\/wp\/v2\/comments?post=13692"}],"wp:featuredmedia":[{"embeddable":true,"href":"https:\/\/www.pcmadrid.es\/tienda\/wp-json\/wp\/v2\/media\/13691"}],"wp:attachment":[{"href":"https:\/\/www.pcmadrid.es\/tienda\/wp-json\/wp\/v2\/media?parent=13692"}],"wp:term":[{"taxonomy":"product_brand","embeddable":true,"href":"https:\/\/www.pcmadrid.es\/tienda\/wp-json\/wp\/v2\/product_brand?post=13692"},{"taxonomy":"product_cat","embeddable":true,"href":"https:\/\/www.pcmadrid.es\/tienda\/wp-json\/wp\/v2\/product_cat?post=13692"},{"taxonomy":"product_tag","embeddable":true,"href":"https:\/\/www.pcmadrid.es\/tienda\/wp-json\/wp\/v2\/product_tag?post=13692"}],"curies":[{"name":"wp","href":"https:\/\/api.w.org\/{rel}","templated":true}]}}