{"id":14092,"date":"2024-11-07T12:42:00","date_gmt":"2024-11-07T11:42:00","guid":{"rendered":"https:\/\/www.pcmadrid.es\/tienda\/?post_type=product&#038;p=14092"},"modified":"2025-05-09T10:56:43","modified_gmt":"2025-05-09T08:56:43","slug":"procesador-intel-core-ultra-7-265k","status":"publish","type":"product","link":"https:\/\/www.pcmadrid.es\/tienda\/producto\/procesador-intel-core-ultra-7-265k\/","title":{"rendered":"Procesador Intel Core Ultra 7 265K"},"content":{"rendered":"<p>&nbsp;<\/p>\n<h2 style=\"text-align: center;\">Procesador Intel Core Ultra 7 265K<\/h2>\n<p>&nbsp;<\/p>\n<h3><strong>Potencia sin l\u00edmites para cualquier desaf\u00edo.<\/strong><\/h3>\n<p>&nbsp;<\/p>\n<p><img data-recalc-dims=\"1\" loading=\"lazy\" decoding=\"async\" class=\" wp-image-14093 aligncenter\" src=\"https:\/\/i0.wp.com\/www.pcmadrid.es\/tienda\/wp-content\/uploads\/2024\/11\/art_itl-ultra-7-265k-3-9ghz_1.webp?resize=387%2C387&#038;ssl=1\" alt=\"\" width=\"387\" height=\"387\" \/><\/p>\n<p><strong>Potencia sin l\u00edmites para cualquier desaf\u00edo.<\/strong> El Intel Core Ultra 7 265K es el procesador definitivo para gamers y profesionales. Con su combinaci\u00f3n \u00fanica de velocidad, eficiencia y capacidad de multitarea, este chip te permite dominar los juegos m\u00e1s recientes, crear contenido de alta calidad y ejecutar aplicaciones profesionales sin esfuerzo. Desde la edici\u00f3n de video 4K hasta el desarrollo de software, el Core Ultra 7 265K te brinda la potencia que necesitas para alcanzar tus objetivos.<\/p>\n<ul>\n<li><b>Elementos fundamentales<\/b><\/li>\n<li>Colecci\u00f3n de productos Intel Core Ultra Processors (Series 2)<\/li>\n<li>Nombre de c\u00f3digo Products formerly Arrow Lake<\/li>\n<li>Segmento vertical Desktop<\/li>\n<li>N\u00famero de procesador 265K<\/li>\n<li>TOPS m\u00e1ximo general (Int8) 33<\/li>\n<li><b>Especificaciones de la CPU<br \/>\n<\/b><\/li>\n<li>Cantidad de n\u00facleos 20<\/li>\n<li>Cantidad de Performance-cores 8<\/li>\n<li>Cantidad de Efficient-cores 12<\/li>\n<li>Total de subprocesos 20<\/li>\n<li>Frecuencia turbo m\u00e1xima 5.5 GHz<\/li>\n<li>Frecuencia de la Tecnolog\u00eda Intel\u00ae Turbo Boost Max 3.0 \u2021 5.5 GHz<\/li>\n<li>Frecuencia turbo m\u00e1xima del Performance-core 5.4 GHz<\/li>\n<li>Frecuencia turbo m\u00e1xima de Efficient-core 4.6 GHz<\/li>\n<li>Frecuencia base de Performance-core 3.9 GHz<\/li>\n<li>Frecuencia base de Efficient-core 3.3 GHz<\/li>\n<li>Cach\u00e9 30 MB Intel\u00ae Smart Cache<\/li>\n<li>Cach\u00e9 L2 total 36 MB<\/li>\n<li>Potencia base del procesador 125 W<\/li>\n<li>Potencia turbo m\u00e1xima 250 W<\/li>\n<li>Intel\u00ae Deep Learning Boost (Intel\u00ae DL Boost) Yes<\/li>\n<li>AI Software Frameworks Supported by CPU OpenVINO\u2122, WindowsML, DirectML, ONNX RT, WebNN<\/li>\n<li>Litograf\u00eda de CPU TSMC N3B<\/li>\n<li>Condiciones de uso PC\/Client\/Tablet, Workstation<\/li>\n<li><b>Especificaciones de memoria<\/b><\/li>\n<li>Tama\u00f1o de memoria m\u00e1ximo (depende del tipo de memoria) 192 GB<\/li>\n<li>Tipos de memoria Up to DDR5 6400 MT\/s<\/li>\n<li>M\u00e1xima velocidad de memoria6400 MHz<\/li>\n<li>Cantidad m\u00e1xima de canales de memoria 2<\/li>\n<li>Compatible con memoria ECC \u2021 Yes<\/li>\n<li><b>GPU Specifications<\/b><\/li>\n<li>GPU Name\u2021 Intel\u00ae Graphics<\/li>\n<li>Frecuencia de base de gr\u00e1ficos 300 MHz<\/li>\n<li>Frecuencia din\u00e1mica m\u00e1xima de gr\u00e1ficos 2 GHz<\/li>\n<li>TOPS m\u00e1ximo de GPU (Int8) 8<\/li>\n<li>Salida de gr\u00e1ficos DP2.1 UHBR20, HDM2.1 FRL 12GHz, eDP1.4b Xe-cores4<\/li>\n<li>Resoluci\u00f3n m\u00e1xima (HDMI)\u2021 4K @ 60Hz (HDMI 2.1 TMDS) 8K @ 60Hz (HDMI2.1 FRL)<\/li>\n<li>Resoluci\u00f3n m\u00e1xima (DP)\u2021 8K @ 60Hz<\/li>\n<li>Resoluci\u00f3n m\u00e1xima (eDP &#8211; panel plano integrado)\u2021 4K @ 60Hz<\/li>\n<li>Compatibilidad con DirectX* 12<\/li>\n<li>Compatibilidad con OpenGL* 4.5<\/li>\n<li>Compatibilidad con OpenCL* 3<\/li>\n<li>Intel\u00ae Quick Sync Video Yes<\/li>\n<li>Cantidad de pantallas admitidas \u20214<\/li>\n<li>ID de dispositivo0x7D67<\/li>\n<li>Intel\u00ae Deep Learning Boost (Intel\u00ae DL Boost) on GPUYes<\/li>\n<li>Especificaciones de NPU<\/li>\n<li>NPU Name\u2021Intel\u00ae AI Boost<\/li>\n<li>TOPS m\u00e1ximo de NPU (Int8) 13<\/li>\n<li>Sparsity SupportYes<\/li>\n<li>Windows Studio Effects SupportYes<\/li>\n<li>AI Software Frameworks Supported by NPUOpenVINO\u2122, WindowsML, DirectML, ONNX RT, WebNN<\/li>\n<li><b>Opciones de expansi\u00f3n<\/b><\/li>\n<li>Revisi\u00f3n de la interfaz de medios directa (DMI)4<\/li>\n<li>Cantidad m\u00e1xima de carriles DMI8<\/li>\n<li>Intel\u00ae Thunderbolt 4 Yes<\/li>\n<li>Escalabilidad1S Only<\/li>\n<li>Revisi\u00f3n de PCI Express 5.0 and 4.0<\/li>\n<li>Configuraciones de PCI Express \u2021 Up to 1&#215;16+2&#215;4, 2&#215;8+2&#215;4,<\/li>\n<li>1&#215;8+4&#215;4<\/li>\n<li>Cantidad m\u00e1xima de l\u00edneas PCI Express 24<\/li>\n<li><b>Especificaciones de paquete<\/b><\/li>\n<li>Z\u00f3calos compatibles FCLGA1851<\/li>\n<li>Especificaci\u00f3n de soluci\u00f3n t\u00e9rmica PCG 2020A<\/li>\n<li>Temperatura m\u00e1xima de funcionamiento 105 \u00b0C<\/li>\n<li><b>Tecnolog\u00edas avanzadas<\/b><\/li>\n<li>Dispositivo de gesti\u00f3n de vol\u00famenes (VMD) Intel\u00ae Yes<\/li>\n<li>Acelerador Intel\u00ae gausiano y neural 3.5<\/li>\n<li>Intel\u00ae Thread DirectorYes<\/li>\n<li>Tecnolog\u00eda Intel\u00ae Speed Shift Yes<\/li>\n<li>Tecnolog\u00eda Intel\u00ae Turbo Boost Max 3.0 \u2021 Yes<\/li>\n<li>Tecnolog\u00eda Intel\u00ae Turbo Boost \u2021 2.0<\/li>\n<li>Intel\u00ae 64 \u2021 Yes<\/li>\n<li>Conjunto de instrucciones 64-bit<\/li>\n<li>Extensiones de conjunto de instrucciones Intel\u00ae SSE4.1, Intel\u00ae SSE4.2, Intel\u00ae AVX2<\/li>\n<li>Estados de inactividad Yes<\/li>\n<li>Tecnolog\u00eda Intel SpeedStep\u00ae mejorada Yes<\/li>\n<li>Tecnolog\u00edas de monitoreo t\u00e9rmico Yes<\/li>\n<li><b>Seguridad y confiabilidad<\/b><\/li>\n<li>La elegibilidad de Intel vPro\u00ae \u2021Intel vPro\u00ae Enterprise, Intel vPro\u00ae Platform<\/li>\n<li>Tecnolog\u00eda Intel\u00ae Threat Detection (TDT)Yes<\/li>\n<li>Intel\u00ae Active Management Technology (AMT) \u2021 Yes<\/li>\n<li>Administraci\u00f3n est\u00e1ndar de Intel\u00ae \u2021 Yes<\/li>\n<li>Intel\u00ae Remote Platform Erase (RPE) \u2021Yes<\/li>\n<li>Intel\u00ae One-Click Recovery \u2021Yes<\/li>\n<li>Elegibilidad de Intel\u00ae Hardware Shield \u2021 Yes<\/li>\n<li>Intel\u00ae Control-Flow Enforcement Technology Yes<\/li>\n<li>Intel\u00ae Total Memory Encryption, MultiteclaYes<\/li>\n<li>Nuevas instrucciones de AES Intel\u00ae Yes<\/li>\n<li>Secure Key Yes<\/li>\n<li>Tecnolog\u00eda Intel\u00ae Trusted Execution \u2021 Yes<\/li>\n<li>Bit de desactivaci\u00f3n de ejecuci\u00f3n \u2021 Yes<\/li>\n<li>Intel\u00ae OS GuardYes<\/li>\n<li>Intel\u00ae Boot Guard Yes<\/li>\n<li>Control de ejecuci\u00f3n basado en modo (MBEC) Yes<\/li>\n<li>Programa Intel\u00ae de imagen estable para plataformas (SIPP) Yes<\/li>\n<li>Tecnolog\u00eda de virtualizaci\u00f3n Intel\u00ae con Redirect Protection (VT-rp) \u2021Yes<\/li>\n<li>Tecnolog\u00eda de virtualizaci\u00f3n Intel\u00ae (VT-x) \u2021 Yes<\/li>\n<li>Tecnolog\u00eda de virtualizaci\u00f3n Intel\u00ae para E\/S dirigida (VT-d) \u2021 Yes<\/li>\n<li>Intel\u00ae VT-x con tablas de p\u00e1ginas extendidas (EPT) \u2021 Yes<\/li>\n<\/ul>\n<p>&nbsp;<\/p>\n<p><a href=\"https:\/\/www.intel.la\/content\/www\/xl\/es\/products\/sku\/241063\/intel-core-ultra-7-processor-265k-30m-cache-up-to-5-50-ghz\/specifications.html\">Informaci\u00f3n del fabricante.<\/a><\/p>\n<p>&nbsp;<\/p>\n","protected":false},"excerpt":{"rendered":"<p><strong>Potencia sin l\u00edmites para cualquier desaf\u00edo.<\/strong> El Intel Core Ultra 7 265K es el procesador definitivo para gamers y profesionales. Con su combinaci\u00f3n \u00fanica de velocidad, eficiencia y capacidad de multitarea, este chip te permite dominar los juegos m\u00e1s recientes, crear contenido de alta calidad y ejecutar aplicaciones profesionales sin esfuerzo. Desde la edici\u00f3n de video 4K hasta el desarrollo de software, el Core Ultra 7 265K te brinda la potencia que necesitas para alcanzar tus objetivos.<\/p>\n","protected":false},"featured_media":14093,"comment_status":"open","ping_status":"closed","template":"","meta":{"_et_pb_use_builder":"","_et_pb_old_content":"","_et_gb_content_width":""},"product_brand":[],"product_cat":[658,659],"product_tag":[],"class_list":{"0":"post-14092","1":"product","2":"type-product","3":"status-publish","4":"has-post-thumbnail","6":"product_cat-componentes","7":"product_cat-procesadores","9":"first","10":"instock","11":"taxable","12":"shipping-taxable","13":"purchasable","14":"product-type-simple"},"yoast_head":"<!-- This site is optimized with the Yoast SEO plugin v26.5 - https:\/\/yoast.com\/wordpress\/plugins\/seo\/ -->\n<title>Procesador Intel Core Ultra 7 265K | Tienda PCMADRID<\/title>\n<meta name=\"description\" content=\"Procesador de \u00faltima generaci\u00f3n Intel Ultra 7 265K. Potencia sin limites para juegos o trabajo. La \u00faltima generaci\u00f3n de Intel en procesadores de escritorio.\" \/>\n<meta name=\"robots\" content=\"index, follow, max-snippet:-1, max-image-preview:large, max-video-preview:-1\" \/>\n<link rel=\"canonical\" href=\"https:\/\/www.pcmadrid.es\/tienda\/producto\/procesador-intel-core-ultra-7-265k\/\" \/>\n<meta name=\"twitter:label1\" content=\"Tiempo de lectura\" \/>\n\t<meta name=\"twitter:data1\" content=\"4 minutos\" \/>\n<script type=\"application\/ld+json\" class=\"yoast-schema-graph\">{\"@context\":\"https:\/\/schema.org\",\"@graph\":[{\"@type\":\"WebPage\",\"@id\":\"https:\/\/www.pcmadrid.es\/tienda\/producto\/procesador-intel-core-ultra-7-265k\/\",\"url\":\"https:\/\/www.pcmadrid.es\/tienda\/producto\/procesador-intel-core-ultra-7-265k\/\",\"name\":\"Procesador Intel Core Ultra 7 265K | Tienda PCMADRID\",\"isPartOf\":{\"@id\":\"https:\/\/www.pcmadrid.es\/tienda\/#website\"},\"primaryImageOfPage\":{\"@id\":\"https:\/\/www.pcmadrid.es\/tienda\/producto\/procesador-intel-core-ultra-7-265k\/#primaryimage\"},\"image\":{\"@id\":\"https:\/\/www.pcmadrid.es\/tienda\/producto\/procesador-intel-core-ultra-7-265k\/#primaryimage\"},\"thumbnailUrl\":\"https:\/\/i0.wp.com\/www.pcmadrid.es\/tienda\/wp-content\/uploads\/2024\/11\/art_itl-ultra-7-265k-3-9ghz_1.webp?fit=800%2C800&ssl=1\",\"datePublished\":\"2024-11-07T11:42:00+00:00\",\"dateModified\":\"2025-05-09T08:56:43+00:00\",\"description\":\"Procesador de \u00faltima generaci\u00f3n Intel Ultra 7 265K. Potencia sin limites para juegos o trabajo. La \u00faltima generaci\u00f3n de Intel en procesadores de escritorio.\",\"breadcrumb\":{\"@id\":\"https:\/\/www.pcmadrid.es\/tienda\/producto\/procesador-intel-core-ultra-7-265k\/#breadcrumb\"},\"inLanguage\":\"es\",\"potentialAction\":[{\"@type\":\"ReadAction\",\"target\":[\"https:\/\/www.pcmadrid.es\/tienda\/producto\/procesador-intel-core-ultra-7-265k\/\"]}]},{\"@type\":\"ImageObject\",\"inLanguage\":\"es\",\"@id\":\"https:\/\/www.pcmadrid.es\/tienda\/producto\/procesador-intel-core-ultra-7-265k\/#primaryimage\",\"url\":\"https:\/\/i0.wp.com\/www.pcmadrid.es\/tienda\/wp-content\/uploads\/2024\/11\/art_itl-ultra-7-265k-3-9ghz_1.webp?fit=800%2C800&ssl=1\",\"contentUrl\":\"https:\/\/i0.wp.com\/www.pcmadrid.es\/tienda\/wp-content\/uploads\/2024\/11\/art_itl-ultra-7-265k-3-9ghz_1.webp?fit=800%2C800&ssl=1\",\"width\":800,\"height\":800},{\"@type\":\"BreadcrumbList\",\"@id\":\"https:\/\/www.pcmadrid.es\/tienda\/producto\/procesador-intel-core-ultra-7-265k\/#breadcrumb\",\"itemListElement\":[{\"@type\":\"ListItem\",\"position\":1,\"name\":\"Portada\",\"item\":\"https:\/\/www.pcmadrid.es\/tienda\/\"},{\"@type\":\"ListItem\",\"position\":2,\"name\":\"Todos los productos\",\"item\":\"https:\/\/www.pcmadrid.es\/tienda\/todos-los-productos\/\"},{\"@type\":\"ListItem\",\"position\":3,\"name\":\"Procesador Intel Core Ultra 7 265K\"}]},{\"@type\":\"WebSite\",\"@id\":\"https:\/\/www.pcmadrid.es\/tienda\/#website\",\"url\":\"https:\/\/www.pcmadrid.es\/tienda\/\",\"name\":\"Tienda PCMADRID\",\"description\":\"Venta y reparaciones de ordenadores\",\"publisher\":{\"@id\":\"https:\/\/www.pcmadrid.es\/tienda\/#organization\"},\"potentialAction\":[{\"@type\":\"SearchAction\",\"target\":{\"@type\":\"EntryPoint\",\"urlTemplate\":\"https:\/\/www.pcmadrid.es\/tienda\/?s={search_term_string}\"},\"query-input\":{\"@type\":\"PropertyValueSpecification\",\"valueRequired\":true,\"valueName\":\"search_term_string\"}}],\"inLanguage\":\"es\"},{\"@type\":\"Organization\",\"@id\":\"https:\/\/www.pcmadrid.es\/tienda\/#organization\",\"name\":\"PCMADRID\",\"url\":\"https:\/\/www.pcmadrid.es\/tienda\/\",\"logo\":{\"@type\":\"ImageObject\",\"inLanguage\":\"es\",\"@id\":\"https:\/\/www.pcmadrid.es\/tienda\/#\/schema\/logo\/image\/\",\"url\":\"https:\/\/i0.wp.com\/www.pcmadrid.es\/tienda\/wp-content\/uploads\/2019\/10\/pcmadridlogo..png?fit=750%2C300&ssl=1\",\"contentUrl\":\"https:\/\/i0.wp.com\/www.pcmadrid.es\/tienda\/wp-content\/uploads\/2019\/10\/pcmadridlogo..png?fit=750%2C300&ssl=1\",\"width\":750,\"height\":300,\"caption\":\"PCMADRID\"},\"image\":{\"@id\":\"https:\/\/www.pcmadrid.es\/tienda\/#\/schema\/logo\/image\/\"},\"sameAs\":[\"https:\/\/www.facebook.com\/pcmadridinformatica\",\"https:\/\/x.com\/pc_madrid\",\"https:\/\/www.youtube.com\/channel\/UCIbQq9k6BBrU5x2wqDIHr7A\",\"https:\/\/www.instagram.com\/pcmadrid_informatica\/?hl=es\",\"https:\/\/www.linkedin.com\/company\/9348326\/admin\/\",\"https:\/\/www.pinterest.es\/pcmadrid_informatica\/\"]}]}<\/script>\n<!-- \/ Yoast SEO plugin. -->","yoast_head_json":{"title":"Procesador Intel Core Ultra 7 265K | Tienda PCMADRID","description":"Procesador de \u00faltima generaci\u00f3n Intel Ultra 7 265K. Potencia sin limites para juegos o trabajo. La \u00faltima generaci\u00f3n de Intel en procesadores de escritorio.","robots":{"index":"index","follow":"follow","max-snippet":"max-snippet:-1","max-image-preview":"max-image-preview:large","max-video-preview":"max-video-preview:-1"},"canonical":"https:\/\/www.pcmadrid.es\/tienda\/producto\/procesador-intel-core-ultra-7-265k\/","twitter_misc":{"Tiempo de lectura":"4 minutos"},"schema":{"@context":"https:\/\/schema.org","@graph":[{"@type":"WebPage","@id":"https:\/\/www.pcmadrid.es\/tienda\/producto\/procesador-intel-core-ultra-7-265k\/","url":"https:\/\/www.pcmadrid.es\/tienda\/producto\/procesador-intel-core-ultra-7-265k\/","name":"Procesador Intel Core Ultra 7 265K | Tienda PCMADRID","isPartOf":{"@id":"https:\/\/www.pcmadrid.es\/tienda\/#website"},"primaryImageOfPage":{"@id":"https:\/\/www.pcmadrid.es\/tienda\/producto\/procesador-intel-core-ultra-7-265k\/#primaryimage"},"image":{"@id":"https:\/\/www.pcmadrid.es\/tienda\/producto\/procesador-intel-core-ultra-7-265k\/#primaryimage"},"thumbnailUrl":"https:\/\/i0.wp.com\/www.pcmadrid.es\/tienda\/wp-content\/uploads\/2024\/11\/art_itl-ultra-7-265k-3-9ghz_1.webp?fit=800%2C800&ssl=1","datePublished":"2024-11-07T11:42:00+00:00","dateModified":"2025-05-09T08:56:43+00:00","description":"Procesador de \u00faltima generaci\u00f3n Intel Ultra 7 265K. Potencia sin limites para juegos o trabajo. La \u00faltima generaci\u00f3n de Intel en procesadores de escritorio.","breadcrumb":{"@id":"https:\/\/www.pcmadrid.es\/tienda\/producto\/procesador-intel-core-ultra-7-265k\/#breadcrumb"},"inLanguage":"es","potentialAction":[{"@type":"ReadAction","target":["https:\/\/www.pcmadrid.es\/tienda\/producto\/procesador-intel-core-ultra-7-265k\/"]}]},{"@type":"ImageObject","inLanguage":"es","@id":"https:\/\/www.pcmadrid.es\/tienda\/producto\/procesador-intel-core-ultra-7-265k\/#primaryimage","url":"https:\/\/i0.wp.com\/www.pcmadrid.es\/tienda\/wp-content\/uploads\/2024\/11\/art_itl-ultra-7-265k-3-9ghz_1.webp?fit=800%2C800&ssl=1","contentUrl":"https:\/\/i0.wp.com\/www.pcmadrid.es\/tienda\/wp-content\/uploads\/2024\/11\/art_itl-ultra-7-265k-3-9ghz_1.webp?fit=800%2C800&ssl=1","width":800,"height":800},{"@type":"BreadcrumbList","@id":"https:\/\/www.pcmadrid.es\/tienda\/producto\/procesador-intel-core-ultra-7-265k\/#breadcrumb","itemListElement":[{"@type":"ListItem","position":1,"name":"Portada","item":"https:\/\/www.pcmadrid.es\/tienda\/"},{"@type":"ListItem","position":2,"name":"Todos los productos","item":"https:\/\/www.pcmadrid.es\/tienda\/todos-los-productos\/"},{"@type":"ListItem","position":3,"name":"Procesador Intel Core Ultra 7 265K"}]},{"@type":"WebSite","@id":"https:\/\/www.pcmadrid.es\/tienda\/#website","url":"https:\/\/www.pcmadrid.es\/tienda\/","name":"Tienda PCMADRID","description":"Venta y reparaciones de ordenadores","publisher":{"@id":"https:\/\/www.pcmadrid.es\/tienda\/#organization"},"potentialAction":[{"@type":"SearchAction","target":{"@type":"EntryPoint","urlTemplate":"https:\/\/www.pcmadrid.es\/tienda\/?s={search_term_string}"},"query-input":{"@type":"PropertyValueSpecification","valueRequired":true,"valueName":"search_term_string"}}],"inLanguage":"es"},{"@type":"Organization","@id":"https:\/\/www.pcmadrid.es\/tienda\/#organization","name":"PCMADRID","url":"https:\/\/www.pcmadrid.es\/tienda\/","logo":{"@type":"ImageObject","inLanguage":"es","@id":"https:\/\/www.pcmadrid.es\/tienda\/#\/schema\/logo\/image\/","url":"https:\/\/i0.wp.com\/www.pcmadrid.es\/tienda\/wp-content\/uploads\/2019\/10\/pcmadridlogo..png?fit=750%2C300&ssl=1","contentUrl":"https:\/\/i0.wp.com\/www.pcmadrid.es\/tienda\/wp-content\/uploads\/2019\/10\/pcmadridlogo..png?fit=750%2C300&ssl=1","width":750,"height":300,"caption":"PCMADRID"},"image":{"@id":"https:\/\/www.pcmadrid.es\/tienda\/#\/schema\/logo\/image\/"},"sameAs":["https:\/\/www.facebook.com\/pcmadridinformatica","https:\/\/x.com\/pc_madrid","https:\/\/www.youtube.com\/channel\/UCIbQq9k6BBrU5x2wqDIHr7A","https:\/\/www.instagram.com\/pcmadrid_informatica\/?hl=es","https:\/\/www.linkedin.com\/company\/9348326\/admin\/","https:\/\/www.pinterest.es\/pcmadrid_informatica\/"]}]}},"jetpack_sharing_enabled":true,"_links":{"self":[{"href":"https:\/\/www.pcmadrid.es\/tienda\/wp-json\/wp\/v2\/product\/14092","targetHints":{"allow":["GET"]}}],"collection":[{"href":"https:\/\/www.pcmadrid.es\/tienda\/wp-json\/wp\/v2\/product"}],"about":[{"href":"https:\/\/www.pcmadrid.es\/tienda\/wp-json\/wp\/v2\/types\/product"}],"replies":[{"embeddable":true,"href":"https:\/\/www.pcmadrid.es\/tienda\/wp-json\/wp\/v2\/comments?post=14092"}],"wp:featuredmedia":[{"embeddable":true,"href":"https:\/\/www.pcmadrid.es\/tienda\/wp-json\/wp\/v2\/media\/14093"}],"wp:attachment":[{"href":"https:\/\/www.pcmadrid.es\/tienda\/wp-json\/wp\/v2\/media?parent=14092"}],"wp:term":[{"taxonomy":"product_brand","embeddable":true,"href":"https:\/\/www.pcmadrid.es\/tienda\/wp-json\/wp\/v2\/product_brand?post=14092"},{"taxonomy":"product_cat","embeddable":true,"href":"https:\/\/www.pcmadrid.es\/tienda\/wp-json\/wp\/v2\/product_cat?post=14092"},{"taxonomy":"product_tag","embeddable":true,"href":"https:\/\/www.pcmadrid.es\/tienda\/wp-json\/wp\/v2\/product_tag?post=14092"}],"curies":[{"name":"wp","href":"https:\/\/api.w.org\/{rel}","templated":true}]}}