{"id":2370,"date":"2018-05-04T18:58:45","date_gmt":"2018-05-04T16:58:45","guid":{"rendered":"https:\/\/www.pcmadrid.es\/?post_type=product&#038;p=2370"},"modified":"2024-12-02T12:24:51","modified_gmt":"2024-12-02T11:24:51","slug":"bono-soporte-remoto-1-intervencion-30-minutos-max","status":"publish","type":"product","link":"https:\/\/www.pcmadrid.es\/tienda\/producto\/bono-soporte-remoto-1-intervencion-30-minutos-max\/","title":{"rendered":"Bono Soporte Remoto 30 Minutos"},"content":{"rendered":"<p>Nuestros t\u00e9cnicos de soporte remoto te asistir\u00e1n por llamada, videollamada, correo electr\u00f3nico o chat seg\u00fan el m\u00e9todo que te convenga para proceder a un acceso remoto a tu port\u00e1til, smartphone, servidor o sobremesa en caso de que fuera necesario.<\/p>\n<h2 style=\"text-align: center;\">Soporte remoto para resoluci\u00f3n de incidencias<\/h2>\n<p>Esta intervenci\u00f3n esta indicada para soluciones espor\u00e1dicas o de nivel 1 que no requieran m\u00e1s de 30 minutos para ser finalizadas.<\/p>\n<p>Dentro de las incidencias que puede ser conveniente este Bono \u00fanico se encuentran:<\/p>\n<p>-Limpieza de Malware<\/p>\n<p>-Limpieza de navegador (Chrome, Firefox, Explorer, Safari, Opera, etc)<\/p>\n<p>-Instalaci\u00f3n de controladores<\/p>\n<p>-Gesti\u00f3n de licencia<\/p>\n<p>-Instalaci\u00f3n de aplicaciones o licencias<\/p>\n<p>-Desinstalaci\u00f3n de aplicaciones<\/p>\n<p>-Limpieza de Virus de nivel 1<\/p>\n<h3 style=\"text-align: center;\">Solucionamos todos los problemas de tu equipo en remoto<\/h3>\n<hr \/>\n<h5><span style=\"color: #99cc00;\"><strong>Para informaci\u00f3n detallada u otras consultas, puedes contactarnos en:<\/strong><\/span><\/h5>\n<p><strong>HORARIO: <span style=\"color: #99cc00;\">L-V: 10:00 \u2013 14:00h y <\/span><\/strong><strong><span style=\"color: #99cc00;\">16:00 \u2013 20:00h<\/span><\/strong><\/p>\n<p><strong>Talleres f\u00edsicos:<\/strong><\/p>\n<ul>\n<li><span style=\"color: #808080;\"><strong>Pinar de Chamart\u00edn: Caleruega 74, 28033.<\/strong><\/span><\/li>\n<\/ul>\n<p><strong><span style=\"color: #99cc00;\">Tel:<\/span> <span style=\"color: #99cc00;\">91-139-7078<\/span><\/strong><\/p>\n<ul>\n<li><span style=\"color: #808080;\"><strong>Aravaca: Paseo de la Ermita 10, 28023.<\/strong><\/span><\/li>\n<\/ul>\n<p><strong><span style=\"color: #99cc00;\">Tel:\u00a091-599-6504<\/span><\/strong><\/p>\n","protected":false},"excerpt":{"rendered":"<p>Nuestros t\u00e9cnicos a remoto te asistir\u00e1n por llamada, videollamada, correo electr\u00f3nico o chat seg\u00fan el m\u00e9todo que te convenga para proceder a un acceso remoto a tu port\u00e1til, smartphone, servidor o sobremesa en caso de que fuera necesario.<\/p>\n","protected":false},"featured_media":8217,"comment_status":"open","ping_status":"closed","template":"","meta":{"_et_pb_use_builder":"","_et_pb_old_content":"","_et_gb_content_width":""},"product_brand":[],"product_cat":[96,98,105,104,106],"product_tag":[70,71],"class_list":{"0":"post-2370","1":"product","2":"type-product","3":"status-publish","4":"has-post-thumbnail","6":"product_cat-ofertas","7":"product_cat-reparaciones","8":"product_cat-reparaciones-imac","9":"product_cat-reparaciones-macbook","10":"product_cat-reparaciones-windows","11":"product_tag-servicio-tecnico-a-distancia","12":"product_tag-servicio-tecnico-a-domicilio","14":"first","15":"instock","16":"sale","17":"virtual","18":"taxable","19":"purchasable","20":"product-type-simple"},"yoast_head":"<!-- This site is optimized with the Yoast SEO plugin v27.5 - https:\/\/yoast.com\/product\/yoast-seo-wordpress\/ -->\n<title>Bono Soporte Remoto 30 Minutos | Tiendas en Madrid.<\/title>\n<meta name=\"description\" content=\"Nuestros t\u00e9cnicos a remoto te asistir\u00e1n por llamada, videollamada, correo electr\u00f3nico o chat seg\u00fan el m\u00e9todo que te convenga.\" \/>\n<meta name=\"robots\" content=\"index, follow, max-snippet:-1, max-image-preview:large, max-video-preview:-1\" \/>\n<link rel=\"canonical\" href=\"https:\/\/www.pcmadrid.es\/tienda\/producto\/bono-soporte-remoto-1-intervencion-30-minutos-max\/\" \/>\n<meta name=\"twitter:label1\" content=\"Tiempo de lectura\" \/>\n\t<meta name=\"twitter:data1\" content=\"1 minuto\" \/>\n<script type=\"application\/ld+json\" class=\"yoast-schema-graph\">{\"@context\":\"https:\\\/\\\/schema.org\",\"@graph\":[{\"@type\":\"WebPage\",\"@id\":\"https:\\\/\\\/www.pcmadrid.es\\\/tienda\\\/producto\\\/bono-soporte-remoto-1-intervencion-30-minutos-max\\\/\",\"url\":\"https:\\\/\\\/www.pcmadrid.es\\\/tienda\\\/producto\\\/bono-soporte-remoto-1-intervencion-30-minutos-max\\\/\",\"name\":\"Bono Soporte Remoto 30 Minutos | Tiendas en Madrid.\",\"isPartOf\":{\"@id\":\"https:\\\/\\\/www.pcmadrid.es\\\/tienda\\\/#website\"},\"primaryImageOfPage\":{\"@id\":\"https:\\\/\\\/www.pcmadrid.es\\\/tienda\\\/producto\\\/bono-soporte-remoto-1-intervencion-30-minutos-max\\\/#primaryimage\"},\"image\":{\"@id\":\"https:\\\/\\\/www.pcmadrid.es\\\/tienda\\\/producto\\\/bono-soporte-remoto-1-intervencion-30-minutos-max\\\/#primaryimage\"},\"thumbnailUrl\":\"https:\\\/\\\/i0.wp.com\\\/www.pcmadrid.es\\\/tienda\\\/wp-content\\\/uploads\\\/2018\\\/05\\\/tecnico-informatic-por-horas-madrid-1.jpg?fit=800%2C800&ssl=1\",\"datePublished\":\"2018-05-04T16:58:45+00:00\",\"dateModified\":\"2024-12-02T11:24:51+00:00\",\"description\":\"Nuestros t\u00e9cnicos a remoto te asistir\u00e1n por llamada, videollamada, correo electr\u00f3nico o chat seg\u00fan el m\u00e9todo que te convenga.\",\"breadcrumb\":{\"@id\":\"https:\\\/\\\/www.pcmadrid.es\\\/tienda\\\/producto\\\/bono-soporte-remoto-1-intervencion-30-minutos-max\\\/#breadcrumb\"},\"inLanguage\":\"es\",\"potentialAction\":[{\"@type\":\"ReadAction\",\"target\":[\"https:\\\/\\\/www.pcmadrid.es\\\/tienda\\\/producto\\\/bono-soporte-remoto-1-intervencion-30-minutos-max\\\/\"]}]},{\"@type\":\"ImageObject\",\"inLanguage\":\"es\",\"@id\":\"https:\\\/\\\/www.pcmadrid.es\\\/tienda\\\/producto\\\/bono-soporte-remoto-1-intervencion-30-minutos-max\\\/#primaryimage\",\"url\":\"https:\\\/\\\/i0.wp.com\\\/www.pcmadrid.es\\\/tienda\\\/wp-content\\\/uploads\\\/2018\\\/05\\\/tecnico-informatic-por-horas-madrid-1.jpg?fit=800%2C800&ssl=1\",\"contentUrl\":\"https:\\\/\\\/i0.wp.com\\\/www.pcmadrid.es\\\/tienda\\\/wp-content\\\/uploads\\\/2018\\\/05\\\/tecnico-informatic-por-horas-madrid-1.jpg?fit=800%2C800&ssl=1\",\"width\":800,\"height\":800,\"caption\":\"tecnico informatic por horas madrid\"},{\"@type\":\"BreadcrumbList\",\"@id\":\"https:\\\/\\\/www.pcmadrid.es\\\/tienda\\\/producto\\\/bono-soporte-remoto-1-intervencion-30-minutos-max\\\/#breadcrumb\",\"itemListElement\":[{\"@type\":\"ListItem\",\"position\":1,\"name\":\"Portada\",\"item\":\"https:\\\/\\\/www.pcmadrid.es\\\/tienda\\\/\"},{\"@type\":\"ListItem\",\"position\":2,\"name\":\"Todos los productos\",\"item\":\"https:\\\/\\\/www.pcmadrid.es\\\/tienda\\\/todos-los-productos\\\/\"},{\"@type\":\"ListItem\",\"position\":3,\"name\":\"Bono Soporte Remoto 30 Minutos\"}]},{\"@type\":\"WebSite\",\"@id\":\"https:\\\/\\\/www.pcmadrid.es\\\/tienda\\\/#website\",\"url\":\"https:\\\/\\\/www.pcmadrid.es\\\/tienda\\\/\",\"name\":\"Tienda PCMADRID\",\"description\":\"Venta y reparaciones de ordenadores\",\"publisher\":{\"@id\":\"https:\\\/\\\/www.pcmadrid.es\\\/tienda\\\/#organization\"},\"potentialAction\":[{\"@type\":\"SearchAction\",\"target\":{\"@type\":\"EntryPoint\",\"urlTemplate\":\"https:\\\/\\\/www.pcmadrid.es\\\/tienda\\\/?s={search_term_string}\"},\"query-input\":{\"@type\":\"PropertyValueSpecification\",\"valueRequired\":true,\"valueName\":\"search_term_string\"}}],\"inLanguage\":\"es\"},{\"@type\":\"Organization\",\"@id\":\"https:\\\/\\\/www.pcmadrid.es\\\/tienda\\\/#organization\",\"name\":\"PCMADRID\",\"url\":\"https:\\\/\\\/www.pcmadrid.es\\\/tienda\\\/\",\"logo\":{\"@type\":\"ImageObject\",\"inLanguage\":\"es\",\"@id\":\"https:\\\/\\\/www.pcmadrid.es\\\/tienda\\\/#\\\/schema\\\/logo\\\/image\\\/\",\"url\":\"https:\\\/\\\/www.pcmadrid.es\\\/tienda\\\/wp-content\\\/uploads\\\/2019\\\/10\\\/pcmadridlogo..png\",\"contentUrl\":\"https:\\\/\\\/www.pcmadrid.es\\\/tienda\\\/wp-content\\\/uploads\\\/2019\\\/10\\\/pcmadridlogo..png\",\"width\":750,\"height\":300,\"caption\":\"PCMADRID\"},\"image\":{\"@id\":\"https:\\\/\\\/www.pcmadrid.es\\\/tienda\\\/#\\\/schema\\\/logo\\\/image\\\/\"},\"sameAs\":[\"https:\\\/\\\/www.facebook.com\\\/pcmadridinformatica\",\"https:\\\/\\\/x.com\\\/pc_madrid\",\"https:\\\/\\\/www.youtube.com\\\/channel\\\/UCIbQq9k6BBrU5x2wqDIHr7A\",\"https:\\\/\\\/www.instagram.com\\\/pcmadrid_informatica\\\/?hl=es\",\"https:\\\/\\\/www.linkedin.com\\\/company\\\/9348326\\\/admin\\\/\",\"https:\\\/\\\/www.pinterest.es\\\/pcmadrid_informatica\\\/\"]}]}<\/script>\n<!-- \/ Yoast SEO plugin. -->","yoast_head_json":{"title":"Bono Soporte Remoto 30 Minutos | Tiendas en Madrid.","description":"Nuestros t\u00e9cnicos a remoto te asistir\u00e1n por llamada, videollamada, correo electr\u00f3nico o chat seg\u00fan el m\u00e9todo que te convenga.","robots":{"index":"index","follow":"follow","max-snippet":"max-snippet:-1","max-image-preview":"max-image-preview:large","max-video-preview":"max-video-preview:-1"},"canonical":"https:\/\/www.pcmadrid.es\/tienda\/producto\/bono-soporte-remoto-1-intervencion-30-minutos-max\/","twitter_misc":{"Tiempo de lectura":"1 minuto"},"schema":{"@context":"https:\/\/schema.org","@graph":[{"@type":"WebPage","@id":"https:\/\/www.pcmadrid.es\/tienda\/producto\/bono-soporte-remoto-1-intervencion-30-minutos-max\/","url":"https:\/\/www.pcmadrid.es\/tienda\/producto\/bono-soporte-remoto-1-intervencion-30-minutos-max\/","name":"Bono Soporte Remoto 30 Minutos | Tiendas en Madrid.","isPartOf":{"@id":"https:\/\/www.pcmadrid.es\/tienda\/#website"},"primaryImageOfPage":{"@id":"https:\/\/www.pcmadrid.es\/tienda\/producto\/bono-soporte-remoto-1-intervencion-30-minutos-max\/#primaryimage"},"image":{"@id":"https:\/\/www.pcmadrid.es\/tienda\/producto\/bono-soporte-remoto-1-intervencion-30-minutos-max\/#primaryimage"},"thumbnailUrl":"https:\/\/i0.wp.com\/www.pcmadrid.es\/tienda\/wp-content\/uploads\/2018\/05\/tecnico-informatic-por-horas-madrid-1.jpg?fit=800%2C800&ssl=1","datePublished":"2018-05-04T16:58:45+00:00","dateModified":"2024-12-02T11:24:51+00:00","description":"Nuestros t\u00e9cnicos a remoto te asistir\u00e1n por llamada, videollamada, correo electr\u00f3nico o chat seg\u00fan el m\u00e9todo que te convenga.","breadcrumb":{"@id":"https:\/\/www.pcmadrid.es\/tienda\/producto\/bono-soporte-remoto-1-intervencion-30-minutos-max\/#breadcrumb"},"inLanguage":"es","potentialAction":[{"@type":"ReadAction","target":["https:\/\/www.pcmadrid.es\/tienda\/producto\/bono-soporte-remoto-1-intervencion-30-minutos-max\/"]}]},{"@type":"ImageObject","inLanguage":"es","@id":"https:\/\/www.pcmadrid.es\/tienda\/producto\/bono-soporte-remoto-1-intervencion-30-minutos-max\/#primaryimage","url":"https:\/\/i0.wp.com\/www.pcmadrid.es\/tienda\/wp-content\/uploads\/2018\/05\/tecnico-informatic-por-horas-madrid-1.jpg?fit=800%2C800&ssl=1","contentUrl":"https:\/\/i0.wp.com\/www.pcmadrid.es\/tienda\/wp-content\/uploads\/2018\/05\/tecnico-informatic-por-horas-madrid-1.jpg?fit=800%2C800&ssl=1","width":800,"height":800,"caption":"tecnico informatic por horas madrid"},{"@type":"BreadcrumbList","@id":"https:\/\/www.pcmadrid.es\/tienda\/producto\/bono-soporte-remoto-1-intervencion-30-minutos-max\/#breadcrumb","itemListElement":[{"@type":"ListItem","position":1,"name":"Portada","item":"https:\/\/www.pcmadrid.es\/tienda\/"},{"@type":"ListItem","position":2,"name":"Todos los productos","item":"https:\/\/www.pcmadrid.es\/tienda\/todos-los-productos\/"},{"@type":"ListItem","position":3,"name":"Bono Soporte Remoto 30 Minutos"}]},{"@type":"WebSite","@id":"https:\/\/www.pcmadrid.es\/tienda\/#website","url":"https:\/\/www.pcmadrid.es\/tienda\/","name":"Tienda PCMADRID","description":"Venta y reparaciones de ordenadores","publisher":{"@id":"https:\/\/www.pcmadrid.es\/tienda\/#organization"},"potentialAction":[{"@type":"SearchAction","target":{"@type":"EntryPoint","urlTemplate":"https:\/\/www.pcmadrid.es\/tienda\/?s={search_term_string}"},"query-input":{"@type":"PropertyValueSpecification","valueRequired":true,"valueName":"search_term_string"}}],"inLanguage":"es"},{"@type":"Organization","@id":"https:\/\/www.pcmadrid.es\/tienda\/#organization","name":"PCMADRID","url":"https:\/\/www.pcmadrid.es\/tienda\/","logo":{"@type":"ImageObject","inLanguage":"es","@id":"https:\/\/www.pcmadrid.es\/tienda\/#\/schema\/logo\/image\/","url":"https:\/\/www.pcmadrid.es\/tienda\/wp-content\/uploads\/2019\/10\/pcmadridlogo..png","contentUrl":"https:\/\/www.pcmadrid.es\/tienda\/wp-content\/uploads\/2019\/10\/pcmadridlogo..png","width":750,"height":300,"caption":"PCMADRID"},"image":{"@id":"https:\/\/www.pcmadrid.es\/tienda\/#\/schema\/logo\/image\/"},"sameAs":["https:\/\/www.facebook.com\/pcmadridinformatica","https:\/\/x.com\/pc_madrid","https:\/\/www.youtube.com\/channel\/UCIbQq9k6BBrU5x2wqDIHr7A","https:\/\/www.instagram.com\/pcmadrid_informatica\/?hl=es","https:\/\/www.linkedin.com\/company\/9348326\/admin\/","https:\/\/www.pinterest.es\/pcmadrid_informatica\/"]}]}},"jetpack_sharing_enabled":true,"_links":{"self":[{"href":"https:\/\/www.pcmadrid.es\/tienda\/wp-json\/wp\/v2\/product\/2370","targetHints":{"allow":["GET"]}}],"collection":[{"href":"https:\/\/www.pcmadrid.es\/tienda\/wp-json\/wp\/v2\/product"}],"about":[{"href":"https:\/\/www.pcmadrid.es\/tienda\/wp-json\/wp\/v2\/types\/product"}],"replies":[{"embeddable":true,"href":"https:\/\/www.pcmadrid.es\/tienda\/wp-json\/wp\/v2\/comments?post=2370"}],"wp:featuredmedia":[{"embeddable":true,"href":"https:\/\/www.pcmadrid.es\/tienda\/wp-json\/wp\/v2\/media\/8217"}],"wp:attachment":[{"href":"https:\/\/www.pcmadrid.es\/tienda\/wp-json\/wp\/v2\/media?parent=2370"}],"wp:term":[{"taxonomy":"product_brand","embeddable":true,"href":"https:\/\/www.pcmadrid.es\/tienda\/wp-json\/wp\/v2\/product_brand?post=2370"},{"taxonomy":"product_cat","embeddable":true,"href":"https:\/\/www.pcmadrid.es\/tienda\/wp-json\/wp\/v2\/product_cat?post=2370"},{"taxonomy":"product_tag","embeddable":true,"href":"https:\/\/www.pcmadrid.es\/tienda\/wp-json\/wp\/v2\/product_tag?post=2370"}],"curies":[{"name":"wp","href":"https:\/\/api.w.org\/{rel}","templated":true}]}}