{"id":6896,"date":"2019-10-22T14:46:33","date_gmt":"2019-10-22T12:46:33","guid":{"rendered":"https:\/\/tienda.pcmadrid.es\/?post_type=product&#038;p=6896"},"modified":"2025-05-09T10:49:29","modified_gmt":"2025-05-09T08:49:29","slug":"ampliacion-memoria-ram-en-imac-2008-2011-21%e2%80%b3-27%e2%80%b3","status":"publish","type":"product","link":"https:\/\/www.pcmadrid.es\/tienda\/producto\/ampliacion-memoria-ram-en-imac-2008-2011-21%e2%80%b3-27%e2%80%b3\/","title":{"rendered":"Ampliaci\u00f3n Memoria Ram en iMac 2008-2011 \u2013 21\u2033\/27\u2033"},"content":{"rendered":"<p>Las ampliaciones de memoria RAM en iMac\u00a0 m\u00e1s antiguos son una mejora imprescindible para profesionales en el \u00e1mbito multimedia y de dise\u00f1o gr\u00e1fico. La ampliaci\u00f3n de memoria te permitir\u00e1 disponer de m\u00e1s aplicaciones abiertas al mismo tiempo sin comprometer la velocidad y estabilidad del equipo.<\/p>\n<p>Algunas ventajas de ampliar la memoria RAM en iMac, benefician la navegaci\u00f3n en internet. Un ejemplo ser\u00eda, que si antes nuestro navegador Safari o Chrome se ralentizaba con 10 pesta\u00f1as abiertas al ampliar la memoria RAM al doble, podr\u00e1 soportar hasta 25 pesta\u00f1as o m\u00e1s sin ralentizarse.<\/p>\n<p><img data-recalc-dims=\"1\" loading=\"lazy\" decoding=\"async\" class=\"wp-image-6685 size-full aligncenter\" src=\"https:\/\/i0.wp.com\/tienda.pcmadrid.es\/wp-content\/uploads\/2019\/10\/ampliar-memoria-ram-mac.png?resize=800%2C435&#038;ssl=1\" alt=\"ampliar memoria ram mac\" width=\"800\" height=\"435\" srcset=\"https:\/\/i0.wp.com\/www.pcmadrid.es\/tienda\/wp-content\/uploads\/2019\/10\/ampliar-memoria-ram-mac.png?w=800&amp;ssl=1 800w, https:\/\/i0.wp.com\/www.pcmadrid.es\/tienda\/wp-content\/uploads\/2019\/10\/ampliar-memoria-ram-mac.png?resize=300%2C163&amp;ssl=1 300w, https:\/\/i0.wp.com\/www.pcmadrid.es\/tienda\/wp-content\/uploads\/2019\/10\/ampliar-memoria-ram-mac.png?resize=768%2C418&amp;ssl=1 768w, https:\/\/i0.wp.com\/www.pcmadrid.es\/tienda\/wp-content\/uploads\/2019\/10\/ampliar-memoria-ram-mac.png?resize=600%2C326&amp;ssl=1 600w\" sizes=\"(max-width: 800px) 100vw, 800px\" \/><\/p>\n<p>En el caso de edici\u00f3n de v\u00eddeo, la memoria RAM debe ser de 8GB como m\u00ednimo y en todos los casos se recomienda 16GB de RAM para edici\u00f3n FullHD (1920&#215;1080).<\/p>\n<p>Una gran cantidad de memoria RAM en programas como Adobe Premiere, nos permitir\u00e1n editar v\u00eddeos con Clips FullHD o 4K sin ralentizar el equipo ni la l\u00ednea de tiempo. Tambi\u00e9n nos beneficiar\u00e1 a la hora de procesar v\u00eddeos o mantener en la l\u00ednea de tiempo muchos clips y efectos de gran tama\u00f1o o requisitos de hardware.<\/p>\n<p><img data-recalc-dims=\"1\" loading=\"lazy\" decoding=\"async\" class=\"aligncenter wp-image-6684 size-large\" src=\"https:\/\/i0.wp.com\/tienda.pcmadrid.es\/wp-content\/uploads\/2019\/10\/ampliar-memoria-ram-macbook-1024x552.jpg?resize=600%2C323&#038;ssl=1\" alt=\"ampliar memoria ram macbook\" width=\"600\" height=\"323\" srcset=\"https:\/\/i0.wp.com\/www.pcmadrid.es\/tienda\/wp-content\/uploads\/2019\/10\/ampliar-memoria-ram-macbook.jpg?resize=1024%2C552&amp;ssl=1 1024w, https:\/\/i0.wp.com\/www.pcmadrid.es\/tienda\/wp-content\/uploads\/2019\/10\/ampliar-memoria-ram-macbook.jpg?resize=300%2C162&amp;ssl=1 300w, https:\/\/i0.wp.com\/www.pcmadrid.es\/tienda\/wp-content\/uploads\/2019\/10\/ampliar-memoria-ram-macbook.jpg?resize=768%2C414&amp;ssl=1 768w, https:\/\/i0.wp.com\/www.pcmadrid.es\/tienda\/wp-content\/uploads\/2019\/10\/ampliar-memoria-ram-macbook.jpg?resize=600%2C324&amp;ssl=1 600w, https:\/\/i0.wp.com\/www.pcmadrid.es\/tienda\/wp-content\/uploads\/2019\/10\/ampliar-memoria-ram-macbook.jpg?w=1168&amp;ssl=1 1168w\" sizes=\"(max-width: 600px) 100vw, 600px\" \/><\/p>\n<p>Si tu equipo se ralentiza cuando estas trabajando con muchas aplicaciones, carpetas o fotos y multimedia abiertos, la recomendaci\u00f3n principal es ampliar la memoria RAM para mantener el Mac fluido y sin ralentizaciones por falta de memoria.<\/p>\n","protected":false},"excerpt":{"rendered":"<p>Ampliar la memoria RAM de tu iMac a buen precio y con memorias RAM certificadas para Apple. Es importante el uso de memorias RAM certificadas para evitar da\u00f1ar el equipo al reiniciar o resetear la PRAM del Mac.<\/p>\n<p>Contamos con ampliaciones de 8GB a 16GB para iMac modelos 2008 hasta 2011.<\/p>\n","protected":false},"featured_media":8188,"comment_status":"open","ping_status":"closed","template":"","meta":{"_et_pb_use_builder":"","_et_pb_old_content":"","_et_gb_content_width":""},"product_brand":[],"product_cat":[87,90],"product_tag":[],"class_list":{"0":"post-6896","1":"product","2":"type-product","3":"status-publish","4":"has-post-thumbnail","6":"product_cat-ampliaciones","7":"product_cat-ampliar-imac","8":"product_shipping_class-pesados","10":"first","11":"instock","12":"taxable","13":"shipping-taxable","14":"purchasable","15":"product-type-variable"},"yoast_head":"<!-- This site is optimized with the Yoast SEO plugin v26.5 - https:\/\/yoast.com\/wordpress\/plugins\/seo\/ -->\n<title>Ampliaci\u00f3n Memoria Ram en iMac 2008-2011 \u2013 21\u2033\/27\u2033<\/title>\n<meta name=\"description\" content=\"Servicio de ampliaci\u00f3n de memoria Ram en iMac hasta 2011. Solo memorias RAM certificadas por Apple con 5 a\u00f1os de garant\u00eda.\" \/>\n<meta name=\"robots\" content=\"index, follow, max-snippet:-1, max-image-preview:large, max-video-preview:-1\" \/>\n<link rel=\"canonical\" href=\"https:\/\/www.pcmadrid.es\/tienda\/producto\/ampliacion-memoria-ram-en-imac-2008-2011-21\u2033-27\u2033\/\" \/>\n<meta name=\"twitter:label1\" content=\"Tiempo de lectura\" \/>\n\t<meta name=\"twitter:data1\" content=\"2 minutos\" \/>\n<script type=\"application\/ld+json\" class=\"yoast-schema-graph\">{\"@context\":\"https:\/\/schema.org\",\"@graph\":[{\"@type\":\"WebPage\",\"@id\":\"https:\/\/www.pcmadrid.es\/tienda\/producto\/ampliacion-memoria-ram-en-imac-2008-2011-21%e2%80%b3-27%e2%80%b3\/\",\"url\":\"https:\/\/www.pcmadrid.es\/tienda\/producto\/ampliacion-memoria-ram-en-imac-2008-2011-21%e2%80%b3-27%e2%80%b3\/\",\"name\":\"Ampliaci\u00f3n Memoria Ram en iMac 2008-2011 \u2013 21\u2033\/27\u2033\",\"isPartOf\":{\"@id\":\"https:\/\/www.pcmadrid.es\/tienda\/#website\"},\"primaryImageOfPage\":{\"@id\":\"https:\/\/www.pcmadrid.es\/tienda\/producto\/ampliacion-memoria-ram-en-imac-2008-2011-21%e2%80%b3-27%e2%80%b3\/#primaryimage\"},\"image\":{\"@id\":\"https:\/\/www.pcmadrid.es\/tienda\/producto\/ampliacion-memoria-ram-en-imac-2008-2011-21%e2%80%b3-27%e2%80%b3\/#primaryimage\"},\"thumbnailUrl\":\"https:\/\/i0.wp.com\/www.pcmadrid.es\/tienda\/wp-content\/uploads\/2019\/10\/ampliar-memoria-ram-mac-1.jpg?fit=800%2C800&ssl=1\",\"datePublished\":\"2019-10-22T12:46:33+00:00\",\"dateModified\":\"2025-05-09T08:49:29+00:00\",\"description\":\"Servicio de ampliaci\u00f3n de memoria Ram en iMac hasta 2011. Solo memorias RAM certificadas por Apple con 5 a\u00f1os de garant\u00eda.\",\"breadcrumb\":{\"@id\":\"https:\/\/www.pcmadrid.es\/tienda\/producto\/ampliacion-memoria-ram-en-imac-2008-2011-21%e2%80%b3-27%e2%80%b3\/#breadcrumb\"},\"inLanguage\":\"es\",\"potentialAction\":[{\"@type\":\"ReadAction\",\"target\":[\"https:\/\/www.pcmadrid.es\/tienda\/producto\/ampliacion-memoria-ram-en-imac-2008-2011-21%e2%80%b3-27%e2%80%b3\/\"]}]},{\"@type\":\"ImageObject\",\"inLanguage\":\"es\",\"@id\":\"https:\/\/www.pcmadrid.es\/tienda\/producto\/ampliacion-memoria-ram-en-imac-2008-2011-21%e2%80%b3-27%e2%80%b3\/#primaryimage\",\"url\":\"https:\/\/i0.wp.com\/www.pcmadrid.es\/tienda\/wp-content\/uploads\/2019\/10\/ampliar-memoria-ram-mac-1.jpg?fit=800%2C800&ssl=1\",\"contentUrl\":\"https:\/\/i0.wp.com\/www.pcmadrid.es\/tienda\/wp-content\/uploads\/2019\/10\/ampliar-memoria-ram-mac-1.jpg?fit=800%2C800&ssl=1\",\"width\":800,\"height\":800,\"caption\":\"ampliacion memoria ram mac\"},{\"@type\":\"BreadcrumbList\",\"@id\":\"https:\/\/www.pcmadrid.es\/tienda\/producto\/ampliacion-memoria-ram-en-imac-2008-2011-21%e2%80%b3-27%e2%80%b3\/#breadcrumb\",\"itemListElement\":[{\"@type\":\"ListItem\",\"position\":1,\"name\":\"Portada\",\"item\":\"https:\/\/www.pcmadrid.es\/tienda\/\"},{\"@type\":\"ListItem\",\"position\":2,\"name\":\"Todos los productos\",\"item\":\"https:\/\/www.pcmadrid.es\/tienda\/todos-los-productos\/\"},{\"@type\":\"ListItem\",\"position\":3,\"name\":\"Ampliaci\u00f3n Memoria Ram en iMac 2008-2011 \u2013 21\u2033\/27\u2033\"}]},{\"@type\":\"WebSite\",\"@id\":\"https:\/\/www.pcmadrid.es\/tienda\/#website\",\"url\":\"https:\/\/www.pcmadrid.es\/tienda\/\",\"name\":\"Tienda PCMADRID\",\"description\":\"Venta y reparaciones de ordenadores\",\"publisher\":{\"@id\":\"https:\/\/www.pcmadrid.es\/tienda\/#organization\"},\"potentialAction\":[{\"@type\":\"SearchAction\",\"target\":{\"@type\":\"EntryPoint\",\"urlTemplate\":\"https:\/\/www.pcmadrid.es\/tienda\/?s={search_term_string}\"},\"query-input\":{\"@type\":\"PropertyValueSpecification\",\"valueRequired\":true,\"valueName\":\"search_term_string\"}}],\"inLanguage\":\"es\"},{\"@type\":\"Organization\",\"@id\":\"https:\/\/www.pcmadrid.es\/tienda\/#organization\",\"name\":\"PCMADRID\",\"url\":\"https:\/\/www.pcmadrid.es\/tienda\/\",\"logo\":{\"@type\":\"ImageObject\",\"inLanguage\":\"es\",\"@id\":\"https:\/\/www.pcmadrid.es\/tienda\/#\/schema\/logo\/image\/\",\"url\":\"https:\/\/i0.wp.com\/www.pcmadrid.es\/tienda\/wp-content\/uploads\/2019\/10\/pcmadridlogo..png?fit=750%2C300&ssl=1\",\"contentUrl\":\"https:\/\/i0.wp.com\/www.pcmadrid.es\/tienda\/wp-content\/uploads\/2019\/10\/pcmadridlogo..png?fit=750%2C300&ssl=1\",\"width\":750,\"height\":300,\"caption\":\"PCMADRID\"},\"image\":{\"@id\":\"https:\/\/www.pcmadrid.es\/tienda\/#\/schema\/logo\/image\/\"},\"sameAs\":[\"https:\/\/www.facebook.com\/pcmadridinformatica\",\"https:\/\/x.com\/pc_madrid\",\"https:\/\/www.youtube.com\/channel\/UCIbQq9k6BBrU5x2wqDIHr7A\",\"https:\/\/www.instagram.com\/pcmadrid_informatica\/?hl=es\",\"https:\/\/www.linkedin.com\/company\/9348326\/admin\/\",\"https:\/\/www.pinterest.es\/pcmadrid_informatica\/\"]}]}<\/script>\n<!-- \/ Yoast SEO plugin. -->","yoast_head_json":{"title":"Ampliaci\u00f3n Memoria Ram en iMac 2008-2011 \u2013 21\u2033\/27\u2033","description":"Servicio de ampliaci\u00f3n de memoria Ram en iMac hasta 2011. Solo memorias RAM certificadas por Apple con 5 a\u00f1os de garant\u00eda.","robots":{"index":"index","follow":"follow","max-snippet":"max-snippet:-1","max-image-preview":"max-image-preview:large","max-video-preview":"max-video-preview:-1"},"canonical":"https:\/\/www.pcmadrid.es\/tienda\/producto\/ampliacion-memoria-ram-en-imac-2008-2011-21\u2033-27\u2033\/","twitter_misc":{"Tiempo de lectura":"2 minutos"},"schema":{"@context":"https:\/\/schema.org","@graph":[{"@type":"WebPage","@id":"https:\/\/www.pcmadrid.es\/tienda\/producto\/ampliacion-memoria-ram-en-imac-2008-2011-21%e2%80%b3-27%e2%80%b3\/","url":"https:\/\/www.pcmadrid.es\/tienda\/producto\/ampliacion-memoria-ram-en-imac-2008-2011-21%e2%80%b3-27%e2%80%b3\/","name":"Ampliaci\u00f3n Memoria Ram en iMac 2008-2011 \u2013 21\u2033\/27\u2033","isPartOf":{"@id":"https:\/\/www.pcmadrid.es\/tienda\/#website"},"primaryImageOfPage":{"@id":"https:\/\/www.pcmadrid.es\/tienda\/producto\/ampliacion-memoria-ram-en-imac-2008-2011-21%e2%80%b3-27%e2%80%b3\/#primaryimage"},"image":{"@id":"https:\/\/www.pcmadrid.es\/tienda\/producto\/ampliacion-memoria-ram-en-imac-2008-2011-21%e2%80%b3-27%e2%80%b3\/#primaryimage"},"thumbnailUrl":"https:\/\/i0.wp.com\/www.pcmadrid.es\/tienda\/wp-content\/uploads\/2019\/10\/ampliar-memoria-ram-mac-1.jpg?fit=800%2C800&ssl=1","datePublished":"2019-10-22T12:46:33+00:00","dateModified":"2025-05-09T08:49:29+00:00","description":"Servicio de ampliaci\u00f3n de memoria Ram en iMac hasta 2011. Solo memorias RAM certificadas por Apple con 5 a\u00f1os de garant\u00eda.","breadcrumb":{"@id":"https:\/\/www.pcmadrid.es\/tienda\/producto\/ampliacion-memoria-ram-en-imac-2008-2011-21%e2%80%b3-27%e2%80%b3\/#breadcrumb"},"inLanguage":"es","potentialAction":[{"@type":"ReadAction","target":["https:\/\/www.pcmadrid.es\/tienda\/producto\/ampliacion-memoria-ram-en-imac-2008-2011-21%e2%80%b3-27%e2%80%b3\/"]}]},{"@type":"ImageObject","inLanguage":"es","@id":"https:\/\/www.pcmadrid.es\/tienda\/producto\/ampliacion-memoria-ram-en-imac-2008-2011-21%e2%80%b3-27%e2%80%b3\/#primaryimage","url":"https:\/\/i0.wp.com\/www.pcmadrid.es\/tienda\/wp-content\/uploads\/2019\/10\/ampliar-memoria-ram-mac-1.jpg?fit=800%2C800&ssl=1","contentUrl":"https:\/\/i0.wp.com\/www.pcmadrid.es\/tienda\/wp-content\/uploads\/2019\/10\/ampliar-memoria-ram-mac-1.jpg?fit=800%2C800&ssl=1","width":800,"height":800,"caption":"ampliacion memoria ram mac"},{"@type":"BreadcrumbList","@id":"https:\/\/www.pcmadrid.es\/tienda\/producto\/ampliacion-memoria-ram-en-imac-2008-2011-21%e2%80%b3-27%e2%80%b3\/#breadcrumb","itemListElement":[{"@type":"ListItem","position":1,"name":"Portada","item":"https:\/\/www.pcmadrid.es\/tienda\/"},{"@type":"ListItem","position":2,"name":"Todos los productos","item":"https:\/\/www.pcmadrid.es\/tienda\/todos-los-productos\/"},{"@type":"ListItem","position":3,"name":"Ampliaci\u00f3n Memoria Ram en iMac 2008-2011 \u2013 21\u2033\/27\u2033"}]},{"@type":"WebSite","@id":"https:\/\/www.pcmadrid.es\/tienda\/#website","url":"https:\/\/www.pcmadrid.es\/tienda\/","name":"Tienda PCMADRID","description":"Venta y reparaciones de ordenadores","publisher":{"@id":"https:\/\/www.pcmadrid.es\/tienda\/#organization"},"potentialAction":[{"@type":"SearchAction","target":{"@type":"EntryPoint","urlTemplate":"https:\/\/www.pcmadrid.es\/tienda\/?s={search_term_string}"},"query-input":{"@type":"PropertyValueSpecification","valueRequired":true,"valueName":"search_term_string"}}],"inLanguage":"es"},{"@type":"Organization","@id":"https:\/\/www.pcmadrid.es\/tienda\/#organization","name":"PCMADRID","url":"https:\/\/www.pcmadrid.es\/tienda\/","logo":{"@type":"ImageObject","inLanguage":"es","@id":"https:\/\/www.pcmadrid.es\/tienda\/#\/schema\/logo\/image\/","url":"https:\/\/i0.wp.com\/www.pcmadrid.es\/tienda\/wp-content\/uploads\/2019\/10\/pcmadridlogo..png?fit=750%2C300&ssl=1","contentUrl":"https:\/\/i0.wp.com\/www.pcmadrid.es\/tienda\/wp-content\/uploads\/2019\/10\/pcmadridlogo..png?fit=750%2C300&ssl=1","width":750,"height":300,"caption":"PCMADRID"},"image":{"@id":"https:\/\/www.pcmadrid.es\/tienda\/#\/schema\/logo\/image\/"},"sameAs":["https:\/\/www.facebook.com\/pcmadridinformatica","https:\/\/x.com\/pc_madrid","https:\/\/www.youtube.com\/channel\/UCIbQq9k6BBrU5x2wqDIHr7A","https:\/\/www.instagram.com\/pcmadrid_informatica\/?hl=es","https:\/\/www.linkedin.com\/company\/9348326\/admin\/","https:\/\/www.pinterest.es\/pcmadrid_informatica\/"]}]}},"jetpack_sharing_enabled":true,"_links":{"self":[{"href":"https:\/\/www.pcmadrid.es\/tienda\/wp-json\/wp\/v2\/product\/6896","targetHints":{"allow":["GET"]}}],"collection":[{"href":"https:\/\/www.pcmadrid.es\/tienda\/wp-json\/wp\/v2\/product"}],"about":[{"href":"https:\/\/www.pcmadrid.es\/tienda\/wp-json\/wp\/v2\/types\/product"}],"replies":[{"embeddable":true,"href":"https:\/\/www.pcmadrid.es\/tienda\/wp-json\/wp\/v2\/comments?post=6896"}],"wp:featuredmedia":[{"embeddable":true,"href":"https:\/\/www.pcmadrid.es\/tienda\/wp-json\/wp\/v2\/media\/8188"}],"wp:attachment":[{"href":"https:\/\/www.pcmadrid.es\/tienda\/wp-json\/wp\/v2\/media?parent=6896"}],"wp:term":[{"taxonomy":"product_brand","embeddable":true,"href":"https:\/\/www.pcmadrid.es\/tienda\/wp-json\/wp\/v2\/product_brand?post=6896"},{"taxonomy":"product_cat","embeddable":true,"href":"https:\/\/www.pcmadrid.es\/tienda\/wp-json\/wp\/v2\/product_cat?post=6896"},{"taxonomy":"product_tag","embeddable":true,"href":"https:\/\/www.pcmadrid.es\/tienda\/wp-json\/wp\/v2\/product_tag?post=6896"}],"curies":[{"name":"wp","href":"https:\/\/api.w.org\/{rel}","templated":true}]}}