{"id":7107,"date":"2020-02-14T15:16:08","date_gmt":"2020-02-14T14:16:08","guid":{"rendered":"https:\/\/tienda.pcmadrid.es\/?post_type=product&#038;p=7107"},"modified":"2026-01-29T14:55:04","modified_gmt":"2026-01-29T13:55:04","slug":"microsoft-office-hogar-estudiantes-2019-barato","status":"publish","type":"product","link":"https:\/\/www.pcmadrid.es\/tienda\/producto\/microsoft-office-hogar-estudiantes-2019-barato\/","title":{"rendered":"Licencia Office Hogar y Estudiantes 2019 | Windows"},"content":{"rendered":"<p>Al <strong>comprar Microsoft Office hogar y estudiantes 2019 OEM<\/strong> para Windows podr\u00e1s disponer de una licencia de Office hogar y estudiantes permanente asociada a tu cuenta de correo electr\u00f3nico de por vida, esta es una licencia de usuario \u00fanico. <strong>Ahorra <\/strong>\u00a0<strong>gracias a la licencia OEM disponiendo de TODAS LAS FUNCIONES de la licencia en paquete f\u00edsico RETAIL<\/strong>.<\/p>\n<p>A diferencia de las licencias OEM no certificadas esta licencia es <strong>PERMANENTE y OFICIAL<\/strong> para el cliente \u00fanico. Es ideal para el equipo de tu hogar, para estudiantes e incluso profesionales o peque\u00f1as empresas.<\/p>\n<h2 style=\"text-align: center;\"><strong>La licencia Office hogar y estudiantes 2019 para Windows incluye:<\/strong><\/h2>\n<ul>\n<li><strong>Word 2019:<\/strong> Crear documentos profesionales y transformar sus ideas.<\/li>\n<li><strong>Excel 2019:<\/strong> Crear tablas, f\u00f3rmulas y evaluar \u00e9stos con funciones de an\u00e1lisis de calidad.<\/li>\n<li><strong>PowerPoint 2019:<\/strong> Convencer con efectivas presentaciones.<\/li>\n<\/ul>\n<p>Los programas en <strong>Microsoft Office 2019 Hogar y Estudiantes<\/strong> cumplen con los m\u00e1s altos est\u00e1ndares. Con las actualizaciones regulares de Microsoft esta su software siempre al d\u00eda. Aprovecha de la constante evoluci\u00f3n de los programas de Office.<\/p>\n<p><img data-recalc-dims=\"1\" loading=\"lazy\" decoding=\"async\" class=\"aligncenter wp-image-7108 size-full\" src=\"https:\/\/i0.wp.com\/www.pcmadrid.es\/tienda\/wp-content\/uploads\/2019\/11\/office-2016.jpg?resize=650%2C378&#038;ssl=1\" alt=\"office hogar y estudiantes 2019 barata\" width=\"650\" height=\"378\" srcset=\"https:\/\/i0.wp.com\/www.pcmadrid.es\/tienda\/wp-content\/uploads\/2019\/11\/office-2016.jpg?w=650&amp;ssl=1 650w, https:\/\/i0.wp.com\/www.pcmadrid.es\/tienda\/wp-content\/uploads\/2019\/11\/office-2016.jpg?resize=300%2C174&amp;ssl=1 300w, https:\/\/i0.wp.com\/www.pcmadrid.es\/tienda\/wp-content\/uploads\/2019\/11\/office-2016.jpg?resize=600%2C349&amp;ssl=1 600w\" sizes=\"(max-width: 650px) 100vw, 650px\" \/><\/p>\n<p><strong>El trabajo en equipo es muy importante<\/strong><\/p>\n<p>Trabaja en Office hogar y estudiantes 2019, junto con otros en proyectos y documentos. Con las redes en tiempo real pueden trabajar todos al mismo tiempo en un archivo, los resultados son inmediatamente visibles. Esto es posible gracias al servicio en la nube \u201cOneDrive\u201d. Aqu\u00ed se almacenan los documentos en linea y se puede acceder desde cualquier lugar. Comparte sus contenidos con colegas y amigos. Con Office Mobile Apps consiste en cualquier dispositivo acceso libre en cualquier lugar.<\/p>\n<h3><strong>Compra tu Licencia Office hogar y estudiantes al mejor precio<\/strong><\/h3>\n<ul>\n<li>El compa\u00f1ero de la b\u00fasqueda \u201cTell Me\u201d le ayuda a encontrar ciertas funciones m\u00e1s f\u00e1cil dentro de los programas y aplicarlos correctamente. As\u00ed logra su destino m\u00e1s r\u00e1pido.<\/li>\n<li>Con \u201cInsights\u201d puede buscar Usted en la red para obtener informaci\u00f3n relevante, mientras que usted est\u00e1 en un programa de Office. El contenido puede utilizar directamente a su documento.<\/li>\n<li>Nuevas herramientas en Excel reconocen el tipo de datos y los completa de forma autom\u00e1tica. As\u00ed ahorra tiempo y obtienen incluso m\u00e1s r\u00e1pido nuevos conocimientos de sus datos. Tambi\u00e9n puede crear con un s\u00f3lo clic simples pron\u00f3stico de sus datos. Por lo tanto, puede demostrar tendencias futuras y usar para presentaciones.<\/li>\n<li>Compartir presentaciones de PowerPoint directamente a trav\u00e9s de la web. Su p\u00fablico puede utilizar el servicio de presentaci\u00f3n de oficina gratis, desde cualquier lugar, sin tener que instalar PowerPoint.<\/li>\n<\/ul>\n<h4><strong>Office hogar y estudiantes y Windows 10<\/strong><\/h4>\n<p>Office hogar y estudiantes se adapta perfectamente a Windows 10 (<a href=\"https:\/\/tienda.pcmadrid.es\/producto\/microsoft-windows-10-pro-licencia-digital\/\">Licencia Windows 10 Pro<\/a>). El dise\u00f1o e interfaz de usuario son muy similares, de tal modo los programas de Office se ajustan perfectamente en Windows. Usted podr\u00e1 elegir la optimizaci\u00f3n para dispositivos de pantalla t\u00e1ctil, Si usas teclado y rat\u00f3n, el estilete o el trabajo con el dedo.<\/p>\n<p>Si tienes alguna duda acerca de Office para Windows puedes acudir a los <a href=\"https:\/\/support.microsoft.com\/es-es\">foros de soporte de Microsoft.<\/a><\/p>\n<p>Esta versi\u00f3n trae todos los programas necesarios para leer, crear y editar documentos de texto, gr\u00e1ficos, hojas de c\u00e1lculo, macros y presentaciones. Office hogar y estudiantes se dirige para el uso privado, en el hogar y en escuelas, institutos o universidades.<\/p>\n<h3><span style=\"color: #ff9900;\">Compatibilidad de Office con sistemas operativos<\/span><\/h3>\n<p><strong>Office hogar y estudiantes 2019 es compatible con<\/strong> Windows 10 en todas sus versiones, no es compatible con versiones anteriores de Windows. Recomendamos que disponemos de la versi\u00f3n profesional: <strong><span style=\"color: #00ccff;\"><a style=\"color: #00ccff;\" href=\"https:\/\/www.pcmadrid.es\/tienda\/producto\/microsoft-office-2019-pro-1-usuario-licencia-digital\/\">comprar Office 2019 Pro Plus.<\/a><\/span><\/strong><\/p>\n<p>&nbsp;<\/p>\n","protected":false},"excerpt":{"rendered":"<p>Con <strong><span style=\"color: #99cc00;\">Microsoft Office hogar y estudiantes 2019 para Windows <\/span><\/strong>podr\u00e1s disponer de una <strong>licencia Office hogar y estudiantes 2019<\/strong> <strong>permanente<\/strong> asociada a tu cuenta de correo electr\u00f3nico de por vida, esta es una licencia de usuario \u00fanico. <span style=\"color: #ff6600;\"><strong>Ahorra<\/strong><\/span>\u00a0<span style=\"color: #808080;\"><strong>gracias a la licencia digital disponiendo de TODAS LAS FUNCIONES de la licencia en paquete f\u00edsico RETAIL<\/strong>.<\/span><\/p>\n<ul>\n<li><strong>Al realizar tu pedido,<\/strong> recibir\u00e1s tu licencia por email junto a las instrucciones de instalaci\u00f3n y enlaces oficiales de descarga.<\/li>\n<li><strong>Recibir\u00e1s tu pedido en menos de 2 horas en la mayor\u00eda de ocasiones <\/strong>(aunque a veces tu licencia podr\u00eda tardar hasta 24 horas en ser entregada en funci\u00f3n del horario en que realices tu pedido y la disponibilidad).<\/li>\n<li>Adem\u00e1s incluimos<strong> soporte gratuito para su instalaci\u00f3n<\/strong> para los clientes que tengan alg\u00fan problema con la instalaci\u00f3n o activaci\u00f3n de su programa.<\/li>\n<\/ul>\n<p>&nbsp;<\/p>\n","protected":false},"featured_media":7510,"comment_status":"open","ping_status":"closed","template":"","meta":{"_et_pb_use_builder":"","_et_pb_old_content":"","_et_gb_content_width":""},"product_brand":[],"product_cat":[95,96,477,65],"product_tag":[62,64],"class_list":{"0":"post-7107","1":"product","2":"type-product","3":"status-publish","4":"has-post-thumbnail","6":"product_cat-licencias-programas","7":"product_cat-ofertas","8":"product_cat-software-aplicaciones","9":"product_cat-todos","10":"product_tag-licencia-office-2016-permanente","11":"product_tag-microsoft-office-2016-profesioanl-licencia-digital","13":"first","14":"outofstock","15":"sale","16":"virtual","17":"taxable","18":"purchasable","19":"product-type-simple"},"yoast_head":"<!-- This site is optimized with the Yoast SEO plugin v26.5 - https:\/\/yoast.com\/wordpress\/plugins\/seo\/ -->\n<title>Office hogar y estudiantes 2019 Licencia en oferta | Windows<\/title>\n<meta name=\"description\" content=\"Licencia Office Hogar y estudiantes 2019 para Windows. Compra ahora tu Office permanente\u00a0en oferta asociado a tu correo al mejor precio.\" \/>\n<meta name=\"robots\" content=\"index, follow, max-snippet:-1, max-image-preview:large, max-video-preview:-1\" \/>\n<link rel=\"canonical\" href=\"https:\/\/www.pcmadrid.es\/tienda\/producto\/microsoft-office-hogar-estudiantes-2019-barato\/\" \/>\n<meta name=\"twitter:label1\" content=\"Tiempo de lectura\" \/>\n\t<meta name=\"twitter:data1\" content=\"3 minutos\" \/>\n<script type=\"application\/ld+json\" class=\"yoast-schema-graph\">{\"@context\":\"https:\/\/schema.org\",\"@graph\":[{\"@type\":\"WebPage\",\"@id\":\"https:\/\/www.pcmadrid.es\/tienda\/producto\/microsoft-office-hogar-estudiantes-2019-barato\/\",\"url\":\"https:\/\/www.pcmadrid.es\/tienda\/producto\/microsoft-office-hogar-estudiantes-2019-barato\/\",\"name\":\"Office hogar y estudiantes 2019 Licencia en oferta | Windows\",\"isPartOf\":{\"@id\":\"https:\/\/www.pcmadrid.es\/tienda\/#website\"},\"primaryImageOfPage\":{\"@id\":\"https:\/\/www.pcmadrid.es\/tienda\/producto\/microsoft-office-hogar-estudiantes-2019-barato\/#primaryimage\"},\"image\":{\"@id\":\"https:\/\/www.pcmadrid.es\/tienda\/producto\/microsoft-office-hogar-estudiantes-2019-barato\/#primaryimage\"},\"thumbnailUrl\":\"https:\/\/i0.wp.com\/www.pcmadrid.es\/tienda\/wp-content\/uploads\/2019\/11\/licencia-microsoft-office-hogar-y-estudiantes-1.jpg?fit=1200%2C1200&ssl=1\",\"datePublished\":\"2020-02-14T14:16:08+00:00\",\"dateModified\":\"2026-01-29T13:55:04+00:00\",\"description\":\"Licencia Office Hogar y estudiantes 2019 para Windows. Compra ahora tu Office permanente\u00a0en oferta asociado a tu correo al mejor precio.\",\"breadcrumb\":{\"@id\":\"https:\/\/www.pcmadrid.es\/tienda\/producto\/microsoft-office-hogar-estudiantes-2019-barato\/#breadcrumb\"},\"inLanguage\":\"es\",\"potentialAction\":[{\"@type\":\"ReadAction\",\"target\":[\"https:\/\/www.pcmadrid.es\/tienda\/producto\/microsoft-office-hogar-estudiantes-2019-barato\/\"]}]},{\"@type\":\"ImageObject\",\"inLanguage\":\"es\",\"@id\":\"https:\/\/www.pcmadrid.es\/tienda\/producto\/microsoft-office-hogar-estudiantes-2019-barato\/#primaryimage\",\"url\":\"https:\/\/i0.wp.com\/www.pcmadrid.es\/tienda\/wp-content\/uploads\/2019\/11\/licencia-microsoft-office-hogar-y-estudiantes-1.jpg?fit=1200%2C1200&ssl=1\",\"contentUrl\":\"https:\/\/i0.wp.com\/www.pcmadrid.es\/tienda\/wp-content\/uploads\/2019\/11\/licencia-microsoft-office-hogar-y-estudiantes-1.jpg?fit=1200%2C1200&ssl=1\",\"width\":1200,\"height\":1200,\"caption\":\"office hogar y estudiantes barata\"},{\"@type\":\"BreadcrumbList\",\"@id\":\"https:\/\/www.pcmadrid.es\/tienda\/producto\/microsoft-office-hogar-estudiantes-2019-barato\/#breadcrumb\",\"itemListElement\":[{\"@type\":\"ListItem\",\"position\":1,\"name\":\"Portada\",\"item\":\"https:\/\/www.pcmadrid.es\/tienda\/\"},{\"@type\":\"ListItem\",\"position\":2,\"name\":\"Todos los productos\",\"item\":\"https:\/\/www.pcmadrid.es\/tienda\/todos-los-productos\/\"},{\"@type\":\"ListItem\",\"position\":3,\"name\":\"Licencia Office Hogar y Estudiantes 2019 | Windows\"}]},{\"@type\":\"WebSite\",\"@id\":\"https:\/\/www.pcmadrid.es\/tienda\/#website\",\"url\":\"https:\/\/www.pcmadrid.es\/tienda\/\",\"name\":\"Tienda PCMADRID\",\"description\":\"Venta y reparaciones de ordenadores\",\"publisher\":{\"@id\":\"https:\/\/www.pcmadrid.es\/tienda\/#organization\"},\"potentialAction\":[{\"@type\":\"SearchAction\",\"target\":{\"@type\":\"EntryPoint\",\"urlTemplate\":\"https:\/\/www.pcmadrid.es\/tienda\/?s={search_term_string}\"},\"query-input\":{\"@type\":\"PropertyValueSpecification\",\"valueRequired\":true,\"valueName\":\"search_term_string\"}}],\"inLanguage\":\"es\"},{\"@type\":\"Organization\",\"@id\":\"https:\/\/www.pcmadrid.es\/tienda\/#organization\",\"name\":\"PCMADRID\",\"url\":\"https:\/\/www.pcmadrid.es\/tienda\/\",\"logo\":{\"@type\":\"ImageObject\",\"inLanguage\":\"es\",\"@id\":\"https:\/\/www.pcmadrid.es\/tienda\/#\/schema\/logo\/image\/\",\"url\":\"https:\/\/i0.wp.com\/www.pcmadrid.es\/tienda\/wp-content\/uploads\/2019\/10\/pcmadridlogo..png?fit=750%2C300&ssl=1\",\"contentUrl\":\"https:\/\/i0.wp.com\/www.pcmadrid.es\/tienda\/wp-content\/uploads\/2019\/10\/pcmadridlogo..png?fit=750%2C300&ssl=1\",\"width\":750,\"height\":300,\"caption\":\"PCMADRID\"},\"image\":{\"@id\":\"https:\/\/www.pcmadrid.es\/tienda\/#\/schema\/logo\/image\/\"},\"sameAs\":[\"https:\/\/www.facebook.com\/pcmadridinformatica\",\"https:\/\/x.com\/pc_madrid\",\"https:\/\/www.youtube.com\/channel\/UCIbQq9k6BBrU5x2wqDIHr7A\",\"https:\/\/www.instagram.com\/pcmadrid_informatica\/?hl=es\",\"https:\/\/www.linkedin.com\/company\/9348326\/admin\/\",\"https:\/\/www.pinterest.es\/pcmadrid_informatica\/\"]}]}<\/script>\n<!-- \/ Yoast SEO plugin. -->","yoast_head_json":{"title":"Office hogar y estudiantes 2019 Licencia en oferta | Windows","description":"Licencia Office Hogar y estudiantes 2019 para Windows. Compra ahora tu Office permanente\u00a0en oferta asociado a tu correo al mejor precio.","robots":{"index":"index","follow":"follow","max-snippet":"max-snippet:-1","max-image-preview":"max-image-preview:large","max-video-preview":"max-video-preview:-1"},"canonical":"https:\/\/www.pcmadrid.es\/tienda\/producto\/microsoft-office-hogar-estudiantes-2019-barato\/","twitter_misc":{"Tiempo de lectura":"3 minutos"},"schema":{"@context":"https:\/\/schema.org","@graph":[{"@type":"WebPage","@id":"https:\/\/www.pcmadrid.es\/tienda\/producto\/microsoft-office-hogar-estudiantes-2019-barato\/","url":"https:\/\/www.pcmadrid.es\/tienda\/producto\/microsoft-office-hogar-estudiantes-2019-barato\/","name":"Office hogar y estudiantes 2019 Licencia en oferta | Windows","isPartOf":{"@id":"https:\/\/www.pcmadrid.es\/tienda\/#website"},"primaryImageOfPage":{"@id":"https:\/\/www.pcmadrid.es\/tienda\/producto\/microsoft-office-hogar-estudiantes-2019-barato\/#primaryimage"},"image":{"@id":"https:\/\/www.pcmadrid.es\/tienda\/producto\/microsoft-office-hogar-estudiantes-2019-barato\/#primaryimage"},"thumbnailUrl":"https:\/\/i0.wp.com\/www.pcmadrid.es\/tienda\/wp-content\/uploads\/2019\/11\/licencia-microsoft-office-hogar-y-estudiantes-1.jpg?fit=1200%2C1200&ssl=1","datePublished":"2020-02-14T14:16:08+00:00","dateModified":"2026-01-29T13:55:04+00:00","description":"Licencia Office Hogar y estudiantes 2019 para Windows. Compra ahora tu Office permanente\u00a0en oferta asociado a tu correo al mejor precio.","breadcrumb":{"@id":"https:\/\/www.pcmadrid.es\/tienda\/producto\/microsoft-office-hogar-estudiantes-2019-barato\/#breadcrumb"},"inLanguage":"es","potentialAction":[{"@type":"ReadAction","target":["https:\/\/www.pcmadrid.es\/tienda\/producto\/microsoft-office-hogar-estudiantes-2019-barato\/"]}]},{"@type":"ImageObject","inLanguage":"es","@id":"https:\/\/www.pcmadrid.es\/tienda\/producto\/microsoft-office-hogar-estudiantes-2019-barato\/#primaryimage","url":"https:\/\/i0.wp.com\/www.pcmadrid.es\/tienda\/wp-content\/uploads\/2019\/11\/licencia-microsoft-office-hogar-y-estudiantes-1.jpg?fit=1200%2C1200&ssl=1","contentUrl":"https:\/\/i0.wp.com\/www.pcmadrid.es\/tienda\/wp-content\/uploads\/2019\/11\/licencia-microsoft-office-hogar-y-estudiantes-1.jpg?fit=1200%2C1200&ssl=1","width":1200,"height":1200,"caption":"office hogar y estudiantes barata"},{"@type":"BreadcrumbList","@id":"https:\/\/www.pcmadrid.es\/tienda\/producto\/microsoft-office-hogar-estudiantes-2019-barato\/#breadcrumb","itemListElement":[{"@type":"ListItem","position":1,"name":"Portada","item":"https:\/\/www.pcmadrid.es\/tienda\/"},{"@type":"ListItem","position":2,"name":"Todos los productos","item":"https:\/\/www.pcmadrid.es\/tienda\/todos-los-productos\/"},{"@type":"ListItem","position":3,"name":"Licencia Office Hogar y Estudiantes 2019 | Windows"}]},{"@type":"WebSite","@id":"https:\/\/www.pcmadrid.es\/tienda\/#website","url":"https:\/\/www.pcmadrid.es\/tienda\/","name":"Tienda PCMADRID","description":"Venta y reparaciones de ordenadores","publisher":{"@id":"https:\/\/www.pcmadrid.es\/tienda\/#organization"},"potentialAction":[{"@type":"SearchAction","target":{"@type":"EntryPoint","urlTemplate":"https:\/\/www.pcmadrid.es\/tienda\/?s={search_term_string}"},"query-input":{"@type":"PropertyValueSpecification","valueRequired":true,"valueName":"search_term_string"}}],"inLanguage":"es"},{"@type":"Organization","@id":"https:\/\/www.pcmadrid.es\/tienda\/#organization","name":"PCMADRID","url":"https:\/\/www.pcmadrid.es\/tienda\/","logo":{"@type":"ImageObject","inLanguage":"es","@id":"https:\/\/www.pcmadrid.es\/tienda\/#\/schema\/logo\/image\/","url":"https:\/\/i0.wp.com\/www.pcmadrid.es\/tienda\/wp-content\/uploads\/2019\/10\/pcmadridlogo..png?fit=750%2C300&ssl=1","contentUrl":"https:\/\/i0.wp.com\/www.pcmadrid.es\/tienda\/wp-content\/uploads\/2019\/10\/pcmadridlogo..png?fit=750%2C300&ssl=1","width":750,"height":300,"caption":"PCMADRID"},"image":{"@id":"https:\/\/www.pcmadrid.es\/tienda\/#\/schema\/logo\/image\/"},"sameAs":["https:\/\/www.facebook.com\/pcmadridinformatica","https:\/\/x.com\/pc_madrid","https:\/\/www.youtube.com\/channel\/UCIbQq9k6BBrU5x2wqDIHr7A","https:\/\/www.instagram.com\/pcmadrid_informatica\/?hl=es","https:\/\/www.linkedin.com\/company\/9348326\/admin\/","https:\/\/www.pinterest.es\/pcmadrid_informatica\/"]}]}},"jetpack_sharing_enabled":true,"_links":{"self":[{"href":"https:\/\/www.pcmadrid.es\/tienda\/wp-json\/wp\/v2\/product\/7107","targetHints":{"allow":["GET"]}}],"collection":[{"href":"https:\/\/www.pcmadrid.es\/tienda\/wp-json\/wp\/v2\/product"}],"about":[{"href":"https:\/\/www.pcmadrid.es\/tienda\/wp-json\/wp\/v2\/types\/product"}],"replies":[{"embeddable":true,"href":"https:\/\/www.pcmadrid.es\/tienda\/wp-json\/wp\/v2\/comments?post=7107"}],"wp:featuredmedia":[{"embeddable":true,"href":"https:\/\/www.pcmadrid.es\/tienda\/wp-json\/wp\/v2\/media\/7510"}],"wp:attachment":[{"href":"https:\/\/www.pcmadrid.es\/tienda\/wp-json\/wp\/v2\/media?parent=7107"}],"wp:term":[{"taxonomy":"product_brand","embeddable":true,"href":"https:\/\/www.pcmadrid.es\/tienda\/wp-json\/wp\/v2\/product_brand?post=7107"},{"taxonomy":"product_cat","embeddable":true,"href":"https:\/\/www.pcmadrid.es\/tienda\/wp-json\/wp\/v2\/product_cat?post=7107"},{"taxonomy":"product_tag","embeddable":true,"href":"https:\/\/www.pcmadrid.es\/tienda\/wp-json\/wp\/v2\/product_tag?post=7107"}],"curies":[{"name":"wp","href":"https:\/\/api.w.org\/{rel}","templated":true}]}}