{"id":7570,"date":"2021-02-02T17:18:34","date_gmt":"2021-02-02T16:18:34","guid":{"rendered":"https:\/\/www.pcmadrid.es\/tienda\/?post_type=product&#038;p=7570"},"modified":"2024-10-30T20:09:06","modified_gmt":"2024-10-30T19:09:06","slug":"ordenador-i7-12700k-rtx-3060-16gb-ddr4-w10","status":"publish","type":"product","link":"https:\/\/www.pcmadrid.es\/tienda\/producto\/ordenador-i7-12700k-rtx-3060-16gb-ddr4-w10\/","title":{"rendered":"Ordenador i7 12700KF RTX 3060TI 16GB DDR4 \u2013 W10"},"content":{"rendered":"<p>Con el <strong>ordenador i7 12700KF RTX 3060TI <\/strong>podr\u00e1s llevar la edici\u00f3n y el dise\u00f1o a un nuevo nivel, adem\u00e1s de poder jugar a todos tus juegos favoritos de manera fluida y con gran calidad. Teniendo montados componentes de alta gama,\u00a0 incluyendo el procesador Core i7 12700KF de la duod\u00e9cima generaci\u00f3n de Intel, montado sobre la placa ASUS B660 y la reci\u00e9n lanzada NVidia RTX 3060TI, de la nueva serie de tarjetas gr\u00e1ficas de NVidia, todo con Windows 10 instalado y actualizado para utilizarlo en cuanto saques la torre del paquete.<\/p>\n<h2 style=\"text-align: center;\"><span style=\"color: #99cc00;\"><strong>Ordenador dise\u00f1o gr\u00e1fico i7 12700KF RTX 3060TI y 500 GB NVME<\/strong><\/span><\/h2>\n<p style=\"text-align: center;\"><strong>\u00a0<\/strong><strong>Detalles del Ordenador i7 11700K con tarjeta gr\u00e1fica RTX 3060TI<\/strong><\/p>\n<p>Procesador: Intel\u00ae Core\u2122 i7-12700KF de duod\u00e9cima generaci\u00f3n (cach\u00e9 de 25 M, hasta 5,0 GHz).<\/p>\n<p>Placa base: MSI B660 Gaming (U otro fabricante si no existe disponibilidad).<\/p>\n<p>Tarjeta gr\u00e1fica: NVidia Geforce RTX 3060TI con 8GB de memoria GDDR6 (MSI, Zotac, Gigabyte o Asus seg\u00fan disponibilidad).<\/p>\n<p>Memoria RAM: 16GB (3000MHz) DDR4-SDRAM (2 x 8GB) o 32GB (2x16GB)<\/p>\n<p>Disco duro: SSD M2 de 500GB NVME Western Digital Blue<\/p>\n<p>Fuente de alimentaci\u00f3n: EVGA 650W Gold + MODULAR<\/p>\n<p>Almacenamiento \u00f3ptico no incluido<\/p>\n<p>Caja: Cooler Master TD300<\/p>\n<p>Refrigeraci\u00f3n l\u00edquida<\/p>\n<p>Sistema Operativo: Microsoft Windows 11 Pro 64bits<\/p>\n<p>Montaje, testeo, instalaci\u00f3n de sistema, drivers, pack de programas, configuraci\u00f3n y optimizaci\u00f3n de BIOS.<\/p>\n<p>Garant\u00eda de 3 a\u00f1os.<\/p>\n<p>Tiempo de montaje de 2 a 5 d\u00edas laborables desde fecha de pedido.<\/p>\n<p><strong>\u00a0<\/strong><\/p>\n<p style=\"text-align: center;\"><span style=\"color: #99cc00;\"><strong>Caracter\u00edsticas del ordenador i7 12700KF con RTX 3060TI y 500GB NVME 4.0<\/strong><\/span><\/p>\n<p><img data-recalc-dims=\"1\" loading=\"lazy\" decoding=\"async\" class=\"aligncenter wp-image-11054\" src=\"https:\/\/i0.wp.com\/www.pcmadrid.es\/tienda\/wp-content\/uploads\/2021\/05\/12700.webp?resize=498%2C498&#038;ssl=1\" alt=\"\" width=\"498\" height=\"498\" srcset=\"https:\/\/i0.wp.com\/www.pcmadrid.es\/tienda\/wp-content\/uploads\/2021\/05\/12700.webp?w=800&amp;ssl=1 800w, https:\/\/i0.wp.com\/www.pcmadrid.es\/tienda\/wp-content\/uploads\/2021\/05\/12700.webp?resize=300%2C300&amp;ssl=1 300w, https:\/\/i0.wp.com\/www.pcmadrid.es\/tienda\/wp-content\/uploads\/2021\/05\/12700.webp?resize=150%2C150&amp;ssl=1 150w, https:\/\/i0.wp.com\/www.pcmadrid.es\/tienda\/wp-content\/uploads\/2021\/05\/12700.webp?resize=768%2C768&amp;ssl=1 768w, https:\/\/i0.wp.com\/www.pcmadrid.es\/tienda\/wp-content\/uploads\/2021\/05\/12700.webp?resize=65%2C65&amp;ssl=1 65w, https:\/\/i0.wp.com\/www.pcmadrid.es\/tienda\/wp-content\/uploads\/2021\/05\/12700.webp?resize=600%2C600&amp;ssl=1 600w, https:\/\/i0.wp.com\/www.pcmadrid.es\/tienda\/wp-content\/uploads\/2021\/05\/12700.webp?resize=100%2C100&amp;ssl=1 100w\" sizes=\"(max-width: 498px) 100vw, 498px\" \/><\/p>\n<ul>\n<li><strong>Procesador Intel i7 12700K de duod\u00e9cima generaci\u00f3n de Intel:<\/strong><\/li>\n<\/ul>\n<p><strong>Rendimiento<\/strong><\/p>\n<ul>\n<li>N\u00facleos: 12<\/li>\n<li>Hilos: 20<\/li>\n<li>Frecuencia base del procesador: 3,60 GHz<\/li>\n<li>Frecuencia turbo m\u00e1xima: 5,00 GHz<\/li>\n<li>Cach\u00e9: 25 MB Intel\u00ae Smart Cache<\/li>\n<li>Tecnolog\u00eda PCI 4.0<\/li>\n<li>TDP: 125 W<\/li>\n<\/ul>\n<ul>\n<li><strong>16 GB de memoria RAM y 500GB de almacenamiento NVMe 4.0<\/strong><\/li>\n<\/ul>\n<p>16GB en dos m\u00f3dulos de Memoria RAM DDR4 a la velocidad de 3000Mhz, aprovechando la tecnolog\u00eda Dual Channel, aunque siempre con la posibilidad de a\u00f1adir algo m\u00e1s si fuera necesario. Estos m\u00f3dulos est\u00e1n recubiertos de difusores t\u00e9rmicos de aluminio, as\u00ed permitiendo una disipaci\u00f3n del calor m\u00e1s r\u00e1pida y eficaz. Los discos duros SSD WD Blue SN550 del tipo PCIe NVMe con formato M2 2280 son ideales para equipos con limitaciones de espacio libre, con velocidades de lectura secuenciales de hasta 2,600 MB\/s para ser m\u00e1s productivo en el dise\u00f1o o cargar m\u00e1s r\u00e1pidos tus juegos. Siendo hasta 4 veces superior a la de nuestros mejores SSD SATA, ofrecen una alta velocidad de respuesta y latencia ultra-baja.<\/p>\n<p style=\"text-align: center;\"><span style=\"color: #99cc00;\"><strong>Ordenador con tarjeta gr\u00e1fica NVidia GeForce RTX 3060TI de 8GB<\/strong><\/span><\/p>\n<ul>\n<li><strong>Tarjeta gr\u00e1fica NVidia GeForce RTX 3060TI 8GB GDDR6<\/strong><\/li>\n<\/ul>\n<p><img data-recalc-dims=\"1\" loading=\"lazy\" decoding=\"async\" class=\"wp-image-7573 aligncenter\" src=\"https:\/\/i0.wp.com\/www.pcmadrid.es\/tienda\/wp-content\/uploads\/2021\/01\/3060ti.jpg?resize=700%2C368&#038;ssl=1\" alt=\"Tarjeta gr\u00e1fica dise\u00f1o gaming 3060ti NVidia \" width=\"700\" height=\"368\" srcset=\"https:\/\/i0.wp.com\/www.pcmadrid.es\/tienda\/wp-content\/uploads\/2021\/01\/3060ti.jpg?w=1200&amp;ssl=1 1200w, https:\/\/i0.wp.com\/www.pcmadrid.es\/tienda\/wp-content\/uploads\/2021\/01\/3060ti.jpg?resize=300%2C158&amp;ssl=1 300w, https:\/\/i0.wp.com\/www.pcmadrid.es\/tienda\/wp-content\/uploads\/2021\/01\/3060ti.jpg?resize=1024%2C538&amp;ssl=1 1024w, https:\/\/i0.wp.com\/www.pcmadrid.es\/tienda\/wp-content\/uploads\/2021\/01\/3060ti.jpg?resize=768%2C403&amp;ssl=1 768w, https:\/\/i0.wp.com\/www.pcmadrid.es\/tienda\/wp-content\/uploads\/2021\/01\/3060ti.jpg?resize=600%2C315&amp;ssl=1 600w\" sizes=\"(max-width: 700px) 100vw, 700px\" \/><\/p>\n<p>La tarjeta gr\u00e1fica NVidia GeForce 3060TI, dando entrada a las GPU RTX de la serie 30, cuenta con la potencia de Ampere, la arquitectura RTX de 2\u00aa generaci\u00f3n de NVIDIA. Llevando tus proyectos creativos a un nuevo nivel, ofrece aceleraci\u00f3n por IA en las mejores aplicaciones creativas, respaldado por la plataforma NVIDIA Studio de controladores dedicados y herramientas exclusivas. Tanto si renderizas escenas complejas en 3D, editas v\u00eddeo 8K o transmites en directo con la mejor codificaci\u00f3n y calidad de imagen, las GPU GeForce RTX te ofrecen el rendimiento necesario para crear lo mejor.<\/p>\n<p><img data-recalc-dims=\"1\" loading=\"lazy\" decoding=\"async\" class=\"aligncenter wp-image-7574\" src=\"https:\/\/i0.wp.com\/www.pcmadrid.es\/tienda\/wp-content\/uploads\/2021\/01\/3060ti-spec.jpg?resize=500%2C241&#038;ssl=1\" alt=\"Especificaciones 3060TI para dise\u00f1o gr\u00e1fico y gaming\" width=\"500\" height=\"241\" srcset=\"https:\/\/i0.wp.com\/www.pcmadrid.es\/tienda\/wp-content\/uploads\/2021\/01\/3060ti-spec.jpg?w=781&amp;ssl=1 781w, https:\/\/i0.wp.com\/www.pcmadrid.es\/tienda\/wp-content\/uploads\/2021\/01\/3060ti-spec.jpg?resize=300%2C145&amp;ssl=1 300w, https:\/\/i0.wp.com\/www.pcmadrid.es\/tienda\/wp-content\/uploads\/2021\/01\/3060ti-spec.jpg?resize=768%2C371&amp;ssl=1 768w, https:\/\/i0.wp.com\/www.pcmadrid.es\/tienda\/wp-content\/uploads\/2021\/01\/3060ti-spec.jpg?resize=600%2C290&amp;ssl=1 600w\" sizes=\"(max-width: 500px) 100vw, 500px\" \/><\/p>\n<ul>\n<li><strong>La placa base\u00a0 B660<\/strong><\/li>\n<\/ul>\n<ul>\n<li>Todo ello alimentando por una <strong>fuente de alimentaci\u00f3n EVGA Modular Gold+ de 650W.<\/strong><\/li>\n<\/ul>\n<ul>\n<li>Incluye <strong>Windows 11 Pro configurado y Office 2021 Plus<\/strong>, ambos con licencias originales.<\/li>\n<\/ul>\n<p>&nbsp;<\/p>\n<p style=\"text-align: center;\">En <strong>PCMADRID<\/strong> realizamos el montaje, testeo de componentes y la instalaci\u00f3n del sistema operativo Windows 11 Pro, realizando a su vez la instalaci\u00f3n de librer\u00edas, drivers, \u00faltimos parches disponibles, actualizaci\u00f3n y optimizaci\u00f3n de BIOS y perfiles OC de memoria RAM.<\/p>\n<p style=\"text-align: center;\">El ordenador queda listo para que el usuario instale sus programas o juegos y pueda disfrutar de su potencia y velocidad. Adem\u00e1s, con nuestra garant\u00eda de 2 a\u00f1os, podr\u00e1 disfrutar de la tranquilidad de disponer de soporte ante cualquier problema.<\/p>\n<p style=\"text-align: center;\"><span style=\"color: #99cc00;\"><strong>Ordenador dise\u00f1o gr\u00e1fico i7 11700K RTX 3060TI y 500 GB NVME 4.0<\/strong><\/span><\/p>\n","protected":false},"excerpt":{"rendered":"<p>Ordenador <strong>PC sobremesa de alta gama<\/strong> para <strong>dise\u00f1o gr\u00e1fico, edici\u00f3n de v\u00eddeo y Gaming<\/strong>, <strong>Intel Core i7 12700K<\/strong> de und\u00e9cima generaci\u00f3n acompa\u00f1ado de la tarjeta<strong> gr\u00e1fica NVidia Geforce RTX 3060TI de 8GB de memoria GDDR6, 16GB de memoria RAM, M.2 NVME de 500GB<\/strong>. Componentes de primeras marcas y garant\u00eda de 3 a\u00f1os. Con licencia <strong>Windows 11 Pro original y Microsoft Office 2021 Professional<\/strong> incluidas.<\/p>\n","protected":false},"featured_media":11056,"comment_status":"open","ping_status":"closed","template":"","meta":{"_et_pb_use_builder":"","_et_pb_old_content":"","_et_gb_content_width":""},"product_brand":[],"product_cat":[102,381,94,65],"product_tag":[],"class_list":{"0":"post-7570","1":"product","2":"type-product","3":"status-publish","4":"has-post-thumbnail","6":"product_cat-comprar-ordenadores","7":"product_cat-pc-profesional","8":"product_cat-pc-sobremesa","9":"product_cat-todos","11":"first","12":"instock","13":"taxable","14":"shipping-taxable","15":"purchasable","16":"product-type-variable","17":"has-default-attributes"},"yoast_head":"<!-- This site is optimized with the Yoast SEO plugin v26.5 - https:\/\/yoast.com\/wordpress\/plugins\/seo\/ -->\n<title>Ordenador i7 12700KF RTX 3060TI 16GB DDR4 \u2013 W10 | PCMADRID<\/title>\n<meta name=\"description\" content=\"Ordenador i7 12700K RTX 3060TI para dise\u00f1o gr\u00e1fico con SSD NVMe 500GB y 16 GB RAM. Compra el PC perfecto para dise\u00f1ar, editar y jugar.\" \/>\n<meta name=\"robots\" content=\"index, follow, max-snippet:-1, max-image-preview:large, max-video-preview:-1\" \/>\n<link rel=\"canonical\" href=\"https:\/\/www.pcmadrid.es\/tienda\/producto\/ordenador-i7-12700k-rtx-3060-16gb-ddr4-w10\/\" \/>\n<meta name=\"twitter:label1\" content=\"Tiempo de lectura\" \/>\n\t<meta name=\"twitter:data1\" content=\"4 minutos\" \/>\n<script type=\"application\/ld+json\" class=\"yoast-schema-graph\">{\"@context\":\"https:\/\/schema.org\",\"@graph\":[{\"@type\":\"WebPage\",\"@id\":\"https:\/\/www.pcmadrid.es\/tienda\/producto\/ordenador-i7-12700k-rtx-3060-16gb-ddr4-w10\/\",\"url\":\"https:\/\/www.pcmadrid.es\/tienda\/producto\/ordenador-i7-12700k-rtx-3060-16gb-ddr4-w10\/\",\"name\":\"Ordenador i7 12700KF RTX 3060TI 16GB DDR4 \u2013 W10 | PCMADRID\",\"isPartOf\":{\"@id\":\"https:\/\/www.pcmadrid.es\/tienda\/#website\"},\"primaryImageOfPage\":{\"@id\":\"https:\/\/www.pcmadrid.es\/tienda\/producto\/ordenador-i7-12700k-rtx-3060-16gb-ddr4-w10\/#primaryimage\"},\"image\":{\"@id\":\"https:\/\/www.pcmadrid.es\/tienda\/producto\/ordenador-i7-12700k-rtx-3060-16gb-ddr4-w10\/#primaryimage\"},\"thumbnailUrl\":\"https:\/\/i0.wp.com\/www.pcmadrid.es\/tienda\/wp-content\/uploads\/2021\/02\/CM-TD300.jpg?fit=800%2C800&ssl=1\",\"datePublished\":\"2021-02-02T16:18:34+00:00\",\"dateModified\":\"2024-10-30T19:09:06+00:00\",\"description\":\"Ordenador i7 12700K RTX 3060TI para dise\u00f1o gr\u00e1fico con SSD NVMe 500GB y 16 GB RAM. Compra el PC perfecto para dise\u00f1ar, editar y jugar.\",\"breadcrumb\":{\"@id\":\"https:\/\/www.pcmadrid.es\/tienda\/producto\/ordenador-i7-12700k-rtx-3060-16gb-ddr4-w10\/#breadcrumb\"},\"inLanguage\":\"es\",\"potentialAction\":[{\"@type\":\"ReadAction\",\"target\":[\"https:\/\/www.pcmadrid.es\/tienda\/producto\/ordenador-i7-12700k-rtx-3060-16gb-ddr4-w10\/\"]}]},{\"@type\":\"ImageObject\",\"inLanguage\":\"es\",\"@id\":\"https:\/\/www.pcmadrid.es\/tienda\/producto\/ordenador-i7-12700k-rtx-3060-16gb-ddr4-w10\/#primaryimage\",\"url\":\"https:\/\/i0.wp.com\/www.pcmadrid.es\/tienda\/wp-content\/uploads\/2021\/02\/CM-TD300.jpg?fit=800%2C800&ssl=1\",\"contentUrl\":\"https:\/\/i0.wp.com\/www.pcmadrid.es\/tienda\/wp-content\/uploads\/2021\/02\/CM-TD300.jpg?fit=800%2C800&ssl=1\",\"width\":800,\"height\":800},{\"@type\":\"BreadcrumbList\",\"@id\":\"https:\/\/www.pcmadrid.es\/tienda\/producto\/ordenador-i7-12700k-rtx-3060-16gb-ddr4-w10\/#breadcrumb\",\"itemListElement\":[{\"@type\":\"ListItem\",\"position\":1,\"name\":\"Portada\",\"item\":\"https:\/\/www.pcmadrid.es\/tienda\/\"},{\"@type\":\"ListItem\",\"position\":2,\"name\":\"Todos los productos\",\"item\":\"https:\/\/www.pcmadrid.es\/tienda\/todos-los-productos\/\"},{\"@type\":\"ListItem\",\"position\":3,\"name\":\"Ordenador i7 12700KF RTX 3060TI 16GB DDR4 \u2013 W10\"}]},{\"@type\":\"WebSite\",\"@id\":\"https:\/\/www.pcmadrid.es\/tienda\/#website\",\"url\":\"https:\/\/www.pcmadrid.es\/tienda\/\",\"name\":\"Tienda PCMADRID\",\"description\":\"Venta y reparaciones de ordenadores\",\"publisher\":{\"@id\":\"https:\/\/www.pcmadrid.es\/tienda\/#organization\"},\"potentialAction\":[{\"@type\":\"SearchAction\",\"target\":{\"@type\":\"EntryPoint\",\"urlTemplate\":\"https:\/\/www.pcmadrid.es\/tienda\/?s={search_term_string}\"},\"query-input\":{\"@type\":\"PropertyValueSpecification\",\"valueRequired\":true,\"valueName\":\"search_term_string\"}}],\"inLanguage\":\"es\"},{\"@type\":\"Organization\",\"@id\":\"https:\/\/www.pcmadrid.es\/tienda\/#organization\",\"name\":\"PCMADRID\",\"url\":\"https:\/\/www.pcmadrid.es\/tienda\/\",\"logo\":{\"@type\":\"ImageObject\",\"inLanguage\":\"es\",\"@id\":\"https:\/\/www.pcmadrid.es\/tienda\/#\/schema\/logo\/image\/\",\"url\":\"https:\/\/i0.wp.com\/www.pcmadrid.es\/tienda\/wp-content\/uploads\/2019\/10\/pcmadridlogo..png?fit=750%2C300&ssl=1\",\"contentUrl\":\"https:\/\/i0.wp.com\/www.pcmadrid.es\/tienda\/wp-content\/uploads\/2019\/10\/pcmadridlogo..png?fit=750%2C300&ssl=1\",\"width\":750,\"height\":300,\"caption\":\"PCMADRID\"},\"image\":{\"@id\":\"https:\/\/www.pcmadrid.es\/tienda\/#\/schema\/logo\/image\/\"},\"sameAs\":[\"https:\/\/www.facebook.com\/pcmadridinformatica\",\"https:\/\/x.com\/pc_madrid\",\"https:\/\/www.youtube.com\/channel\/UCIbQq9k6BBrU5x2wqDIHr7A\",\"https:\/\/www.instagram.com\/pcmadrid_informatica\/?hl=es\",\"https:\/\/www.linkedin.com\/company\/9348326\/admin\/\",\"https:\/\/www.pinterest.es\/pcmadrid_informatica\/\"]}]}<\/script>\n<!-- \/ Yoast SEO plugin. -->","yoast_head_json":{"title":"Ordenador i7 12700KF RTX 3060TI 16GB DDR4 \u2013 W10 | PCMADRID","description":"Ordenador i7 12700K RTX 3060TI para dise\u00f1o gr\u00e1fico con SSD NVMe 500GB y 16 GB RAM. Compra el PC perfecto para dise\u00f1ar, editar y jugar.","robots":{"index":"index","follow":"follow","max-snippet":"max-snippet:-1","max-image-preview":"max-image-preview:large","max-video-preview":"max-video-preview:-1"},"canonical":"https:\/\/www.pcmadrid.es\/tienda\/producto\/ordenador-i7-12700k-rtx-3060-16gb-ddr4-w10\/","twitter_misc":{"Tiempo de lectura":"4 minutos"},"schema":{"@context":"https:\/\/schema.org","@graph":[{"@type":"WebPage","@id":"https:\/\/www.pcmadrid.es\/tienda\/producto\/ordenador-i7-12700k-rtx-3060-16gb-ddr4-w10\/","url":"https:\/\/www.pcmadrid.es\/tienda\/producto\/ordenador-i7-12700k-rtx-3060-16gb-ddr4-w10\/","name":"Ordenador i7 12700KF RTX 3060TI 16GB DDR4 \u2013 W10 | PCMADRID","isPartOf":{"@id":"https:\/\/www.pcmadrid.es\/tienda\/#website"},"primaryImageOfPage":{"@id":"https:\/\/www.pcmadrid.es\/tienda\/producto\/ordenador-i7-12700k-rtx-3060-16gb-ddr4-w10\/#primaryimage"},"image":{"@id":"https:\/\/www.pcmadrid.es\/tienda\/producto\/ordenador-i7-12700k-rtx-3060-16gb-ddr4-w10\/#primaryimage"},"thumbnailUrl":"https:\/\/i0.wp.com\/www.pcmadrid.es\/tienda\/wp-content\/uploads\/2021\/02\/CM-TD300.jpg?fit=800%2C800&ssl=1","datePublished":"2021-02-02T16:18:34+00:00","dateModified":"2024-10-30T19:09:06+00:00","description":"Ordenador i7 12700K RTX 3060TI para dise\u00f1o gr\u00e1fico con SSD NVMe 500GB y 16 GB RAM. Compra el PC perfecto para dise\u00f1ar, editar y jugar.","breadcrumb":{"@id":"https:\/\/www.pcmadrid.es\/tienda\/producto\/ordenador-i7-12700k-rtx-3060-16gb-ddr4-w10\/#breadcrumb"},"inLanguage":"es","potentialAction":[{"@type":"ReadAction","target":["https:\/\/www.pcmadrid.es\/tienda\/producto\/ordenador-i7-12700k-rtx-3060-16gb-ddr4-w10\/"]}]},{"@type":"ImageObject","inLanguage":"es","@id":"https:\/\/www.pcmadrid.es\/tienda\/producto\/ordenador-i7-12700k-rtx-3060-16gb-ddr4-w10\/#primaryimage","url":"https:\/\/i0.wp.com\/www.pcmadrid.es\/tienda\/wp-content\/uploads\/2021\/02\/CM-TD300.jpg?fit=800%2C800&ssl=1","contentUrl":"https:\/\/i0.wp.com\/www.pcmadrid.es\/tienda\/wp-content\/uploads\/2021\/02\/CM-TD300.jpg?fit=800%2C800&ssl=1","width":800,"height":800},{"@type":"BreadcrumbList","@id":"https:\/\/www.pcmadrid.es\/tienda\/producto\/ordenador-i7-12700k-rtx-3060-16gb-ddr4-w10\/#breadcrumb","itemListElement":[{"@type":"ListItem","position":1,"name":"Portada","item":"https:\/\/www.pcmadrid.es\/tienda\/"},{"@type":"ListItem","position":2,"name":"Todos los productos","item":"https:\/\/www.pcmadrid.es\/tienda\/todos-los-productos\/"},{"@type":"ListItem","position":3,"name":"Ordenador i7 12700KF RTX 3060TI 16GB DDR4 \u2013 W10"}]},{"@type":"WebSite","@id":"https:\/\/www.pcmadrid.es\/tienda\/#website","url":"https:\/\/www.pcmadrid.es\/tienda\/","name":"Tienda PCMADRID","description":"Venta y reparaciones de ordenadores","publisher":{"@id":"https:\/\/www.pcmadrid.es\/tienda\/#organization"},"potentialAction":[{"@type":"SearchAction","target":{"@type":"EntryPoint","urlTemplate":"https:\/\/www.pcmadrid.es\/tienda\/?s={search_term_string}"},"query-input":{"@type":"PropertyValueSpecification","valueRequired":true,"valueName":"search_term_string"}}],"inLanguage":"es"},{"@type":"Organization","@id":"https:\/\/www.pcmadrid.es\/tienda\/#organization","name":"PCMADRID","url":"https:\/\/www.pcmadrid.es\/tienda\/","logo":{"@type":"ImageObject","inLanguage":"es","@id":"https:\/\/www.pcmadrid.es\/tienda\/#\/schema\/logo\/image\/","url":"https:\/\/i0.wp.com\/www.pcmadrid.es\/tienda\/wp-content\/uploads\/2019\/10\/pcmadridlogo..png?fit=750%2C300&ssl=1","contentUrl":"https:\/\/i0.wp.com\/www.pcmadrid.es\/tienda\/wp-content\/uploads\/2019\/10\/pcmadridlogo..png?fit=750%2C300&ssl=1","width":750,"height":300,"caption":"PCMADRID"},"image":{"@id":"https:\/\/www.pcmadrid.es\/tienda\/#\/schema\/logo\/image\/"},"sameAs":["https:\/\/www.facebook.com\/pcmadridinformatica","https:\/\/x.com\/pc_madrid","https:\/\/www.youtube.com\/channel\/UCIbQq9k6BBrU5x2wqDIHr7A","https:\/\/www.instagram.com\/pcmadrid_informatica\/?hl=es","https:\/\/www.linkedin.com\/company\/9348326\/admin\/","https:\/\/www.pinterest.es\/pcmadrid_informatica\/"]}]}},"jetpack_sharing_enabled":true,"_links":{"self":[{"href":"https:\/\/www.pcmadrid.es\/tienda\/wp-json\/wp\/v2\/product\/7570","targetHints":{"allow":["GET"]}}],"collection":[{"href":"https:\/\/www.pcmadrid.es\/tienda\/wp-json\/wp\/v2\/product"}],"about":[{"href":"https:\/\/www.pcmadrid.es\/tienda\/wp-json\/wp\/v2\/types\/product"}],"replies":[{"embeddable":true,"href":"https:\/\/www.pcmadrid.es\/tienda\/wp-json\/wp\/v2\/comments?post=7570"}],"wp:featuredmedia":[{"embeddable":true,"href":"https:\/\/www.pcmadrid.es\/tienda\/wp-json\/wp\/v2\/media\/11056"}],"wp:attachment":[{"href":"https:\/\/www.pcmadrid.es\/tienda\/wp-json\/wp\/v2\/media?parent=7570"}],"wp:term":[{"taxonomy":"product_brand","embeddable":true,"href":"https:\/\/www.pcmadrid.es\/tienda\/wp-json\/wp\/v2\/product_brand?post=7570"},{"taxonomy":"product_cat","embeddable":true,"href":"https:\/\/www.pcmadrid.es\/tienda\/wp-json\/wp\/v2\/product_cat?post=7570"},{"taxonomy":"product_tag","embeddable":true,"href":"https:\/\/www.pcmadrid.es\/tienda\/wp-json\/wp\/v2\/product_tag?post=7570"}],"curies":[{"name":"wp","href":"https:\/\/api.w.org\/{rel}","templated":true}]}}