{"id":7924,"date":"2021-01-30T22:01:05","date_gmt":"2021-01-30T21:01:05","guid":{"rendered":"https:\/\/www.pcmadrid.es\/tienda\/?post_type=product&#038;p=7924"},"modified":"2026-02-17T10:55:02","modified_gmt":"2026-02-17T09:55:02","slug":"portatil-teletrabajo-hp-250-g9-i3-12a-gen","status":"publish","type":"product","link":"https:\/\/www.pcmadrid.es\/tienda\/producto\/portatil-teletrabajo-hp-250-g9-i3-12a-gen\/","title":{"rendered":"Port\u00e1til Teletrabajo HP 250 G9 (i3 12\u00aa Gen, 8-16GB RAM, 256-512GB SSD)"},"content":{"rendered":"<p>&nbsp;<\/p>\n<h2 style=\"text-align: center;\"><span style=\"color: #99cc00;\">Port\u00e1til Teletrabajo HP 250R G9 (i3 13\u00aa Gen, 8-16GB RAM, 256-512GB SSD)<\/span><\/h2>\n<p style=\"text-align: justify;\">Port\u00e1til Teletrabajo <span style=\"color: #99cc00;\"><strong>HP 250R G9 <\/strong><\/span>con <span style=\"color: #99cc00;\"><strong><a style=\"color: #99cc00;\" href=\"https:\/\/www.intel.la\/content\/www\/xl\/es\/products\/sku\/232136\/intel-core-i31315u-processor-10m-cache-up-to-4-50-ghz\/specifications.html\">i3 13\u00aa Gen<\/a><\/strong><\/span>, potente y vers\u00e1til a buen precio. Con pantalla de 15.6&#8243;, procesador Intel i3 de 13\u00aa generaci\u00f3n, 8 a 16GB de RAM y 256 a 512GB SSD configurable. Combina rendimiento y eficiencia en un dise\u00f1o muy duradero a la vez ligero y fino. Ideal para oficina, teletrabajo o entretenimiento por su gran autonom\u00eda con bater\u00eda de larga duraci\u00f3n y una amplia pantalla para que puedas navegar y completar tareas con rapidez.<\/p>\n<p><img data-recalc-dims=\"1\" loading=\"lazy\" decoding=\"async\" class=\"aligncenter wp-image-11071\" src=\"https:\/\/i0.wp.com\/www.pcmadrid.es\/tienda\/wp-content\/uploads\/2021\/01\/art_hpp-pro-6f1z7ea_1.jpg?resize=721%2C721&#038;ssl=1\" alt=\"Port\u00e1til Teletrabajo HP 250 G9 (i3 12\u00aa Gen, 8-16GB RAM, 256-512GB SSD) potente y vers\u00e1til a buen precio\" width=\"721\" height=\"721\" srcset=\"https:\/\/i0.wp.com\/www.pcmadrid.es\/tienda\/wp-content\/uploads\/2021\/01\/art_hpp-pro-6f1z7ea_1.jpg?w=800&amp;ssl=1 800w, https:\/\/i0.wp.com\/www.pcmadrid.es\/tienda\/wp-content\/uploads\/2021\/01\/art_hpp-pro-6f1z7ea_1.jpg?resize=300%2C300&amp;ssl=1 300w, https:\/\/i0.wp.com\/www.pcmadrid.es\/tienda\/wp-content\/uploads\/2021\/01\/art_hpp-pro-6f1z7ea_1.jpg?resize=150%2C150&amp;ssl=1 150w, https:\/\/i0.wp.com\/www.pcmadrid.es\/tienda\/wp-content\/uploads\/2021\/01\/art_hpp-pro-6f1z7ea_1.jpg?resize=768%2C768&amp;ssl=1 768w, https:\/\/i0.wp.com\/www.pcmadrid.es\/tienda\/wp-content\/uploads\/2021\/01\/art_hpp-pro-6f1z7ea_1.jpg?resize=65%2C65&amp;ssl=1 65w, https:\/\/i0.wp.com\/www.pcmadrid.es\/tienda\/wp-content\/uploads\/2021\/01\/art_hpp-pro-6f1z7ea_1.jpg?resize=600%2C600&amp;ssl=1 600w, https:\/\/i0.wp.com\/www.pcmadrid.es\/tienda\/wp-content\/uploads\/2021\/01\/art_hpp-pro-6f1z7ea_1.jpg?resize=100%2C100&amp;ssl=1 100w\" sizes=\"(max-width: 721px) 100vw, 721px\" \/><\/p>\n<h2><span style=\"color: #99cc00;\">Port\u00e1til Teletrabajo <\/span><span style=\"color: #99cc00;\">HP 250 G9 (i3 12\u00aa Gen, 8-16GB RAM, 256-512GB SSD) <\/span><span style=\"color: #99cc00;\">potente y vers\u00e1til a buen precio<\/span><\/h2>\n<p style=\"text-align: justify;\"><span style=\"text-align: justify;\">Adaptado a cualquier presupuesto. Preparado para cualquier tipo de empresa. Con\u00e9ctate con el\u00a0<\/span><span style=\"color: #99cc00;\"><strong><a style=\"color: #99cc00;\" href=\"https:\/\/support.hp.com\/es-es\/document\/ish_5846933-5858273-16\">PC port\u00e1til HP 250 G9<\/a>\u00a0<\/strong><\/span><span style=\"text-align: justify;\">de precio econ\u00f3mico que incluye la tecnolog\u00eda m\u00e1s reciente y un chasis duradero que asegura protecci\u00f3n diaria. El HP 250 G9 es el compa\u00f1ero perfecto para el teletrabajo y entretenimiento. Equipado con un procesador Intel Core i3 de 12\u00aa generaci\u00f3n, gr\u00e1ficos Intel UHD y\u00a0 de 8 a 16 GB de RAM configurable, permite realizar tareas empresariales y multimedia con fluidez. Su pantalla Full HD de 15.6 pulgadas ofrece im\u00e1genes n\u00edtidas, mientras que la unidad SSD de 256 a 512 GB configurable garantiza arranques y carga de aplicaciones en segundos. Con Wi-Fi 6 y Bluetooth 5.0, conecta f\u00e1cilmente tus dispositivos y redes.\u00a0 Listo para usar con Windows 11 Pro y Office 2021 Pro, es la herramienta vers\u00e1til que necesitas. No dejes escapar este HP 250. T\u00fa decides: trabajo o entretenimiento est\u00e9s donde est\u00e9s gracias a su gran duraci\u00f3n de la bater\u00eda.<\/span><\/p>\n<p style=\"padding-left: 40px; text-align: justify;\"><span style=\"color: #99cc00;\">Procesador Intel\u00ae Core\u2122 de \u00faltima generaci\u00f3n. <\/span>Un procesador Intel\u00ae Core\u2122 de duod\u00e9cima generaci\u00f3n garantiza que tus programas se ejecuten con el m\u00e1ximo rendimiento. Incluso con aplicaciones exigentes, tu port\u00e1til funciona con la mayor eficiencia debido a la arquitectura mejorada del procesador. Incluye chip de seguridad TMP 2.0 compatible con Windows 11.Es ideal para una amplia variedad de tareas diarias.<\/p>\n<p style=\"padding-left: 40px; text-align: justify;\"><span style=\"color: #99cc00;\">Los gr\u00e1ficos Intel\u00ae UHD dan vida al entretenimiento.\u00a0 <\/span>Los gr\u00e1ficos Intel\u00ae UHD garantizan im\u00e1genes impresionantes. Vea como los videos, las im\u00e1genes y los medios cobran vida con una claridad din\u00e1mica y\u00a0\u00a0fluida. Sum\u00e9rjase directamente en la edici\u00f3n detallada de fotograf\u00edas y videos. Obtenga un rendimiento visual que cumpla con sus expectativas.<\/p>\n<p style=\"padding-left: 40px; text-align: justify;\"><span style=\"color: #99cc00;\">Espacio suficiente para todos tus datos. <\/span>La\u00a0 memoria\u00a0 SSD\u00a0 acelera el\u00a0 sistema\u00a0 acortando\u00a0 los\u00a0 tiempos\u00a0 de\u00a0 inicio\u00a0 y\u00a0 carga\u00a0 de\u00a0 los\u00a0programas y archivos. Tras encender el port\u00e1til, comienza de forma casi\u00a0\u00a0autom\u00e1tica a utilizarlo. Significativamente m\u00e1s eficiente.<\/p>\n<p style=\"padding-left: 40px; text-align: justify;\"><span style=\"color: #99cc00;\">Bater\u00eda de larga duraci\u00f3n.\u00a0 <\/span>El\u00a0 HP G9\u00a0 acompa\u00f1a a todos los profesionales durante toda su jornada laboral de teletrabajo.<\/p>\n<h3><span style=\"color: #99cc00;\">Especificaciones Port\u00e1til Teletrabajo HP 250 G9 (i3 12\u00aa Gen, 8-16GB RAM, 256-512GB SSD)<\/span><\/h3>\n<table style=\"width: 100%; border-collapse: collapse;\" border=\"1\">\n<thead>\n<tr>\n<th style=\"background-color: #f0f0f0; text-align: left; padding-left: 20px; width: 100%;\" colspan=\"2\"><span style=\"font-size: 14pt;\"><strong>Caracter\u00edsticas del Port\u00e1til<\/strong><\/span><\/th>\n<\/tr>\n<\/thead>\n<tbody>\n<tr>\n<td style=\"padding-left: 20px; width: 29.9338%;\">Procesador<\/td>\n<td style=\"padding-left: 20px; padding-right: 5px; width: 70.0662%;\"><span style=\"color: #99cc00;\"><strong><a style=\"color: #99cc00;\" href=\"https:\/\/ark.intel.com\/content\/www\/xl\/es\/ark\/products\/226263\/intel-core-i3-1215u-processor-10m-cache-up-to-4-40-ghz.html\">Intel\u00ae Core\u2122 i3-1215U<\/a><\/strong><\/span> (3.30 GHz, hasta 4.40 GHz, 6 n\u00facleos, 8 subprocesos &amp; 10 MB cach\u00e9) con Intel UHD Graphics<\/td>\n<\/tr>\n<tr>\n<td style=\"padding-left: 20px; width: 29.9338%;\">Memoria RAM<\/td>\n<td style=\"padding-left: 20px; padding-right: 5px; width: 70.0662%;\">8 GB DDR4 (ampliable hasta 16GB) para multitarea eficiente<\/td>\n<\/tr>\n<tr>\n<td style=\"padding-left: 20px; width: 29.9338%;\">Almacenamiento<\/td>\n<td style=\"padding-left: 20px; padding-right: 5px; width: 70.0662%;\">256 GB SATA SSD M.2 NVMe (opci\u00f3n de ampliar hasta 512GB)<\/td>\n<\/tr>\n<tr>\n<td style=\"padding-left: 20px; width: 29.9338%;\">Pantalla<\/td>\n<td style=\"padding-left: 20px; padding-right: 5px; width: 70.0662%;\">15,6\u201d (39.6 cm) Full HD (1920 x 1080), SVA, im\u00e1genes n\u00edtidas y colores vivos<\/td>\n<\/tr>\n<tr>\n<td style=\"padding-left: 20px; width: 29.9338%;\">Teclado<\/td>\n<td style=\"padding-left: 20px; padding-right: 5px; width: 70.0662%;\">Con bloque num\u00e9rico<\/td>\n<\/tr>\n<tr>\n<td style=\"padding-left: 20px; width: 29.9338%;\">Gr\u00e1ficos<\/td>\n<td style=\"padding-left: 20px; padding-right: 5px; width: 70.0662%;\">Intel UHD, calidad visual detallada para multimedia y edici\u00f3n ligera<\/td>\n<\/tr>\n<tr>\n<td style=\"padding-left: 20px; width: 29.9338%;\">Sistema multimedia<\/td>\n<td style=\"padding-left: 20px; padding-right: 5px; width: 70.0662%;\">Webcam HD, micr\u00f3fono y altavoces integrados para una experiencia de sonido clara<\/td>\n<\/tr>\n<tr>\n<td style=\"padding-left: 20px; width: 29.9338%;\">Conexi\u00f3n de red<\/td>\n<td style=\"padding-left: 20px; padding-right: 5px; width: 70.0662%;\">Intel\u00ae Wi-Fi 6 AX201 y Bluetooth 5.0 para conexi\u00f3n r\u00e1pida y estable<\/td>\n<\/tr>\n<tr>\n<td style=\"padding-left: 20px; width: 29.9338%;\">Conexiones<\/td>\n<td style=\"padding-left: 20px; padding-right: 5px; width: 70.0662%;\">1 x USB-C 3.2 con funci\u00f3n DisplayPort, 2 x USB 3.2 Gen 1 Tipo A, 1 x USB 2.0 Tipo A, 1 x HDMI (1.4Gb), 1 x Ethernet RJ45, 1 x Lector tarjeta SD, 1 x Audio Combo, 1 x DC-in<\/td>\n<\/tr>\n<tr>\n<td style=\"padding-left: 20px; width: 29.9338%;\">Bater\u00eda<\/td>\n<td style=\"padding-left: 20px; padding-right: 5px; width: 70.0662%;\">Energ\u00eda eficiente \u2013 suficiente bater\u00eda para una jornada profesional de teletrabajo<\/td>\n<\/tr>\n<tr>\n<td style=\"padding-left: 20px; width: 29.9338%;\">Sistema Operativo<\/td>\n<td style=\"padding-left: 20px; padding-right: 5px; width: 70.0662%;\"><span style=\"color: #99cc00;\"><strong><a style=\"color: #99cc00;\" href=\"https:\/\/www.pcmadrid.es\/tienda\/categoria-producto\/licencias-programas\/\">Windows 11 PRO y Office 2021 Pro<\/a><\/strong><\/span>, preinstalado listo para usar<\/td>\n<\/tr>\n<tr>\n<td style=\"padding-left: 20px; width: 29.9338%;\">Dise\u00f1o<\/td>\n<td style=\"padding-left: 20px; padding-right: 5px; width: 70.0662%;\">Dise\u00f1o con esquinas redondeadas para una experiencia m\u00e1s segura<\/td>\n<\/tr>\n<tr>\n<td style=\"padding-left: 20px; width: 29.9338%;\">Dimensiones<\/td>\n<td style=\"padding-left: 20px; padding-right: 5px; width: 70.0662%;\">358 x 242 x 19.9 mm \/ 1,74 kg (incl. bater\u00eda)<\/td>\n<\/tr>\n<\/tbody>\n<\/table>\n<h3><span style=\"color: #99cc00;\">Beneficios Claves: Rendimiento confiable y r\u00e1pido para multitarea. Conectividad avanzada y visualizaci\u00f3n n\u00edtida.<\/span><\/h3>\n<p style=\"text-align: justify;\">El procesador Intel Core i3 de 12\u00aa generaci\u00f3n, junto con una memoria de 8 a 16 RAM, permite realizar m\u00faltiples tareas con fluidez y sin interrupciones. Este port\u00e1til se adapta a las necesidades de trabajo y estudio, asegurando una experiencia \u00e1gil en aplicaciones y programas, ideal para el teletrabajo y proyectos empresariales. La unidad SSD de 256 hasta 512 GB acelera el tiempo de inicio y carga, optimizando la productividad.<\/p>\n<p style=\"text-align: justify;\">Con su pantalla Full HD de 15.6 pulgadas y gr\u00e1ficos Intel UHD, el HP 250 G9 ofrece una experiencia visual clara y detallada, perfecta para videollamadas, multimedia y tareas de dise\u00f1o ligero. Adem\u00e1s, con Wi-Fi 6 y Bluetooth 5.0, este port\u00e1til garantiza conexiones r\u00e1pidas y estables, facilitando el trabajo en red y la sincronizaci\u00f3n con dispositivos perif\u00e9ricos para una experiencia de usuario sin interrupciones.<\/p>\n<h3><span style=\"color: #99cc00;\">Garant\u00eda y soporte: Seguridad para tus necesidades<\/span><\/h3>\n<p>Incluye una garant\u00eda de 3 a\u00f1os para asegurar que tu inversi\u00f3n est\u00e9 protegida. Adem\u00e1s, ofrecemos <a href=\"https:\/\/www.pcmadrid.es\/tienda\/categoria-producto\/reparaciones\/\"><span style=\"color: #99cc00;\">soporte t\u00e9cnico especializado<\/span><\/a> para garantizar el \u00f3ptimo funcionamiento de tu equipo.<\/p>\n","protected":false},"excerpt":{"rendered":"<p style=\"text-align: justify;\">Port\u00e1til Teletrabajo HP 250 <span style=\"color: #99cc00;\"><strong><a style=\"color: #99cc00;\" href=\"https:\/\/ark.intel.com\/content\/www\/xl\/es\/ark\/products\/226263\/intel-core-i3-1215u-processor-10m-cache-up-to-4-40-ghz.html\">i3 12\u00aa Gen<\/a><\/strong><\/span> Gen, potente y vers\u00e1til a buen precio. Con pantalla de 15.6&#8243;, procesador Intel i3 de 12\u00aa generaci\u00f3n, 8 a 16GB de RAM y 256 a 512GB SSD configurable. Combina rendimiento y eficiencia en un dise\u00f1o muy duradero a la vez ligero y fino. Ideal para oficina, teletrabajo o entretenimiento por su gran autonom\u00eda con bater\u00eda de larga duraci\u00f3n y una amplia pantalla para que puedas navegar y completar tareas con rapidez.<\/p>\n","protected":false},"featured_media":11071,"comment_status":"open","ping_status":"closed","template":"","meta":{"_et_pb_use_builder":"","_et_pb_old_content":"","_et_gb_content_width":""},"product_brand":[],"product_cat":[412,92,65],"product_tag":[206,207],"class_list":{"0":"post-7924","1":"product","2":"type-product","3":"status-publish","4":"has-post-thumbnail","6":"product_cat-portatiles-de-oficina","7":"product_cat-portatiles-windows","8":"product_cat-todos","9":"product_tag-hp-i3-teletrabajo","10":"product_tag-portatil-para-teletrabajo","12":"first","13":"instock","14":"taxable","15":"shipping-taxable","16":"purchasable","17":"product-type-variable","18":"has-default-attributes"},"yoast_head":"<!-- This site is optimized with the Yoast SEO plugin v26.5 - https:\/\/yoast.com\/wordpress\/plugins\/seo\/ -->\n<title>Port\u00e1til Teletrabajo HP 250 G9 (i3 12\u00aa Gen, 8-16GB RAM, 256-512GB SSD) |<\/title>\n<meta name=\"description\" content=\"Port\u00e1til para teletrabajo HP 250 G9 i3 12\u00aa Gen, potente y vers\u00e1til a buen precio. Listo para trabajar o para entretenimiento por su alto rendimiento\" \/>\n<meta name=\"robots\" content=\"index, follow, max-snippet:-1, max-image-preview:large, max-video-preview:-1\" \/>\n<link rel=\"canonical\" href=\"https:\/\/www.pcmadrid.es\/tienda\/producto\/portatil-teletrabajo-hp-250-g9-i3-12a-gen\/\" \/>\n<meta name=\"twitter:label1\" content=\"Tiempo de lectura\" \/>\n\t<meta name=\"twitter:data1\" content=\"5 minutos\" \/>\n<script type=\"application\/ld+json\" class=\"yoast-schema-graph\">{\"@context\":\"https:\/\/schema.org\",\"@graph\":[{\"@type\":\"WebPage\",\"@id\":\"https:\/\/www.pcmadrid.es\/tienda\/producto\/portatil-teletrabajo-hp-250-g9-i3-12a-gen\/\",\"url\":\"https:\/\/www.pcmadrid.es\/tienda\/producto\/portatil-teletrabajo-hp-250-g9-i3-12a-gen\/\",\"name\":\"Port\u00e1til Teletrabajo HP 250 G9 (i3 12\u00aa Gen, 8-16GB RAM, 256-512GB SSD) |\",\"isPartOf\":{\"@id\":\"https:\/\/www.pcmadrid.es\/tienda\/#website\"},\"primaryImageOfPage\":{\"@id\":\"https:\/\/www.pcmadrid.es\/tienda\/producto\/portatil-teletrabajo-hp-250-g9-i3-12a-gen\/#primaryimage\"},\"image\":{\"@id\":\"https:\/\/www.pcmadrid.es\/tienda\/producto\/portatil-teletrabajo-hp-250-g9-i3-12a-gen\/#primaryimage\"},\"thumbnailUrl\":\"https:\/\/i0.wp.com\/www.pcmadrid.es\/tienda\/wp-content\/uploads\/2021\/01\/art_hpp-pro-6f1z7ea_1.jpg?fit=800%2C800&ssl=1\",\"datePublished\":\"2021-01-30T21:01:05+00:00\",\"dateModified\":\"2026-02-17T09:55:02+00:00\",\"description\":\"Port\u00e1til para teletrabajo HP 250 G9 i3 12\u00aa Gen, potente y vers\u00e1til a buen precio. Listo para trabajar o para entretenimiento por su alto rendimiento\",\"breadcrumb\":{\"@id\":\"https:\/\/www.pcmadrid.es\/tienda\/producto\/portatil-teletrabajo-hp-250-g9-i3-12a-gen\/#breadcrumb\"},\"inLanguage\":\"es\",\"potentialAction\":[{\"@type\":\"ReadAction\",\"target\":[\"https:\/\/www.pcmadrid.es\/tienda\/producto\/portatil-teletrabajo-hp-250-g9-i3-12a-gen\/\"]}]},{\"@type\":\"ImageObject\",\"inLanguage\":\"es\",\"@id\":\"https:\/\/www.pcmadrid.es\/tienda\/producto\/portatil-teletrabajo-hp-250-g9-i3-12a-gen\/#primaryimage\",\"url\":\"https:\/\/i0.wp.com\/www.pcmadrid.es\/tienda\/wp-content\/uploads\/2021\/01\/art_hpp-pro-6f1z7ea_1.jpg?fit=800%2C800&ssl=1\",\"contentUrl\":\"https:\/\/i0.wp.com\/www.pcmadrid.es\/tienda\/wp-content\/uploads\/2021\/01\/art_hpp-pro-6f1z7ea_1.jpg?fit=800%2C800&ssl=1\",\"width\":800,\"height\":800},{\"@type\":\"BreadcrumbList\",\"@id\":\"https:\/\/www.pcmadrid.es\/tienda\/producto\/portatil-teletrabajo-hp-250-g9-i3-12a-gen\/#breadcrumb\",\"itemListElement\":[{\"@type\":\"ListItem\",\"position\":1,\"name\":\"Portada\",\"item\":\"https:\/\/www.pcmadrid.es\/tienda\/\"},{\"@type\":\"ListItem\",\"position\":2,\"name\":\"Todos los productos\",\"item\":\"https:\/\/www.pcmadrid.es\/tienda\/todos-los-productos\/\"},{\"@type\":\"ListItem\",\"position\":3,\"name\":\"Port\u00e1til Teletrabajo HP 250 G9 (i3 12\u00aa Gen, 8-16GB RAM, 256-512GB SSD)\"}]},{\"@type\":\"WebSite\",\"@id\":\"https:\/\/www.pcmadrid.es\/tienda\/#website\",\"url\":\"https:\/\/www.pcmadrid.es\/tienda\/\",\"name\":\"Tienda PCMADRID\",\"description\":\"Venta y reparaciones de ordenadores\",\"publisher\":{\"@id\":\"https:\/\/www.pcmadrid.es\/tienda\/#organization\"},\"potentialAction\":[{\"@type\":\"SearchAction\",\"target\":{\"@type\":\"EntryPoint\",\"urlTemplate\":\"https:\/\/www.pcmadrid.es\/tienda\/?s={search_term_string}\"},\"query-input\":{\"@type\":\"PropertyValueSpecification\",\"valueRequired\":true,\"valueName\":\"search_term_string\"}}],\"inLanguage\":\"es\"},{\"@type\":\"Organization\",\"@id\":\"https:\/\/www.pcmadrid.es\/tienda\/#organization\",\"name\":\"PCMADRID\",\"url\":\"https:\/\/www.pcmadrid.es\/tienda\/\",\"logo\":{\"@type\":\"ImageObject\",\"inLanguage\":\"es\",\"@id\":\"https:\/\/www.pcmadrid.es\/tienda\/#\/schema\/logo\/image\/\",\"url\":\"https:\/\/i0.wp.com\/www.pcmadrid.es\/tienda\/wp-content\/uploads\/2019\/10\/pcmadridlogo..png?fit=750%2C300&ssl=1\",\"contentUrl\":\"https:\/\/i0.wp.com\/www.pcmadrid.es\/tienda\/wp-content\/uploads\/2019\/10\/pcmadridlogo..png?fit=750%2C300&ssl=1\",\"width\":750,\"height\":300,\"caption\":\"PCMADRID\"},\"image\":{\"@id\":\"https:\/\/www.pcmadrid.es\/tienda\/#\/schema\/logo\/image\/\"},\"sameAs\":[\"https:\/\/www.facebook.com\/pcmadridinformatica\",\"https:\/\/x.com\/pc_madrid\",\"https:\/\/www.youtube.com\/channel\/UCIbQq9k6BBrU5x2wqDIHr7A\",\"https:\/\/www.instagram.com\/pcmadrid_informatica\/?hl=es\",\"https:\/\/www.linkedin.com\/company\/9348326\/admin\/\",\"https:\/\/www.pinterest.es\/pcmadrid_informatica\/\"]}]}<\/script>\n<!-- \/ Yoast SEO plugin. -->","yoast_head_json":{"title":"Port\u00e1til Teletrabajo HP 250 G9 (i3 12\u00aa Gen, 8-16GB RAM, 256-512GB SSD) |","description":"Port\u00e1til para teletrabajo HP 250 G9 i3 12\u00aa Gen, potente y vers\u00e1til a buen precio. Listo para trabajar o para entretenimiento por su alto rendimiento","robots":{"index":"index","follow":"follow","max-snippet":"max-snippet:-1","max-image-preview":"max-image-preview:large","max-video-preview":"max-video-preview:-1"},"canonical":"https:\/\/www.pcmadrid.es\/tienda\/producto\/portatil-teletrabajo-hp-250-g9-i3-12a-gen\/","twitter_misc":{"Tiempo de lectura":"5 minutos"},"schema":{"@context":"https:\/\/schema.org","@graph":[{"@type":"WebPage","@id":"https:\/\/www.pcmadrid.es\/tienda\/producto\/portatil-teletrabajo-hp-250-g9-i3-12a-gen\/","url":"https:\/\/www.pcmadrid.es\/tienda\/producto\/portatil-teletrabajo-hp-250-g9-i3-12a-gen\/","name":"Port\u00e1til Teletrabajo HP 250 G9 (i3 12\u00aa Gen, 8-16GB RAM, 256-512GB SSD) |","isPartOf":{"@id":"https:\/\/www.pcmadrid.es\/tienda\/#website"},"primaryImageOfPage":{"@id":"https:\/\/www.pcmadrid.es\/tienda\/producto\/portatil-teletrabajo-hp-250-g9-i3-12a-gen\/#primaryimage"},"image":{"@id":"https:\/\/www.pcmadrid.es\/tienda\/producto\/portatil-teletrabajo-hp-250-g9-i3-12a-gen\/#primaryimage"},"thumbnailUrl":"https:\/\/i0.wp.com\/www.pcmadrid.es\/tienda\/wp-content\/uploads\/2021\/01\/art_hpp-pro-6f1z7ea_1.jpg?fit=800%2C800&ssl=1","datePublished":"2021-01-30T21:01:05+00:00","dateModified":"2026-02-17T09:55:02+00:00","description":"Port\u00e1til para teletrabajo HP 250 G9 i3 12\u00aa Gen, potente y vers\u00e1til a buen precio. Listo para trabajar o para entretenimiento por su alto rendimiento","breadcrumb":{"@id":"https:\/\/www.pcmadrid.es\/tienda\/producto\/portatil-teletrabajo-hp-250-g9-i3-12a-gen\/#breadcrumb"},"inLanguage":"es","potentialAction":[{"@type":"ReadAction","target":["https:\/\/www.pcmadrid.es\/tienda\/producto\/portatil-teletrabajo-hp-250-g9-i3-12a-gen\/"]}]},{"@type":"ImageObject","inLanguage":"es","@id":"https:\/\/www.pcmadrid.es\/tienda\/producto\/portatil-teletrabajo-hp-250-g9-i3-12a-gen\/#primaryimage","url":"https:\/\/i0.wp.com\/www.pcmadrid.es\/tienda\/wp-content\/uploads\/2021\/01\/art_hpp-pro-6f1z7ea_1.jpg?fit=800%2C800&ssl=1","contentUrl":"https:\/\/i0.wp.com\/www.pcmadrid.es\/tienda\/wp-content\/uploads\/2021\/01\/art_hpp-pro-6f1z7ea_1.jpg?fit=800%2C800&ssl=1","width":800,"height":800},{"@type":"BreadcrumbList","@id":"https:\/\/www.pcmadrid.es\/tienda\/producto\/portatil-teletrabajo-hp-250-g9-i3-12a-gen\/#breadcrumb","itemListElement":[{"@type":"ListItem","position":1,"name":"Portada","item":"https:\/\/www.pcmadrid.es\/tienda\/"},{"@type":"ListItem","position":2,"name":"Todos los productos","item":"https:\/\/www.pcmadrid.es\/tienda\/todos-los-productos\/"},{"@type":"ListItem","position":3,"name":"Port\u00e1til Teletrabajo HP 250 G9 (i3 12\u00aa Gen, 8-16GB RAM, 256-512GB SSD)"}]},{"@type":"WebSite","@id":"https:\/\/www.pcmadrid.es\/tienda\/#website","url":"https:\/\/www.pcmadrid.es\/tienda\/","name":"Tienda PCMADRID","description":"Venta y reparaciones de ordenadores","publisher":{"@id":"https:\/\/www.pcmadrid.es\/tienda\/#organization"},"potentialAction":[{"@type":"SearchAction","target":{"@type":"EntryPoint","urlTemplate":"https:\/\/www.pcmadrid.es\/tienda\/?s={search_term_string}"},"query-input":{"@type":"PropertyValueSpecification","valueRequired":true,"valueName":"search_term_string"}}],"inLanguage":"es"},{"@type":"Organization","@id":"https:\/\/www.pcmadrid.es\/tienda\/#organization","name":"PCMADRID","url":"https:\/\/www.pcmadrid.es\/tienda\/","logo":{"@type":"ImageObject","inLanguage":"es","@id":"https:\/\/www.pcmadrid.es\/tienda\/#\/schema\/logo\/image\/","url":"https:\/\/i0.wp.com\/www.pcmadrid.es\/tienda\/wp-content\/uploads\/2019\/10\/pcmadridlogo..png?fit=750%2C300&ssl=1","contentUrl":"https:\/\/i0.wp.com\/www.pcmadrid.es\/tienda\/wp-content\/uploads\/2019\/10\/pcmadridlogo..png?fit=750%2C300&ssl=1","width":750,"height":300,"caption":"PCMADRID"},"image":{"@id":"https:\/\/www.pcmadrid.es\/tienda\/#\/schema\/logo\/image\/"},"sameAs":["https:\/\/www.facebook.com\/pcmadridinformatica","https:\/\/x.com\/pc_madrid","https:\/\/www.youtube.com\/channel\/UCIbQq9k6BBrU5x2wqDIHr7A","https:\/\/www.instagram.com\/pcmadrid_informatica\/?hl=es","https:\/\/www.linkedin.com\/company\/9348326\/admin\/","https:\/\/www.pinterest.es\/pcmadrid_informatica\/"]}]}},"jetpack_sharing_enabled":true,"_links":{"self":[{"href":"https:\/\/www.pcmadrid.es\/tienda\/wp-json\/wp\/v2\/product\/7924","targetHints":{"allow":["GET"]}}],"collection":[{"href":"https:\/\/www.pcmadrid.es\/tienda\/wp-json\/wp\/v2\/product"}],"about":[{"href":"https:\/\/www.pcmadrid.es\/tienda\/wp-json\/wp\/v2\/types\/product"}],"replies":[{"embeddable":true,"href":"https:\/\/www.pcmadrid.es\/tienda\/wp-json\/wp\/v2\/comments?post=7924"}],"wp:featuredmedia":[{"embeddable":true,"href":"https:\/\/www.pcmadrid.es\/tienda\/wp-json\/wp\/v2\/media\/11071"}],"wp:attachment":[{"href":"https:\/\/www.pcmadrid.es\/tienda\/wp-json\/wp\/v2\/media?parent=7924"}],"wp:term":[{"taxonomy":"product_brand","embeddable":true,"href":"https:\/\/www.pcmadrid.es\/tienda\/wp-json\/wp\/v2\/product_brand?post=7924"},{"taxonomy":"product_cat","embeddable":true,"href":"https:\/\/www.pcmadrid.es\/tienda\/wp-json\/wp\/v2\/product_cat?post=7924"},{"taxonomy":"product_tag","embeddable":true,"href":"https:\/\/www.pcmadrid.es\/tienda\/wp-json\/wp\/v2\/product_tag?post=7924"}],"curies":[{"name":"wp","href":"https:\/\/api.w.org\/{rel}","templated":true}]}}