{"id":8641,"date":"2021-05-14T22:18:41","date_gmt":"2021-05-14T20:18:41","guid":{"rendered":"https:\/\/www.pcmadrid.es\/tienda\/?post_type=product&#038;p=8641"},"modified":"2024-05-22T23:42:50","modified_gmt":"2024-05-22T21:42:50","slug":"ordenador-de-oficina-basico-intel-celeron","status":"publish","type":"product","link":"https:\/\/www.pcmadrid.es\/tienda\/producto\/ordenador-de-oficina-basico-intel-celeron\/","title":{"rendered":"Ordenador de Oficina Intel Celeron Esencial"},"content":{"rendered":"<p style=\"text-align: left;\">Este ordenador de oficina est\u00e1 equipado con un procesador de la serie G de Intel\u00ae Celeron\u00ae, lo que lo hace ideal para trabajar desde casa a bajo coste. A pesar de contar con componentes de gama de entrada, su calidad est\u00e1 avalada por las mejores marcas del mercado, y viene con una garant\u00eda de 3 a\u00f1os. Adem\u00e1s, cuenta con el procesador Intel Celeron G5905 y un disco duro SSD NVMe que garantizan un rendimiento \u00f3ptimo. El equipo viene con Windows 11 instalado y actualizado, lo que permite empezar a utilizarlo desde el primer momento.<\/p>\n<h2 style=\"text-align: center;\"><span style=\"color: #99cc00;\"><strong>Ordenador de oficina esencial con Intel Celeron G5905 y SSD NVMe<\/strong><\/span><\/h2>\n<p style=\"text-align: left;\">Este ordenador de oficina b\u00e1sico es ideal para empresas que buscan un equipo de oficina vers\u00e1til al mejor precio. Equipado con el procesador Intel Celeron G5920, puedes personalizarlo seg\u00fan tus necesidades. Elige la cantidad de memoria RAM y el espacio de almacenamiento en el disco duro principal, o incluso a\u00f1ade un disco secundario para guardar tus datos. Tambi\u00e9n puedes agregar una tarjeta WiFi para conectarte a internet de manera inal\u00e1mbrica o un lector de DVD si lo necesitas. Todo esto viene con licencia Windows 11 Profesional original y Office 2021 Profesional incluidas en el precio del equipo para que puedas empezar a trabajar de inmediato.<\/p>\n<h3 style=\"text-align: center;\"><span style=\"color: #99cc00;\"><strong>Detalles del Ordenador de oficina b\u00e1sico Intel G5920<\/strong><\/span><\/h3>\n<ul>\n<li>Procesador de d\u00e9cima generaci\u00f3n<a href=\"https:\/\/www.intel.es\/content\/www\/es\/es\/products\/sku\/201899\/intel-celeron-processor-g5905-4m-cache-3-50-ghz\/specifications.html\"> Intel\u00ae Celeron\u00ae Processor G5905<\/a> (2 n\u00facleos, 3.50GHz)<\/li>\n<li>Placa base GIGABYTE H410M (U otros fabricantes si no existe disponibilidad o por preferencia del cliente)<\/li>\n<li>Gr\u00e1ficos integrados Intel\u00ae UHD Graphics 610.<\/li>\n<li>Memoria RAM DDR4 8 o 16GB a elegir.<\/li>\n<li>Disco duro SSD NVMe a elegir entre varios tama\u00f1os.<\/li>\n<li>Fuente de alimentaci\u00f3n ATX 500W.<\/li>\n<li>Almacenamiento \u00f3ptico RWDVD a elecci\u00f3n del cliente.<\/li>\n<li>Caja mini-torre TACENS Anima<\/li>\n<li>Sistema Operativo: <a href=\"https:\/\/www.pcmadrid.es\/tienda\/producto\/microsoft-windows-11-pro-licencia-digital\/\">Microsoft Windows 11 Pro 64bits<\/a><\/li>\n<li>Montaje, testeo, instalaci\u00f3n de sistema, drivers, pack de programas, configuraci\u00f3n y optimizaci\u00f3n de BIOS.<\/li>\n<li>Garant\u00eda de 3 a\u00f1os.<\/li>\n<li>Tiempo de montaje y env\u00edo 2 a 5 d\u00edas laborables desde fecha de pedido.<\/li>\n<\/ul>\n<p>&nbsp;<\/p>\n<h3 style=\"text-align: center;\"><span style=\"color: #99cc00;\"><strong>Caracter\u00edsticas del Ordenador profesional barato con Intel Celeron<\/strong><\/span><\/h3>\n<p>&nbsp;<\/p>\n<ul>\n<li>\n<h3><strong>Procesador Intel Celeron G5905\u00a0 <img data-recalc-dims=\"1\" loading=\"lazy\" decoding=\"async\" class=\"wp-image-8645 alignright\" src=\"https:\/\/i0.wp.com\/www.pcmadrid.es\/tienda\/wp-content\/uploads\/2021\/05\/Celeron.jpg?resize=290%2C290&#038;ssl=1\" alt=\"Intel Celeron procesador barato\" width=\"290\" height=\"290\" srcset=\"https:\/\/i0.wp.com\/www.pcmadrid.es\/tienda\/wp-content\/uploads\/2021\/05\/Celeron.jpg?w=800&amp;ssl=1 800w, https:\/\/i0.wp.com\/www.pcmadrid.es\/tienda\/wp-content\/uploads\/2021\/05\/Celeron.jpg?resize=300%2C300&amp;ssl=1 300w, https:\/\/i0.wp.com\/www.pcmadrid.es\/tienda\/wp-content\/uploads\/2021\/05\/Celeron.jpg?resize=150%2C150&amp;ssl=1 150w, https:\/\/i0.wp.com\/www.pcmadrid.es\/tienda\/wp-content\/uploads\/2021\/05\/Celeron.jpg?resize=768%2C768&amp;ssl=1 768w, https:\/\/i0.wp.com\/www.pcmadrid.es\/tienda\/wp-content\/uploads\/2021\/05\/Celeron.jpg?resize=65%2C65&amp;ssl=1 65w, https:\/\/i0.wp.com\/www.pcmadrid.es\/tienda\/wp-content\/uploads\/2021\/05\/Celeron.jpg?resize=600%2C600&amp;ssl=1 600w, https:\/\/i0.wp.com\/www.pcmadrid.es\/tienda\/wp-content\/uploads\/2021\/05\/Celeron.jpg?resize=100%2C100&amp;ssl=1 100w\" sizes=\"(max-width: 290px) 100vw, 290px\" \/><\/strong><\/h3>\n<\/li>\n<\/ul>\n<p><strong>Rendimiento<\/strong><\/p>\n<ul>\n<li>N\u00facleos: 2<\/li>\n<li>Hilos: 2<\/li>\n<li>Frecuencia base del procesador: 3,50 GHz<\/li>\n<li>Cach\u00e9: 4 MB Intel\u00ae Smart Cache<\/li>\n<li>Velocidad del bus: 8 GT\/s<\/li>\n<li>TDP: 58 W<\/li>\n<\/ul>\n<p>&nbsp;<\/p>\n<ul>\n<li>\n<h3><strong>Caja Tacens ANIMA\u00a0 <img data-recalc-dims=\"1\" loading=\"lazy\" decoding=\"async\" class=\" wp-image-10700 alignright\" src=\"https:\/\/i0.wp.com\/www.pcmadrid.es\/tienda\/wp-content\/uploads\/2021\/05\/art_tac-caja-anima-ac6_3.jpg?resize=445%2C445&#038;ssl=1\" alt=\"\" width=\"445\" height=\"445\" srcset=\"https:\/\/i0.wp.com\/www.pcmadrid.es\/tienda\/wp-content\/uploads\/2021\/05\/art_tac-caja-anima-ac6_3.jpg?w=800&amp;ssl=1 800w, https:\/\/i0.wp.com\/www.pcmadrid.es\/tienda\/wp-content\/uploads\/2021\/05\/art_tac-caja-anima-ac6_3.jpg?resize=300%2C300&amp;ssl=1 300w, https:\/\/i0.wp.com\/www.pcmadrid.es\/tienda\/wp-content\/uploads\/2021\/05\/art_tac-caja-anima-ac6_3.jpg?resize=150%2C150&amp;ssl=1 150w, https:\/\/i0.wp.com\/www.pcmadrid.es\/tienda\/wp-content\/uploads\/2021\/05\/art_tac-caja-anima-ac6_3.jpg?resize=768%2C768&amp;ssl=1 768w, https:\/\/i0.wp.com\/www.pcmadrid.es\/tienda\/wp-content\/uploads\/2021\/05\/art_tac-caja-anima-ac6_3.jpg?resize=65%2C65&amp;ssl=1 65w, https:\/\/i0.wp.com\/www.pcmadrid.es\/tienda\/wp-content\/uploads\/2021\/05\/art_tac-caja-anima-ac6_3.jpg?resize=600%2C600&amp;ssl=1 600w, https:\/\/i0.wp.com\/www.pcmadrid.es\/tienda\/wp-content\/uploads\/2021\/05\/art_tac-caja-anima-ac6_3.jpg?resize=100%2C100&amp;ssl=1 100w\" sizes=\"(max-width: 445px) 100vw, 445px\" \/><\/strong><\/h3>\n<\/li>\n<\/ul>\n<p>Caja simple y profesional que prescinde de colores y luces, con un dise\u00f1o minimalista perfecto para tu puesto de trabajo, evitando cualquier tipo de distracci\u00f3n. Se acomoda a la decoraci\u00f3n del lugar donde se encuentre, sin destacar, pero aun as\u00ed manteniendo buena est\u00e9tica. Dimensiones que se acomodan a una estaci\u00f3n de trabajo normal, nada de torres muy grandes que molestan debajo o encima del escritorio.<\/p>\n<p>Estas son las especificaciones de la caja ATX Tacens Anima mini-torre:<\/p>\n<ul>\n<li>Tipo Caja Mini Torre<\/li>\n<li>Conexiones delanteras:\n<ul>\n<li>USB 3.0 x 1<\/li>\n<li>USB 2.0 x 2<\/li>\n<li>Micr\u00f3fono<\/li>\n<li>Audio HD<\/li>\n<\/ul>\n<\/li>\n<li>Conexiones traseras:\n<ul>\n<li>Conexi\u00f3n PS2 x 2 (teclado\/rat\u00f3n)<\/li>\n<li>\u00a0VGA<\/li>\n<li>HDMI<\/li>\n<li>USB 2.0 x 4<\/li>\n<li>USB 3.1 x 2<\/li>\n<li>Ethernet RJ45 (10\/100\/1000)<\/li>\n<li>Microf\u00f3no<\/li>\n<li>Audio HD<\/li>\n<\/ul>\n<\/li>\n<li>Dimensiones 291x188x345mm<\/li>\n<\/ul>\n<p>&nbsp;<\/p>\n<p>&nbsp;<\/p>\n<p>&nbsp;<\/p>\n<p style=\"text-align: left;\">En\u00a0<strong>PCMADRID<\/strong> realizamos el montaje, testeo de componentes y la instalaci\u00f3n del sistema operativo Windows 11 Pro, realizando a su vez la instalaci\u00f3n de librer\u00edas, drivers, \u00faltimos parches disponibles, actualizaci\u00f3n y optimizaci\u00f3n de BIOS y perfiles OC de memoria RAM.<\/p>\n<p style=\"text-align: left;\">El ordenador queda listo para que el usuario instale sus programas o juegos y pueda disfrutar de su potencia y velocidad. Adem\u00e1s, con nuestra garant\u00eda de 2 a\u00f1os, podr\u00e1 disfrutar de la tranquilidad de disponer de soporte ante cualquier problema.<\/p>\n<p>&nbsp;<\/p>\n<h3 style=\"text-align: center;\"><span style=\"color: #99cc00;\"><strong>Ordenador de oficina esencial con Intel Celeron G5905 y SSD NVMe<\/strong><\/span><\/h3>\n","protected":false},"excerpt":{"rendered":"<p>Ordenador de oficina b\u00e1sico con el Intel\u00ae Celeron\u00ae G5905 y un dise\u00f1o sencillo perfecto para teletrabajar o puestos de trabajo en tus oficinas. Componentes de primeras marcas y personalizable: Elige qu\u00e9 opciones se acomodan mejor a tus necesidades.<\/p>\n","protected":false},"featured_media":10715,"comment_status":"open","ping_status":"closed","template":"","meta":{"_et_pb_use_builder":"","_et_pb_old_content":"","_et_gb_content_width":""},"product_brand":[],"product_cat":[379,94,65],"product_tag":[244,241,242,240,243],"class_list":{"0":"post-8641","1":"product","2":"type-product","3":"status-publish","4":"has-post-thumbnail","6":"product_cat-pc-oficina","7":"product_cat-pc-sobremesa","8":"product_cat-todos","9":"product_tag-barato","10":"product_tag-basico","11":"product_tag-oficina","12":"product_tag-ordenador","13":"product_tag-trabajo","15":"first","16":"instock","17":"taxable","18":"shipping-taxable","19":"purchasable","20":"product-type-variable","21":"has-default-attributes"},"yoast_head":"<!-- This site is optimized with the Yoast SEO plugin v26.5 - https:\/\/yoast.com\/wordpress\/plugins\/seo\/ -->\n<title>Ordenador de Oficina Intel Celeron Esencial | Tienda PCMADRID<\/title>\n<meta name=\"description\" content=\"Ordenador de oficina b\u00e1sico barato con Intel Celeron de 10\u00aa Generaci\u00f3n, caja simple y profesional para empresas y teletrabajo.\" \/>\n<meta name=\"robots\" content=\"index, follow, max-snippet:-1, max-image-preview:large, max-video-preview:-1\" \/>\n<link rel=\"canonical\" href=\"https:\/\/www.pcmadrid.es\/tienda\/producto\/ordenador-de-oficina-basico-intel-celeron\/\" \/>\n<meta name=\"twitter:label1\" content=\"Tiempo de lectura\" \/>\n\t<meta name=\"twitter:data1\" content=\"4 minutos\" \/>\n<script type=\"application\/ld+json\" class=\"yoast-schema-graph\">{\"@context\":\"https:\/\/schema.org\",\"@graph\":[{\"@type\":\"WebPage\",\"@id\":\"https:\/\/www.pcmadrid.es\/tienda\/producto\/ordenador-de-oficina-basico-intel-celeron\/\",\"url\":\"https:\/\/www.pcmadrid.es\/tienda\/producto\/ordenador-de-oficina-basico-intel-celeron\/\",\"name\":\"Ordenador de Oficina Intel Celeron Esencial | Tienda PCMADRID\",\"isPartOf\":{\"@id\":\"https:\/\/www.pcmadrid.es\/tienda\/#website\"},\"primaryImageOfPage\":{\"@id\":\"https:\/\/www.pcmadrid.es\/tienda\/producto\/ordenador-de-oficina-basico-intel-celeron\/#primaryimage\"},\"image\":{\"@id\":\"https:\/\/www.pcmadrid.es\/tienda\/producto\/ordenador-de-oficina-basico-intel-celeron\/#primaryimage\"},\"thumbnailUrl\":\"https:\/\/i0.wp.com\/www.pcmadrid.es\/tienda\/wp-content\/uploads\/2021\/05\/pcm-esencial-001.jpg?fit=600%2C600&ssl=1\",\"datePublished\":\"2021-05-14T20:18:41+00:00\",\"dateModified\":\"2024-05-22T21:42:50+00:00\",\"description\":\"Ordenador de oficina b\u00e1sico barato con Intel Celeron de 10\u00aa Generaci\u00f3n, caja simple y profesional para empresas y teletrabajo.\",\"breadcrumb\":{\"@id\":\"https:\/\/www.pcmadrid.es\/tienda\/producto\/ordenador-de-oficina-basico-intel-celeron\/#breadcrumb\"},\"inLanguage\":\"es\",\"potentialAction\":[{\"@type\":\"ReadAction\",\"target\":[\"https:\/\/www.pcmadrid.es\/tienda\/producto\/ordenador-de-oficina-basico-intel-celeron\/\"]}]},{\"@type\":\"ImageObject\",\"inLanguage\":\"es\",\"@id\":\"https:\/\/www.pcmadrid.es\/tienda\/producto\/ordenador-de-oficina-basico-intel-celeron\/#primaryimage\",\"url\":\"https:\/\/i0.wp.com\/www.pcmadrid.es\/tienda\/wp-content\/uploads\/2021\/05\/pcm-esencial-001.jpg?fit=600%2C600&ssl=1\",\"contentUrl\":\"https:\/\/i0.wp.com\/www.pcmadrid.es\/tienda\/wp-content\/uploads\/2021\/05\/pcm-esencial-001.jpg?fit=600%2C600&ssl=1\",\"width\":600,\"height\":600},{\"@type\":\"BreadcrumbList\",\"@id\":\"https:\/\/www.pcmadrid.es\/tienda\/producto\/ordenador-de-oficina-basico-intel-celeron\/#breadcrumb\",\"itemListElement\":[{\"@type\":\"ListItem\",\"position\":1,\"name\":\"Portada\",\"item\":\"https:\/\/www.pcmadrid.es\/tienda\/\"},{\"@type\":\"ListItem\",\"position\":2,\"name\":\"Todos los productos\",\"item\":\"https:\/\/www.pcmadrid.es\/tienda\/todos-los-productos\/\"},{\"@type\":\"ListItem\",\"position\":3,\"name\":\"Ordenador de Oficina Intel Celeron Esencial\"}]},{\"@type\":\"WebSite\",\"@id\":\"https:\/\/www.pcmadrid.es\/tienda\/#website\",\"url\":\"https:\/\/www.pcmadrid.es\/tienda\/\",\"name\":\"Tienda PCMADRID\",\"description\":\"Venta y reparaciones de ordenadores\",\"publisher\":{\"@id\":\"https:\/\/www.pcmadrid.es\/tienda\/#organization\"},\"potentialAction\":[{\"@type\":\"SearchAction\",\"target\":{\"@type\":\"EntryPoint\",\"urlTemplate\":\"https:\/\/www.pcmadrid.es\/tienda\/?s={search_term_string}\"},\"query-input\":{\"@type\":\"PropertyValueSpecification\",\"valueRequired\":true,\"valueName\":\"search_term_string\"}}],\"inLanguage\":\"es\"},{\"@type\":\"Organization\",\"@id\":\"https:\/\/www.pcmadrid.es\/tienda\/#organization\",\"name\":\"PCMADRID\",\"url\":\"https:\/\/www.pcmadrid.es\/tienda\/\",\"logo\":{\"@type\":\"ImageObject\",\"inLanguage\":\"es\",\"@id\":\"https:\/\/www.pcmadrid.es\/tienda\/#\/schema\/logo\/image\/\",\"url\":\"https:\/\/i0.wp.com\/www.pcmadrid.es\/tienda\/wp-content\/uploads\/2019\/10\/pcmadridlogo..png?fit=750%2C300&ssl=1\",\"contentUrl\":\"https:\/\/i0.wp.com\/www.pcmadrid.es\/tienda\/wp-content\/uploads\/2019\/10\/pcmadridlogo..png?fit=750%2C300&ssl=1\",\"width\":750,\"height\":300,\"caption\":\"PCMADRID\"},\"image\":{\"@id\":\"https:\/\/www.pcmadrid.es\/tienda\/#\/schema\/logo\/image\/\"},\"sameAs\":[\"https:\/\/www.facebook.com\/pcmadridinformatica\",\"https:\/\/x.com\/pc_madrid\",\"https:\/\/www.youtube.com\/channel\/UCIbQq9k6BBrU5x2wqDIHr7A\",\"https:\/\/www.instagram.com\/pcmadrid_informatica\/?hl=es\",\"https:\/\/www.linkedin.com\/company\/9348326\/admin\/\",\"https:\/\/www.pinterest.es\/pcmadrid_informatica\/\"]}]}<\/script>\n<!-- \/ Yoast SEO plugin. -->","yoast_head_json":{"title":"Ordenador de Oficina Intel Celeron Esencial | Tienda PCMADRID","description":"Ordenador de oficina b\u00e1sico barato con Intel Celeron de 10\u00aa Generaci\u00f3n, caja simple y profesional para empresas y teletrabajo.","robots":{"index":"index","follow":"follow","max-snippet":"max-snippet:-1","max-image-preview":"max-image-preview:large","max-video-preview":"max-video-preview:-1"},"canonical":"https:\/\/www.pcmadrid.es\/tienda\/producto\/ordenador-de-oficina-basico-intel-celeron\/","twitter_misc":{"Tiempo de lectura":"4 minutos"},"schema":{"@context":"https:\/\/schema.org","@graph":[{"@type":"WebPage","@id":"https:\/\/www.pcmadrid.es\/tienda\/producto\/ordenador-de-oficina-basico-intel-celeron\/","url":"https:\/\/www.pcmadrid.es\/tienda\/producto\/ordenador-de-oficina-basico-intel-celeron\/","name":"Ordenador de Oficina Intel Celeron Esencial | Tienda PCMADRID","isPartOf":{"@id":"https:\/\/www.pcmadrid.es\/tienda\/#website"},"primaryImageOfPage":{"@id":"https:\/\/www.pcmadrid.es\/tienda\/producto\/ordenador-de-oficina-basico-intel-celeron\/#primaryimage"},"image":{"@id":"https:\/\/www.pcmadrid.es\/tienda\/producto\/ordenador-de-oficina-basico-intel-celeron\/#primaryimage"},"thumbnailUrl":"https:\/\/i0.wp.com\/www.pcmadrid.es\/tienda\/wp-content\/uploads\/2021\/05\/pcm-esencial-001.jpg?fit=600%2C600&ssl=1","datePublished":"2021-05-14T20:18:41+00:00","dateModified":"2024-05-22T21:42:50+00:00","description":"Ordenador de oficina b\u00e1sico barato con Intel Celeron de 10\u00aa Generaci\u00f3n, caja simple y profesional para empresas y teletrabajo.","breadcrumb":{"@id":"https:\/\/www.pcmadrid.es\/tienda\/producto\/ordenador-de-oficina-basico-intel-celeron\/#breadcrumb"},"inLanguage":"es","potentialAction":[{"@type":"ReadAction","target":["https:\/\/www.pcmadrid.es\/tienda\/producto\/ordenador-de-oficina-basico-intel-celeron\/"]}]},{"@type":"ImageObject","inLanguage":"es","@id":"https:\/\/www.pcmadrid.es\/tienda\/producto\/ordenador-de-oficina-basico-intel-celeron\/#primaryimage","url":"https:\/\/i0.wp.com\/www.pcmadrid.es\/tienda\/wp-content\/uploads\/2021\/05\/pcm-esencial-001.jpg?fit=600%2C600&ssl=1","contentUrl":"https:\/\/i0.wp.com\/www.pcmadrid.es\/tienda\/wp-content\/uploads\/2021\/05\/pcm-esencial-001.jpg?fit=600%2C600&ssl=1","width":600,"height":600},{"@type":"BreadcrumbList","@id":"https:\/\/www.pcmadrid.es\/tienda\/producto\/ordenador-de-oficina-basico-intel-celeron\/#breadcrumb","itemListElement":[{"@type":"ListItem","position":1,"name":"Portada","item":"https:\/\/www.pcmadrid.es\/tienda\/"},{"@type":"ListItem","position":2,"name":"Todos los productos","item":"https:\/\/www.pcmadrid.es\/tienda\/todos-los-productos\/"},{"@type":"ListItem","position":3,"name":"Ordenador de Oficina Intel Celeron Esencial"}]},{"@type":"WebSite","@id":"https:\/\/www.pcmadrid.es\/tienda\/#website","url":"https:\/\/www.pcmadrid.es\/tienda\/","name":"Tienda PCMADRID","description":"Venta y reparaciones de ordenadores","publisher":{"@id":"https:\/\/www.pcmadrid.es\/tienda\/#organization"},"potentialAction":[{"@type":"SearchAction","target":{"@type":"EntryPoint","urlTemplate":"https:\/\/www.pcmadrid.es\/tienda\/?s={search_term_string}"},"query-input":{"@type":"PropertyValueSpecification","valueRequired":true,"valueName":"search_term_string"}}],"inLanguage":"es"},{"@type":"Organization","@id":"https:\/\/www.pcmadrid.es\/tienda\/#organization","name":"PCMADRID","url":"https:\/\/www.pcmadrid.es\/tienda\/","logo":{"@type":"ImageObject","inLanguage":"es","@id":"https:\/\/www.pcmadrid.es\/tienda\/#\/schema\/logo\/image\/","url":"https:\/\/i0.wp.com\/www.pcmadrid.es\/tienda\/wp-content\/uploads\/2019\/10\/pcmadridlogo..png?fit=750%2C300&ssl=1","contentUrl":"https:\/\/i0.wp.com\/www.pcmadrid.es\/tienda\/wp-content\/uploads\/2019\/10\/pcmadridlogo..png?fit=750%2C300&ssl=1","width":750,"height":300,"caption":"PCMADRID"},"image":{"@id":"https:\/\/www.pcmadrid.es\/tienda\/#\/schema\/logo\/image\/"},"sameAs":["https:\/\/www.facebook.com\/pcmadridinformatica","https:\/\/x.com\/pc_madrid","https:\/\/www.youtube.com\/channel\/UCIbQq9k6BBrU5x2wqDIHr7A","https:\/\/www.instagram.com\/pcmadrid_informatica\/?hl=es","https:\/\/www.linkedin.com\/company\/9348326\/admin\/","https:\/\/www.pinterest.es\/pcmadrid_informatica\/"]}]}},"jetpack_sharing_enabled":true,"_links":{"self":[{"href":"https:\/\/www.pcmadrid.es\/tienda\/wp-json\/wp\/v2\/product\/8641","targetHints":{"allow":["GET"]}}],"collection":[{"href":"https:\/\/www.pcmadrid.es\/tienda\/wp-json\/wp\/v2\/product"}],"about":[{"href":"https:\/\/www.pcmadrid.es\/tienda\/wp-json\/wp\/v2\/types\/product"}],"replies":[{"embeddable":true,"href":"https:\/\/www.pcmadrid.es\/tienda\/wp-json\/wp\/v2\/comments?post=8641"}],"wp:featuredmedia":[{"embeddable":true,"href":"https:\/\/www.pcmadrid.es\/tienda\/wp-json\/wp\/v2\/media\/10715"}],"wp:attachment":[{"href":"https:\/\/www.pcmadrid.es\/tienda\/wp-json\/wp\/v2\/media?parent=8641"}],"wp:term":[{"taxonomy":"product_brand","embeddable":true,"href":"https:\/\/www.pcmadrid.es\/tienda\/wp-json\/wp\/v2\/product_brand?post=8641"},{"taxonomy":"product_cat","embeddable":true,"href":"https:\/\/www.pcmadrid.es\/tienda\/wp-json\/wp\/v2\/product_cat?post=8641"},{"taxonomy":"product_tag","embeddable":true,"href":"https:\/\/www.pcmadrid.es\/tienda\/wp-json\/wp\/v2\/product_tag?post=8641"}],"curies":[{"name":"wp","href":"https:\/\/api.w.org\/{rel}","templated":true}]}}